000
CDUS43 KTOP 220634
CLITOP


CLIMATE REPORT
NATIONAL WEATHER SERVICE TOPEKA KS
134 AM CDT SAT AUG 22 2015


...................................

...THE TOPEKA KS CLIMATE SUMMARY FOR AUGUST 21 2015...

CLIMATE NORMAL PERIOD 1981 TO 2010
CLIMATE RECORD PERIOD 1887 TO 2015


WEATHER ITEM   OBSERVED TIME   RECORD YEAR NORMAL DEPARTURE LAST
                VALUE   (LST)  VALUE       VALUE  FROM      YEAR
                                                  NORMAL
..................................................................
TEMPERATURE (F)
 YESTERDAY
  MAXIMUM         84    235 PM 107    2003  88     -4       99
  MINIMUM         56    553 AM  45    1956  66    -10       79
  AVERAGE         70                        77     -7       89

PRECIPITATION (IN)
  YESTERDAY        0.00          1.74 1911   0.13  -0.13     0.00
  MONTH TO DATE    2.21                      2.86  -0.65     3.32
  SINCE JUN 1     17.76                     12.08   5.68    10.50
  SINCE JAN 1     32.35                     25.19   7.16    17.97

SNOWFALL (IN)
  YESTERDAY        0.0           0.0    MM   0.0    0.0      0.0
  MONTH TO DATE    0.0                       0.0    0.0       T
  SINCE JAN 1      7.9                      11.3   -3.4     23.1
  SINCE JUL 1      0.0                       0.0    0.0       T
  SNOW DEPTH       0

DEGREE DAYS
 HEATING
  YESTERDAY        0                         0      0        0
  MONTH TO DATE    0                         0      0        0
  SINCE JUN 1      0                         8     -8        0
  SINCE JUL 1      0                         0      0        0

 COOLING
  YESTERDAY        5                        12     -7       24
  MONTH TO DATE  251                       278    -27      293
  SINCE JUN 1   1065                       994     71      999
  SINCE JAN 1   1147                      1120     27     1216
..................................................................


WIND (MPH)
  HIGHEST WIND SPEED    21   HIGHEST WIND DIRECTION    SE (150)
  HIGHEST GUST SPEED    27   HIGHEST GUST DIRECTION    SE (150)
  AVERAGE WIND SPEED     9.8


SKY COVER
  AVERAGE SKY COVER 0.3


WEATHER CONDITIONS
 THE FOLLOWING WEATHER WAS RECORDED YESTERDAY.
  NO SIGNIFICANT WEATHER WAS OBSERVED.


RELATIVE HUMIDITY (PERCENT)
 HIGHEST    93           600 AM
 LOWEST     51           100 PM
 AVERAGE    72

..........................................................


THE TOPEKA KS CLIMATE NORMALS FOR TODAY
                         NORMAL    RECORD    YEAR
 MAXIMUM TEMPERATURE (F)   88       103      1936
 MINIMUM TEMPERATURE (F)   65        48      1889


SUNRISE AND SUNSET
AUGUST 22 2015........SUNRISE   642 AM CDT   SUNSET   808 PM CDT
AUGUST 23 2015........SUNRISE   643 AM CDT   SUNSET   807 PM CDT


-  INDICATES NEGATIVE NUMBERS.
R  INDICATES RECORD WAS SET OR TIED.
MM INDICATES DATA IS MISSING.
T  INDICATES TRACE AMOUNT.




$$
