697
CDUS43 KTOP 240633
CLITOP


CLIMATE REPORT
NATIONAL WEATHER SERVICE TOPEKA KS
132 AM CDT SUN SEP 24 2017


...................................

...THE TOPEKA KS CLIMATE SUMMARY FOR SEPTEMBER 23 2017...

CLIMATE NORMAL PERIOD 1981 TO 2010
CLIMATE RECORD PERIOD 1887 TO 2017


WEATHER ITEM   OBSERVED TIME   RECORD YEAR NORMAL DEPARTURE LAST
                VALUE   (LST)  VALUE       VALUE  FROM      YEAR
                                                  NORMAL
..................................................................
TEMPERATURE (F)
 YESTERDAY
  MAXIMUM         91    136 PM  97    1939  77     14       89
  MINIMUM         67    637 AM  29    1983  53     14       63
  AVERAGE         79                        65     14       76

PRECIPITATION (IN)
  YESTERDAY        0.00          5.61 2005   0.12  -0.12     0.00
  MONTH TO DATE    1.22                      2.82  -1.60     5.40
  SINCE SEP 1      1.22                      2.82  -1.60     5.40
  SINCE JAN 1     34.69                     29.39   5.30    38.29

SNOWFALL (IN)
  YESTERDAY        0.0           0.0    MM   0.0    0.0      0.0
  MONTH TO DATE    0.0                       0.0    0.0      0.0
  SINCE JAN 1      3.5                      11.3   -7.8      3.7
  SINCE JUL 1      T                         0.0    0.0       T
  SNOW DEPTH       0

DEGREE DAYS
 HEATING
  YESTERDAY        0                         3     -3        0
  MONTH TO DATE    5                        33    -28        0
  SINCE SEP 1      5                        33    -28        0
  SINCE JUL 1      5                        35    -30        0

 COOLING
  YESTERDAY       14                         4     10       11
  MONTH TO DATE  197                       145     52      229
  SINCE SEP 1    197                       145     52      229
  SINCE JAN 1   1387                      1373     14     1630
..................................................................


WIND (MPH)
  HIGHEST WIND SPEED    18   HIGHEST WIND DIRECTION    SE (140)
  HIGHEST GUST SPEED    25   HIGHEST GUST DIRECTION    SE (150)
  AVERAGE WIND SPEED     7.4


SKY COVER
  AVERAGE SKY COVER 0.0


WEATHER CONDITIONS
 THE FOLLOWING WEATHER WAS RECORDED YESTERDAY.
  NO SIGNIFICANT WEATHER WAS OBSERVED.


RELATIVE HUMIDITY (PERCENT)
 HIGHEST    97           300 AM
 LOWEST     47           300 PM
 AVERAGE    72

..........................................................


THE TOPEKA KS CLIMATE NORMALS FOR TODAY
                         NORMAL    RECORD    YEAR
 MAXIMUM TEMPERATURE (F)   77        93      1984
 MINIMUM TEMPERATURE (F)   53        31      1989


SUNRISE AND SUNSET
SEPTEMBER 24 2017.....SUNRISE   712 AM CDT   SUNSET   716 PM CDT
SEPTEMBER 25 2017.....SUNRISE   713 AM CDT   SUNSET   714 PM CDT


-  INDICATES NEGATIVE NUMBERS.
R  INDICATES RECORD WAS SET OR TIED.
MM INDICATES DATA IS MISSING.
T  INDICATES TRACE AMOUNT.




$$
