000
CDUS43 KTOP 280635
CLITOP


CLIMATE REPORT
NATIONAL WEATHER SERVICE TOPEKA KS
133 AM CDT THU APR 28 2016


...................................

...THE TOPEKA KS CLIMATE SUMMARY FOR APRIL 27 2016...

CLIMATE NORMAL PERIOD 1981 TO 2010
CLIMATE RECORD PERIOD 1887 TO 2016


WEATHER ITEM   OBSERVED TIME   RECORD YEAR NORMAL DEPARTURE LAST
                VALUE   (LST)  VALUE       VALUE  FROM      YEAR
                                                  NORMAL
..................................................................
TEMPERATURE (F)
 YESTERDAY
  MAXIMUM         70   1250 PM  93    1956  70      0       67
  MINIMUM         49   1159 PM  30    1967  48      1       40
  AVERAGE         60                        59      1       54

PRECIPITATION (IN)
  YESTERDAY        0.49          1.46 1983   0.14   0.35     0.00
  MONTH TO DATE    5.90                      3.10   2.80     2.40
  SINCE MAR 1      8.20                      5.59   2.61     3.17
  SINCE JAN 1      9.47                      7.77   1.70     5.16

SNOWFALL (IN)
  YESTERDAY        T   R         T    2012   0.0    0.0      0.0
                                      1920
  MONTH TO DATE    T                         0.3   -0.3      0.0
  SINCE JAN 1      3.7                      11.3   -7.6      7.9
  SINCE JUL 1      4.9                      17.8  -12.9     10.3
  SNOW DEPTH       0

DEGREE DAYS
 HEATING
  YESTERDAY        5                         7     -2       11
  MONTH TO DATE  180                       302   -122      207
  SINCE MAR 1    608                       930   -322      760
  SINCE JUL 1   3860                      4897  -1037     4761

 COOLING
  YESTERDAY        0                         1     -1        0
  MONTH TO DATE   15                        20     -5        5
  SINCE MAR 1     18                        23     -5        5
  SINCE JAN 1     18                        23     -5        5
..................................................................


WIND (MPH)
  HIGHEST WIND SPEED    35   HIGHEST WIND DIRECTION    NE (60)
  HIGHEST GUST SPEED    40   HIGHEST GUST DIRECTION    NE (60)
  AVERAGE WIND SPEED    11.4


SKY COVER
  AVERAGE SKY COVER 0.5


WEATHER CONDITIONS
 THE FOLLOWING WEATHER WAS RECORDED YESTERDAY.
  THUNDERSTORM
  HEAVY RAIN
  RAIN
  LIGHT RAIN
  HAIL
  FOG


RELATIVE HUMIDITY (PERCENT)
 HIGHEST    93           200 AM
 LOWEST     57           100 PM
 AVERAGE    75

..........................................................


THE TOPEKA KS CLIMATE NORMALS FOR TODAY
                         NORMAL    RECORD    YEAR
 MAXIMUM TEMPERATURE (F)   71        92      1910
 MINIMUM TEMPERATURE (F)   48        30      1979
                                             1965


SUNRISE AND SUNSET
APRIL 28 2016.........SUNRISE   627 AM CDT   SUNSET   813 PM CDT
APRIL 29 2016.........SUNRISE   626 AM CDT   SUNSET   814 PM CDT


-  INDICATES NEGATIVE NUMBERS.
R  INDICATES RECORD WAS SET OR TIED.
MM INDICATES DATA IS MISSING.
T  INDICATES TRACE AMOUNT.




$$
