000
CDUS43 KTOP 180631
CLITOP


CLIMATE REPORT
NATIONAL WEATHER SERVICE TOPEKA KS
131 AM CDT FRI APR 18 2014


...................................

...THE TOPEKA KS CLIMATE SUMMARY FOR APRIL 17 2014...

CLIMATE NORMAL PERIOD 1981 TO 2010
CLIMATE RECORD PERIOD 1887 TO 2014


WEATHER ITEM   OBSERVED TIME   RECORD YEAR NORMAL DEPARTURE LAST
                VALUE   (LST)  VALUE       VALUE  FROM      YEAR
                                                  NORMAL
..................................................................
TEMPERATURE (F)
 YESTERDAY
  MAXIMUM         54    521 PM  90    1954  67    -13       50
  MINIMUM         37    651 AM  27    1956  44     -7       44
                                      1907
  AVERAGE         46                        56    -10       47

PRECIPITATION (IN)
  YESTERDAY        0.00          2.10 1976   0.11  -0.11     0.68
  MONTH TO DATE    1.29                      1.83  -0.54     1.99
  SINCE MAR 1      2.02                      4.32  -2.30     4.00
  SINCE JAN 1      3.68                      6.50  -2.82     6.44

SNOWFALL (IN)
  YESTERDAY        0.0           T    1993   0.0    0.0      0.0
  MONTH TO DATE    0.1                       0.3   -0.2      0.0
  SINCE JAN 1     23.1                      11.3   11.8     23.9
  SINCE JUL 1     27.4                      17.8    9.6     29.3
  SNOW DEPTH       0

DEGREE DAYS
 HEATING
  YESTERDAY       19                        10      9       18
  MONTH TO DATE  242                       215     27      261
  SINCE MAR 1    952                       843    109     1025
  SINCE JUL 1   5274                      4810    464     4582

 COOLING
  YESTERDAY        0                         1     -1        0
  MONTH TO DATE    5                        10     -5        0
  SINCE MAR 1      5                        13     -8        0
  SINCE JAN 1      5                        13     -8        0
..................................................................


WIND (MPH)
  HIGHEST WIND SPEED    15   HIGHEST WIND DIRECTION     N (20)
  HIGHEST GUST SPEED    21   HIGHEST GUST DIRECTION     N (350)
  AVERAGE WIND SPEED     6.3


SKY COVER
  AVERAGE SKY COVER 0.2


WEATHER CONDITIONS
 THE FOLLOWING WEATHER WAS RECORDED YESTERDAY.
  HAZE


RELATIVE HUMIDITY (PERCENT)
 HIGHEST    79          1100 PM
 LOWEST     46           600 PM
 AVERAGE    63

..........................................................


THE TOPEKA KS CLIMATE NORMALS FOR TODAY
                         NORMAL    RECORD    YEAR
 MAXIMUM TEMPERATURE (F)   68        92      1948
 MINIMUM TEMPERATURE (F)   44        30      1961


SUNRISE AND SUNSET
APRIL 18 2014.........SUNRISE   642 AM CDT   SUNSET   803 PM CDT
APRIL 19 2014.........SUNRISE   640 AM CDT   SUNSET   804 PM CDT


-  INDICATES NEGATIVE NUMBERS.
R  INDICATES RECORD WAS SET OR TIED.
MM INDICATES DATA IS MISSING.
T  INDICATES TRACE AMOUNT.




$$
