000
CDUS43 KTOP 230634
CLITOP


CLIMATE REPORT
NATIONAL WEATHER SERVICE TOPEKA KS
133 AM CDT MON MAY 23 2016


...................................

...THE TOPEKA KS CLIMATE SUMMARY FOR MAY 22 2016...

CLIMATE NORMAL PERIOD 1981 TO 2010
CLIMATE RECORD PERIOD 1887 TO 2016


WEATHER ITEM   OBSERVED TIME   RECORD YEAR NORMAL DEPARTURE LAST
                VALUE   (LST)  VALUE       VALUE  FROM      YEAR
                                                  NORMAL
..................................................................
TEMPERATURE (F)
 YESTERDAY
  MAXIMUM         82    410 PM  97    1975  78      4       65
  MINIMUM         56    505 AM  37    1963  56      0       46
  AVERAGE         69                        67      2       56

PRECIPITATION (IN)
  YESTERDAY        0.00          1.35 1918   0.16  -0.16     0.00
  MONTH TO DATE    3.82                      3.48   0.34     6.07
  SINCE MAR 1     13.04                      9.50   3.54     9.24
  SINCE JAN 1     14.31                     11.68   2.63    11.23

SNOWFALL (IN)
  YESTERDAY        0.0           T    1952   0.0    0.0      0.0
  MONTH TO DATE    T                         0.0    0.0      0.0
  SINCE JAN 1      3.7                      11.3   -7.6      7.9
  SINCE JUL 1      4.9                      17.8  -12.9     10.3
  SNOW DEPTH       0

DEGREE DAYS
 HEATING
  YESTERDAY        0                         2     -2        9
  MONTH TO DATE  113                        84     29       84
  SINCE MAR 1    750                      1034   -284      865
  SINCE JUL 1   4002                      5001   -999     4866

 COOLING
  YESTERDAY        4                         4      0        0
  MONTH TO DATE   22                        55    -33       52
  SINCE MAR 1     40                        83    -43       57
  SINCE JAN 1     40                        83    -43       57
..................................................................


WIND (MPH)
  HIGHEST WIND SPEED    23   HIGHEST WIND DIRECTION    SE (140)
  HIGHEST GUST SPEED    29   HIGHEST GUST DIRECTION    SE (140)
  AVERAGE WIND SPEED    11.0


SKY COVER
  AVERAGE SKY COVER 0.0


WEATHER CONDITIONS
 THE FOLLOWING WEATHER WAS RECORDED YESTERDAY.
  NO SIGNIFICANT WEATHER WAS OBSERVED.


RELATIVE HUMIDITY (PERCENT)
 HIGHEST    86           100 AM
 LOWEST     54           500 PM
 AVERAGE    70

..........................................................


THE TOPEKA KS CLIMATE NORMALS FOR TODAY
                         NORMAL    RECORD    YEAR
 MAXIMUM TEMPERATURE (F)   78        95      1939
 MINIMUM TEMPERATURE (F)   57        39      1963


SUNRISE AND SUNSET
MAY 23 2016...........SUNRISE   603 AM CDT   SUNSET   836 PM CDT
MAY 24 2016...........SUNRISE   602 AM CDT   SUNSET   837 PM CDT


-  INDICATES NEGATIVE NUMBERS.
R  INDICATES RECORD WAS SET OR TIED.
MM INDICATES DATA IS MISSING.
T  INDICATES TRACE AMOUNT.




$$
