000
CXUS54 KFWD 010730
CF6TRL
PRELIMINARY LOCAL CLIMATOLOGICAL DATA (WS FORM: F-6)
STATION: TERRELL
MONTH: MARCH
YEAR: 2020
LATITUDE: 32 42 N
LONGITUDE: 96 16 W
TEMPERATURE IN F: :PCPN: SNOW: WIND :SUNSHINE: SKY :PK WND
================================================================================
1 2 3 4 5 6A 6B 7 8 9 10 11 12 13 14 15 16 17 18
12Z AVG MX 2MIN
DY MAX MIN AVG DEP HDD CDD WTR SNW DPTH SPD SPD DIR MIN PSBL S-S WX SPD DR
================================================================================
1 73 57 65 12 0 0 T 0.0 0 14.8 28 210 M M 5 40 210
2 72 60 66 13 0 1 0.00 0.0 0 8.7 16 200 M M 6 12 21 200
3 69 55 62 8 3 0 T 0.0 0 5.0 13 40 M M 4 18 19 360
4 61 51 56 2 9 0 0.95 0.0 0 11.3 23 20 M M 10 13 30 30
5 72 41 57 3 8 0 0.01 0.0 0 7.0 14 330 M M 1 20 320
6 67 43 55 1 10 0 0.00 0.0 0 6.9 17 40 M M 0 8 22 20
7 63 42 53 -2 12 0 0.00 0.0 0 6.3 16 170 M M 0 8 19 130
8 71 44 58 3 7 0 0.00 0.0 0 11.6 22 170 M M 3 30 160
9 72 60 66 11 0 1 T 0.0 0 13.2 21 170 M M 7 1 27 150
10 79 53 66 11 0 1 0.00 0.0 0 4.6 14 220 M M 5 18 230
11 83 62 73 17 0 8 0.00 0.0 0 11.1 20 240 M M 4 1 26 220
12 82 66 74 18 0 9 T 0.0 0 11.0 22 210 M M 4 27 210
13 74 62 68 12 0 3 0.08 0.0 0 8.5 23 110 M M 8 1 30 110
14 75 55 65 9 0 0 0.02 0.0 0 8.7 20 180 M M 10 1 27 160
15 57 52 55 -1 10 0 T 0.0 0 9.9 16 80 M M 10 1 20 70
16 66 51 59 2 6 0 0.34 0.0 0 6.0 16 260 M M 7 18 21 270
17 74 58 66 9 0 1 0.12 0.0 0 6.5 10 140 M M M 18 15 120
18 80 67 74 17 0 9 0.78 0.0 0 12.0 22 170 M M M 1 28 150
19 79 64 72 14 0 7 0.50 0.0 0 12.4 26 170 M M M 13 32 170
20 66 45 56 -2 9 0 0.13 0.0 0 8.5 17 360 M M 9 13 25 330
21 60 43 52 -6 13 0 0.17 0.0 0 8.6 24 100 M M M 1 32 110
22 62 53 58 0 7 0 0.12 0.0 0 3.9 9 150 M M M 1 10 170
23 69 60 65 7 0 0 0.00 0.0 0 6.3 12 130 M M M 1 15 120
24 86 57 72 13 0 7 0.00 0.0 0 9.1 23 270 M M 4 1 33 270
25 86 53 70 11 0 5 0.00 0.0 0 7.7 17 160 M M 0 23 180
26 83 65 74 15 0 9 T 0.0 0 10.4 22 160 M M M 1 29 160
27 83 67 75 15 0 10 0.00 0.0 0 12.4 25 200 M M M 1 37 190
28 77 51 64 4 1 0 0.05 0.0 0 7.4 26 310 M M 3 138 46 310
29 72 48 60 0 5 0 0.00 0.0 0 4.1 12 50 M M 1 16 20
30 66 55 61 1 4 0 0.68 0.0 0 8.5 21 80 M M M 13 31 80
31 68 48 58 -3 7 0 0.00 0.0 0 7.4 20 360 M M M 29 320
================================================================================
SM 2247 1688 111 71 3.95 0.0 269.8 M 101
================================================================================
AV 72.5 54.5 8.7 FASTST M M 5 MAX(MPH)
MISC ----> # 28 210 # 46 310
================================================================================
NOTES:
# LAST OF SEVERAL OCCURRENCES
COLUMN 17 PEAK WIND IN M.P.H.
PRELIMINARY LOCAL CLIMATOLOGICAL DATA (WS FORM: F-6) , PAGE 2
STATION: TERRELL
MONTH: MARCH
YEAR: 2020
LATITUDE: 32 42 N
LONGITUDE: 96 16 W
[TEMPERATURE DATA] [PRECIPITATION DATA] SYMBOLS USED IN COLUMN 16
AVERAGE MONTHLY: 63.5 TOTAL FOR MONTH: 3.95 1 = FOG OR MIST
DPTR FM NORMAL: 6.7 DPTR FM NORMAL: 0.14 2 = FOG REDUCING VISIBILITY
HIGHEST: 86 ON 25,24 GRTST 24HR 0.95 ON 4- 4 TO 1/4 MILE OR LESS
LOWEST: 41 ON 5 3 = THUNDER
SNOW, ICE PELLETS, HAIL 4 = ICE PELLETS
TOTAL MONTH: 0.0 INCH 5 = HAIL
GRTST 24HR 0.0 6 = FREEZING RAIN OR DRIZZLE
GRTST DEPTH: 0 7 = DUSTSTORM OR SANDSTORM:
VSBY 1/2 MILE OR LESS
8 = SMOKE OR HAZE
[NO. OF DAYS WITH] [WEATHER - DAYS WITH] 9 = BLOWING SNOW
X = TORNADO
MAX 32 OR BELOW: 0 0.01 INCH OR MORE: 13
MAX 90 OR ABOVE: 0 0.10 INCH OR MORE: 9
MIN 32 OR BELOW: 0 0.50 INCH OR MORE: 4
MIN 0 OR BELOW: 0 1.00 INCH OR MORE: 0
[HDD (BASE 65) ]
TOTAL THIS MO. 111 CLEAR (SCALE 0-3) 6
DPTR FM NORMAL -167 PTCLDY (SCALE 4-7) 11
TOTAL FM JUL 1 1885 CLOUDY (SCALE 8-10) 4
DPTR FM NORMAL -368
[CDD (BASE 65) ]
TOTAL THIS MO. 71
DPTR FM NORMAL 47 [PRESSURE DATA]
TOTAL FM JAN 1 80 HIGHEST SLP M ON M
DPTR FM NORMAL 50 LOWEST SLP 29.61 ON 27
[REMARKS]
#FINAL-03-20#