000
CXUS56 KSGX 011045
CF6TRM
PRELIMINARY LOCAL CLIMATOLOGICAL DATA (WS FORM: F-6)
STATION: THERMAL AIRPORT CA
MONTH: MARCH
YEAR: 2021
LATITUDE: 33 37 N
LONGITUDE: 116 10 W
TEMPERATURE IN F: :PCPN: SNOW: WIND :SUNSHINE: SKY :PK WND
================================================================================
1 2 3 4 5 6A 6B 7 8 9 10 11 12 13 14 15 16 17 18
12Z AVG MX 2MIN
DY MAX MIN AVG DEP HDD CDD WTR SNW DPTH SPD SPD DIR MIN PSBL S-S WX SPD DR
================================================================================
1 73 27 50 -11 15 0 0.00 M M 5.4 16 130 M M 0 20 140
2 79 30 55 -6 10 0 0.00 M M 5.6 13 140 M M 0 17 140
3 68 33 51 -11 14 0 0.01 M M 5.0 16 350 M M 3 23 210
4 75 36 56 -6 9 0 0.00 M M 4.1 10 140 M M 0 14 110
5 86 37 62 0 3 0 0.00 M M 4.2 12 160 M M 0 15 150
6 88 43 66 4 0 1 0.00 M M 7.8 17 340 M M 0 23 350
7 81 50 66 4 0 1 0.00 M M 7.0 20 330 M M 0 24 340
8 80 60 70 7 0 5 0.00 M M 13.2 24 330 M M 0 30 330
9 75 54 65 2 0 0 0.00 M M 12.1 29 260 M M 0 8 38 250
10 69 47 58 -5 7 0 0.00 M M 11.0 30 330 M M 1 37 310
11 64 44 54 -9 11 0 T M M 7.2 16 330 M M 3 21 330
12 66 39 53 -10 12 0 0.00 M M 8.3 22 330 M M 2 29 310
13 74 40 57 -7 8 0 0.00 M M 9.2 21 330 M M 1 27 340
14 76 55 66 2 0 1 0.00 M M 10.6 17 330 M M 0 23 330
15 75 49 62 -2 3 0 0.00 M M 13.4 33 310 M M 2 8 45 290
16 71 40 56 -8 9 0 0.00 M M 6.0 16 340 M M 0 23 360
17 74 37 56 -8 9 0 0.00 M M 4.4 13 150 M M 0 18 160
18 82 37 60 -4 5 0 0.00 M M 4.3 12 160 M M 0 17 150
19 88 43 66 1 0 1 0.00 M M 5.1 17 320 M M 0 8 24 310
20 85 58 72 7 0 7 0.00 M M 9.6 22 340 M M 0 30 330
21 80 58 69 4 0 4 0.00 M M 11.0 28 300 M M 0 33 300
22 81 46 64 -1 1 0 0.00 M M 8.0 23 330 M M 0 8 28 340
23 79 58 69 4 0 4 T M M 15.6 44 310 M M 1 8 60 310
24 81 58 70 4 0 5 0.00 M M 9.6 20 340 M M 0 25 330
25 74 51 63 -3 2 0 0.00 M M 12.1 29 270 M M 0 8 36 300
26 79 52 66 0 0 1 0.00 M M 9.2 21 340 M M 2 27 340
27 85 45 65 -1 0 0 0.00 M M 5.2 15 300 M M 0 20 270
28 92 40 66 0 0 1 0.00 M M 4.6 13 140 M M 0 18 150
29 94 44 69 3 0 4 0.00 M M 5.8 17 330 M M 0 21 340
30 89 49 69 3 0 4 0.00 M M 5.9 16 320 M M 0 21 340
31 88 52 70 3 0 5 0.00 M M 5.7 15 280 M M 0 19 280
================================================================================
SM 2451 1412 118 44 0.01 M 246.2 M 15
================================================================================
AV 79.1 45.5 7.9 FASTST M M 0 MAX(MPH)
MISC ----> 44 310 60 310
================================================================================
NOTES:
# LAST OF SEVERAL OCCURRENCES
COLUMN 17 PEAK WIND IN M.P.H.
PRELIMINARY LOCAL CLIMATOLOGICAL DATA (WS FORM: F-6) , PAGE 2
STATION: THERMAL AIRPORT CA
MONTH: MARCH
YEAR: 2021
LATITUDE: 33 37 N
LONGITUDE: 116 10 W
[TEMPERATURE DATA] [PRECIPITATION DATA] SYMBOLS USED IN COLUMN 16
AVERAGE MONTHLY: 62.3 TOTAL FOR MONTH: 0.01 1 = FOG OR MIST
DPTR FM NORMAL: -1.8 DPTR FM NORMAL: -0.37 2 = FOG REDUCING VISIBILITY
HIGHEST: 94 ON 29 GRTST 24HR 0.01 ON 3- 3 TO 1/4 MILE OR LESS
LOWEST: 27 ON 1 3 = THUNDER
SNOW, ICE PELLETS, HAIL 4 = ICE PELLETS
TOTAL MONTH: M 5 = HAIL
GRTST 24HR M ON M 6 = FREEZING RAIN OR DRIZZLE
GRTST DEPTH: M ON M 7 = DUSTSTORM OR SANDSTORM:
VSBY 1/2 MILE OR LESS
8 = SMOKE OR HAZE
[NO. OF DAYS WITH] [WEATHER - DAYS WITH] 9 = BLOWING SNOW
X = TORNADO
MAX 32 OR BELOW: 0 0.01 INCH OR MORE: 1
MAX 90 OR ABOVE: 2 0.10 INCH OR MORE: 0
MIN 32 OR BELOW: 2 0.50 INCH OR MORE: 0
MIN 0 OR BELOW: 0 1.00 INCH OR MORE: 0
[HDD (BASE 65) ]
TOTAL THIS MO. 118 CLEAR (SCALE 0-3) 29
DPTR FM NORMAL 26 PTCLDY (SCALE 4-7) 2
TOTAL FM JUL 1 1033 CLOUDY (SCALE 8-10) 0
DPTR FM NORMAL -127
[CDD (BASE 65) ]
TOTAL THIS MO. 44
DPTR FM NORMAL -18 [PRESSURE DATA]
TOTAL FM JAN 1 57 HIGHEST SLP 30.32 ON 1
DPTR FM NORMAL -17 LOWEST SLP 29.63 ON 29
[REMARKS]
#FINAL-03-21#