000
CXUS54 KJAN 011410
CF6TVR
PRELIMINARY LOCAL CLIMATOLOGICAL DATA (WS FORM: F-6)
STATION: VICKSBURG
MONTH: MAY
YEAR: 2023
LATITUDE: 32 20 N
LONGITUDE: 91 2 W
TEMPERATURE IN F: :PCPN: SNOW: WIND :SUNSHINE: SKY :PK WND
================================================================================
1 2 3 4 5 6A 6B 7 8 9 10 11 12 13 14 15 16 17 18
12Z AVG MX 2MIN
DY MAX MIN AVG DEP HDD CDD WTR SNW DPTH SPD SPD DIR MIN PSBL S-S WX SPD DR
================================================================================
1 76 52 64 -6 1 0 T 0.0 0 3.1 10 290 M M 2 18 290
2 82 48 65 -5 0 0 0.00 0.0 0 2.0 10 350 M M 0 20 290
3 79 51 65 -5 0 0 0.00 0.0 0 3.5 10 360 M M 0 15 10
4 82 52 67 -4 0 2 0.00 0.0 0 3.8 12 140 M M 0 16 130
5 80 62 71 0 0 6 0.41 0.0 0 4.8 12 180 M M 6 13 15 160
6 85 68 77 6 0 12 T 0.0 0 8.2 17 150 M M 7 1 25 170
7 86 65 76 5 0 11 0.44 0.0 0 5.7 22 160 M M 2 123 32 160
8 83 68 76 4 0 11 T 0.0 0 3.6 12 160 M M 2 1 19 170
9 87 69 78 6 0 13 0.08 0.0 0 4.1 21 180 M M 3 13 30 170
10 81 69 75 3 0 10 0.68 0.0 0 5.7 16 130 M M 6 13 22 140
11 82 66 74 2 0 9 1.98 0.0 0 7.7 18 160 M M 5 123 32 260
12 88 65 77 4 0 12 0.03 0.0 0 4.9 14 140 M M 3 13 20 130
13 90 65 78 5 0 13 0.03 0.0 0 2.4 20 120 M M 0 13 29 120
14 91 68 80 7 0 15 0.00 0.0 0 1.5 9 140 M M 0 1 14 120
15 93 70 82 8 0 17 T 0.0 0 2.3 9 340 M M 2 13 15 360
16 91 72 82 8 0 17 0.00 0.0 0 1.6 7 290 M M 1 1 14 270
17 86 70 78 4 0 13 T 0.0 0 2.2 12 30 M M 5 16 30
18 87 67 77 3 0 12 0.00 0.0 0 1.5 8 360 M M 4 1 11 10
19 91 66 79 4 0 14 0.00 0.0 0 1.4 7 130 M M 1 12 11 60
20 85 69 77 2 0 12 T 0.0 0 5.7 15 20 M M 3 21 20
21 79 64 72 -3 0 7 0.00 0.0 0 5.8 12 10 M M 0 18 16 360
22 85 62 74 -2 0 9 0.00 0.0 0 2.1 9 360 M M 0 1 14 10
23 88 60 74 -2 0 9 0.00 0.0 0 4.9 13 70 M M 1 18 20 60
24 79 64 72 -4 0 7 0.00 0.0 0 5.4 13 30 M M 6 1 18 10
25 90 60 75 -1 0 10 0.00 0.0 0 4.6 16 10 M M 0 1 22 360
26 90 61 76 -1 0 11 0.00 0.0 0 4.2 12 20 M M 1 18 17 360
27 88 63 76 -1 0 11 0.03 0.0 0 5.2 23 20 M M 3 1 31 30
28 88 64 76 -1 0 11 0.00 0.0 0 1.6 8 50 M M 2 1 11 20
29 89 62 76 -1 0 11 0.00 0.0 0 2.9 9 40 M M 0 1 14 10
30 89 61 75 -3 0 10 0.00 0.0 0 1.2 9 30 M M 0 18 15 30
31 90 62 76 -2 0 11 0.00 0.0 0 1.9 9 40 M M 0 1 13 60
================================================================================
SM 2660 1965 1 306 3.68 0.0 115.5 M 65
================================================================================
AV 85.8 63.4 3.7 FASTST M M 2 MAX(MPH)
MISC ----> 23 20 # 32 160
================================================================================
NOTES:
# LAST OF SEVERAL OCCURRENCES
COLUMN 17 PEAK WIND IN M.P.H.
PRELIMINARY LOCAL CLIMATOLOGICAL DATA (WS FORM: F-6) , PAGE 2
STATION: VICKSBURG
MONTH: MAY
YEAR: 2023
LATITUDE: 32 20 N
LONGITUDE: 91 2 W
[TEMPERATURE DATA] [PRECIPITATION DATA] SYMBOLS USED IN COLUMN 16
AVERAGE MONTHLY: 74.6 TOTAL FOR MONTH: 3.68 1 = FOG OR MIST
DPTR FM NORMAL: 0.7 DPTR FM NORMAL: -0.17 2 = FOG REDUCING VISIBILITY
HIGHEST: 93 ON 15 GRTST 24HR 1.98 ON 11-11 TO 1/4 MILE OR LESS
LOWEST: 48 ON 2 3 = THUNDER
SNOW, ICE PELLETS, HAIL 4 = ICE PELLETS
TOTAL MONTH: 0.0 INCH 5 = HAIL
GRTST 24HR 0.0 6 = FREEZING RAIN OR DRIZZLE
GRTST DEPTH: 0 7 = DUSTSTORM OR SANDSTORM:
VSBY 1/2 MILE OR LESS
8 = SMOKE OR HAZE
[NO. OF DAYS WITH] [WEATHER - DAYS WITH] 9 = BLOWING SNOW
X = TORNADO
MAX 32 OR BELOW: 0 0.01 INCH OR MORE: 8
MAX 90 OR ABOVE: 8 0.10 INCH OR MORE: 4
MIN 32 OR BELOW: 0 0.50 INCH OR MORE: 2
MIN 0 OR BELOW: 0 1.00 INCH OR MORE: 1
[HDD (BASE 65) ]
TOTAL THIS MO. 1 CLEAR (SCALE 0-3) 23
DPTR FM NORMAL -9 PTCLDY (SCALE 4-7) 8
TOTAL FM JUL 1 1621 CLOUDY (SCALE 8-10) 0
DPTR FM NORMAL -478
[CDD (BASE 65) ]
TOTAL THIS MO. 306
DPTR FM NORMAL 21 [PRESSURE DATA]
TOTAL FM JAN 1 541 HIGHEST SLP 30.20 ON 15
DPTR FM NORMAL 89 LOWEST SLP 29.80 ON 17
[REMARKS]
#FINAL-05-23#