000
CXUS54 KSHV 101655
CF6TXK
PRELIMINARY LOCAL CLIMATOLOGICAL DATA (WS FORM: F-6)
STATION: TEXARKANA
MONTH: AUGUST
YEAR: 2022
LATITUDE: 33 27 N
LONGITUDE: 94 0 W
TEMPERATURE IN F: :PCPN: SNOW: WIND :SUNSHINE: SKY :PK WND
================================================================================
1 2 3 4 5 6A 6B 7 8 9 10 11 12 13 14 15 16 17 18
12Z AVG MX 2MIN
DY MAX MIN AVG DEP HDD CDD WTR SNW DPTH SPD SPD DIR MIN PSBL S-S WX SPD DR
================================================================================
1 94 80 87 4 0 22 T 0.0 0 6.2 15 200 M M 1 20 190
2 100 80 90 7 0 25 0.00 0.0 0 8.5 16 220 M M 1 21 140
3 103 79 91 8 0 26 0.00 0.0 0 9.0 22 140 M M 0 29 140
4 99 78 89 6 0 24 0.00 0.0 0 7.5 17 130 M M 0 22 130
5 100 76 88 5 0 23 0.00 0.0 0 6.8 18 150 M M 1 25 150
6 99 77 88 5 0 23 0.00 0.0 0 8.4 17 140 M M 3 22 150
7 99 77 88 5 0 23 0.00 0.0 0 8.0 15 170 M M 1 20 180
8 102 79 91 8 0 26 0.01 0.0 0 7.3 21 40 M M 1 3 29 40
9 83 74 79 -4 0 14 3.94 0.0 0 4.1 23 60 M M 4 1238 26 60
10 94 74 84 1 0 19 0.71 0.0 0 4.0 18 330 M M 6 13 27 120
11 91 74 83 0 0 18 0.00 0.0 0 5.2 18 50 M M 4 12 26 40
12 94 74 84 1 0 19 0.00 0.0 0 6.4 14 90 M M 1 20 50
13 93 72 83 0 0 18 0.00 0.0 0 6.2 12 120 M M 0 17 120
14 97 71 84 1 0 19 0.00 0.0 0 3.8 10 130 M M 0 14 160
15 98 80 89 7 0 24 0.00 0.0 0 5.5 13 240 M M 0 15 240
16 99 81 90 8 0 25 0.00 0.0 0 6.7 10 300 M M 0 M M
17 89 76 83 1 0 18 T 0.0 0 6.8 14 50 M M 4 8 19 40
18 82 71 77 -5 0 12 0.98 0.0 0 4.7 13 60 M M 8 13 17 60
19 89 72 81 -1 0 16 0.00 0.0 0 4.3 12 70 M M 2 1 15 130
20 93 75 84 2 0 19 0.00 0.0 0 7.2 14 160 M M 2 19 160
21 86 75 81 -1 0 16 0.10 0.0 0 6.3 17 20 M M 5 1 22 20
22 77 74 76 -6 0 11 2.92 0.0 0 6.7 12 130 M M 10 1 18 70
23 83 73 78 -3 0 13 0.45 0.0 0 7.7 15 60 M M 8 1 20 60
24 86 73 80 -1 0 15 0.00 0.0 0 6.8 15 60 M M 8 23 50
25 88 73 81 0 0 16 T 0.0 0 5.3 10 50 M M 9 1 14 50
26 91 74 83 2 0 18 T 0.0 0 4.1 14 100 M M 3 20 80
27 91 74 83 3 0 18 0.00 0.0 0 5.2 12 120 M M 5 12 16 130
28 93 77 85 5 0 20 T 0.0 0 7.3 15 200 M M 2 18 200
29 93 76 85 5 0 20 0.06 0.0 0 6.0 24 200 M M 2 3 32 210
30 91 75 83 3 0 18 T 0.0 0 4.0 13 180 M M 5 3 19 200
31 95 75 85 5 0 20 T 0.0 0 1.9 13 230 M M 2 128 18 170
================================================================================
SM 2872 2339 0 598 9.17 0.0 187.9 M 98
================================================================================
AV 92.6 75.5 6.1 FASTST M M 3 MAX(MPH)
MISC ----> 24 200 32 210
================================================================================
NOTES:
# LAST OF SEVERAL OCCURRENCES
COLUMN 17 PEAK WIND IN M.P.H.
PRELIMINARY LOCAL CLIMATOLOGICAL DATA (WS FORM: F-6) , PAGE 2
STATION: TEXARKANA
MONTH: AUGUST
YEAR: 2022
LATITUDE: 33 27 N
LONGITUDE: 94 0 W
[TEMPERATURE DATA] [PRECIPITATION DATA] SYMBOLS USED IN COLUMN 16
AVERAGE MONTHLY: 84.0 TOTAL FOR MONTH: 9.17 1 = FOG OR MIST
DPTR FM NORMAL: 2.0 DPTR FM NORMAL: 6.19 2 = FOG REDUCING VISIBILITY
HIGHEST: 103 ON 3 GRTST 24HR 3.95 ON 8- 9 TO 1/4 MILE OR LESS
LOWEST: 71 ON 18,14 3 = THUNDER
SNOW, ICE PELLETS, HAIL 4 = ICE PELLETS
TOTAL MONTH: 0.0 INCH 5 = HAIL
GRTST 24HR 0.0 6 = FREEZING RAIN OR DRIZZLE
GRTST DEPTH: 0 7 = DUSTSTORM OR SANDSTORM:
VSBY 1/2 MILE OR LESS
8 = SMOKE OR HAZE
[NO. OF DAYS WITH] [WEATHER - DAYS WITH] 9 = BLOWING SNOW
X = TORNADO
MAX 32 OR BELOW: 0 0.01 INCH OR MORE: 8
MAX 90 OR ABOVE: 22 0.10 INCH OR MORE: 6
MIN 32 OR BELOW: 0 0.50 INCH OR MORE: 4
MIN 0 OR BELOW: 0 1.00 INCH OR MORE: 2
[HDD (BASE 65) ]
TOTAL THIS MO. 0 CLEAR (SCALE 0-3) 17
DPTR FM NORMAL 0 PTCLDY (SCALE 4-7) 11
TOTAL FM JUL 1 0 CLOUDY (SCALE 8-10) 3
DPTR FM NORMAL 0
[CDD (BASE 65) ]
TOTAL THIS MO. 598
DPTR FM NORMAL 70 [PRESSURE DATA]
TOTAL FM JAN 1 2424 HIGHEST SLP 30.14 ON 9
DPTR FM NORMAL 616 LOWEST SLP 29.81 ON 28
[REMARKS]
#FINAL-08-22#