000
CXUS54 KSHV 011300
CF6TXK
PRELIMINARY LOCAL CLIMATOLOGICAL DATA (WS FORM: F-6)
STATION: TEXARKANA
MONTH: MAY
YEAR: 2022
LATITUDE: 33 27 N
LONGITUDE: 94 0 W
TEMPERATURE IN F: :PCPN: SNOW: WIND :SUNSHINE: SKY :PK WND
================================================================================
1 2 3 4 5 6A 6B 7 8 9 10 11 12 13 14 15 16 17 18
12Z AVG MX 2MIN
DY MAX MIN AVG DEP HDD CDD WTR SNW DPTH SPD SPD DIR MIN PSBL S-S WX SPD DR
================================================================================
1 85 56 71 4 0 6 0.00 0.0 0 3.5 10 130 M M 0 16 50
2 86 67 77 9 0 12 T 0.0 0 11.5 22 170 M M 5 32 180
3 79 64 72 4 0 7 0.72 0.0 0 7.2 25 340 M M 7 13 33 320
4 87 64 76 8 0 11 0.00 0.0 0 7.4 16 160 M M 5 18 20 130
5 77 63 70 2 0 5 0.62 0.0 0 9.8 24 130 M M 6 13 35 290
6 80 59 70 1 0 5 0.00 0.0 0 10.5 22 280 M M 0 30 310
7 85 57 71 2 0 6 0.00 0.0 0 5.8 12 120 M M 1 16 120
8 91 66 79 10 0 14 0.00 0.0 0 10.6 18 150 M M 4 24 200
9 92 74 83 13 0 18 0.00 0.0 0 10.5 21 150 M M 4 29 140
10 92 74 83 13 0 18 0.00 0.0 0 8.4 17 180 M M 0 24 190
11 92 72 82 12 0 17 0.00 0.0 0 5.6 13 210 M M 0 1 16 220
12 92 71 82 12 0 17 0.00 0.0 0 5.6 13 210 M M 0 1 16 180
13 91 71 81 10 0 16 0.00 0.0 0 5.9 17 180 M M 0 22 170
14 89 71 80 9 0 15 T 0.0 0 5.8 15 170 M M 2 3 20 190
15 92 71 82 11 0 17 0.00 0.0 0 4.9 15 210 M M 1 19 210
16 89 69 79 7 0 14 0.00 0.0 0 6.2 13 20 M M 1 18 60
17 90 68 79 7 0 14 0.00 0.0 0 7.3 17 120 M M 0 23 130
18 92 71 82 10 0 17 0.00 0.0 0 9.1 18 200 M M 0 26 200
19 94 73 84 12 0 19 0.00 0.0 0 13.8 22 190 M M 1 29 190
20 92 74 83 10 0 18 0.00 0.0 0 13.2 22 210 M M 4 8 31 170
21 93 68 81 8 0 16 1.77 0.0 0 10.0 48 320 M M 5 13 68 320
22 69 63 66 -7 0 1 0.62 0.0 0 9.3 17 40 M M 9 13 23 40
23 72 58 65 -9 0 0 0.00 0.0 0 5.8 12 70 M M 10 16 80
24 80 67 74 0 0 9 0.14 0.0 0 6.7 23 150 M M 9 13 29 150
25 82 61 72 -2 0 7 0.14 0.0 0 11.8 22 260 M M 5 1 29 250
26 84 59 72 -2 0 7 0.00 0.0 0 11.0 23 270 M M 1 30 260
27 86 57 72 -3 0 7 0.00 0.0 0 5.8 16 310 M M 0 21 320
28 89 60 75 0 0 10 0.00 0.0 0 6.9 13 160 M M 0 18 180
29 91 71 81 6 0 16 0.00 0.0 0 11.5 20 150 M M 0 26 150
30 91 73 82 6 0 17 0.00 0.0 0 11.5 21 200 M M 3 28 150
31 94 72 83 7 0 18 0.00 0.0 0 8.9 16 180 M M 2 22 180
================================================================================
SM 2698 2064 0 374 4.01 0.0 261.8 M 85
================================================================================
AV 87.0 66.6 8.4 FASTST M M 3 MAX(MPH)
MISC ----> 48 320 68 320
================================================================================
NOTES:
# LAST OF SEVERAL OCCURRENCES
COLUMN 17 PEAK WIND IN M.P.H.
PRELIMINARY LOCAL CLIMATOLOGICAL DATA (WS FORM: F-6) , PAGE 2
STATION: TEXARKANA
MONTH: MAY
YEAR: 2022
LATITUDE: 33 27 N
LONGITUDE: 94 0 W
[TEMPERATURE DATA] [PRECIPITATION DATA] SYMBOLS USED IN COLUMN 16
AVERAGE MONTHLY: 76.8 TOTAL FOR MONTH: 4.01 1 = FOG OR MIST
DPTR FM NORMAL: 5.2 DPTR FM NORMAL: -1.09 2 = FOG REDUCING VISIBILITY
HIGHEST: 94 ON 31,19 GRTST 24HR 2.39 ON 21-22 TO 1/4 MILE OR LESS
LOWEST: 56 ON 1 3 = THUNDER
SNOW, ICE PELLETS, HAIL 4 = ICE PELLETS
TOTAL MONTH: 0.0 INCH 5 = HAIL
GRTST 24HR 0.0 6 = FREEZING RAIN OR DRIZZLE
GRTST DEPTH: 0 7 = DUSTSTORM OR SANDSTORM:
VSBY 1/2 MILE OR LESS
8 = SMOKE OR HAZE
[NO. OF DAYS WITH] [WEATHER - DAYS WITH] 9 = BLOWING SNOW
X = TORNADO
MAX 32 OR BELOW: 0 0.01 INCH OR MORE: 6
MAX 90 OR ABOVE: 15 0.10 INCH OR MORE: 6
MIN 32 OR BELOW: 0 0.50 INCH OR MORE: 4
MIN 0 OR BELOW: 0 1.00 INCH OR MORE: 1
[HDD (BASE 65) ]
TOTAL THIS MO. 0 CLEAR (SCALE 0-3) 19
DPTR FM NORMAL -18 PTCLDY (SCALE 4-7) 9
TOTAL FM JUL 1 1886 CLOUDY (SCALE 8-10) 3
DPTR FM NORMAL -689
[CDD (BASE 65) ]
TOTAL THIS MO. 374
DPTR FM NORMAL 151 [PRESSURE DATA]
TOTAL FM JAN 1 516 HIGHEST SLP 30.20 ON 22
DPTR FM NORMAL 195 LOWEST SLP 29.61 ON 19
[REMARKS]
#FINAL-05-22#