000
CXUS54 KMRX 011030
CF6TYS
PRELIMINARY LOCAL CLIMATOLOGICAL DATA (WS FORM: F-6)
STATION: KNOXVILLE MCGHEE TYSON AIRPORT
MONTH: SEPTEMBER
YEAR: 2022
LATITUDE: 35 49 N
LONGITUDE: 83 59 W
TEMPERATURE IN F: :PCPN: SNOW: WIND :SUNSHINE: SKY :PK WND
================================================================================
1 2 3 4 5 6A 6B 7 8 9 10 11 12 13 14 15 16 17 18
12Z AVG MX 2MIN
DY MAX MIN AVG DEP HDD CDD WTR SNW DPTH SPD SPD DIR MIN PSBL S-S WX SPD DR
================================================================================
1 90 61 76 0 0 11 0.00 0.0 0 6.4 13 20 M M 1 19 20
2 91 66 79 3 0 14 T 0.0 0 3.8 10 230 M M 7 14 170
3 84 72 78 3 0 13 0.31 0.0 0 2.5 10 90 M M 8 1 14 90
4 81 72 77 2 0 12 1.08 0.0 0 2.8 13 290 M M 7 1 15 270
5 77 71 74 -1 0 9 0.29 0.0 0 3.3 8 40 M M 10 1 9 40
6 87 71 79 4 0 14 T 0.0 0 6.3 13 220 M M 9 13 17 220
7 84 67 76 2 0 11 0.00 0.0 0 6.7 16 350 M M 7 25 330
8 84 64 74 0 0 9 0.00 0.0 0 6.6 15 20 M M 4 19 10
9 85 64 75 1 0 10 T 0.0 0 4.4 13 40 M M 6 19 30
10 76 66 71 -3 0 6 0.30 0.0 0 5.5 13 30 M M 10 18 18 110
11 85 67 76 3 0 11 0.10 0.0 0 5.8 20 220 M M 9 138 28 250
12 76 58 67 -6 0 2 0.34 0.0 0 7.1 16 230 M M 6 1 22 250
13 79 54 67 -6 0 2 0.00 0.0 0 3.9 14 280 M M 3 21 300
14 80 58 69 -3 0 4 0.00 0.0 0 4.8 14 360 M M 3 18 40
15 82 57 70 -2 0 5 0.00 0.0 0 5.5 14 60 M M 2 18 60
16 83 57 70 -2 0 5 0.00 0.0 0 1.8 12 10 M M 3 1 14 20
17 84 61 73 1 0 8 0.00 0.0 0 2.8 10 90 M M 6 17 130
18 84 59 72 1 0 7 0.00 0.0 0 1.5 8 330 M M 2 13 360
19 85 58 72 1 0 7 0.00 0.0 0 1.7 12 290 M M 4 1 17 300
20 90 66 78 7 0 13 0.00 0.0 0 2.3 10 50 M M 3 1 15 50
21 92 62 77 7 0 12 0.00 0.0 0 2.3 9 280 M M 2 11 280
22 84 61 73 3 0 8 0.00 0.0 0 8.1 18 10 M M 5 26 360
23 75 50 63 -7 2 0 0.00 0.0 0 9.2 18 30 M M 0 23 30
24 79 52 66 -3 0 1 T 0.0 0 5.1 17 220 M M 7 22 210
25 80 60 70 1 0 5 0.04 0.0 0 9.9 25 340 M M 7 13 34 350
26 77 54 66 -2 0 1 0.00 0.0 0 6.0 20 280 M M 3 12 28 270
27 72 45 59 -9 6 0 0.00 0.0 0 3.5 14 280 M M 0 20 290
28 68 42 55 -13 10 0 0.00 0.0 0 8.5 20 20 M M 2 27 360
29 74 46 60 -7 5 0 0.00 0.0 0 11.7 20 40 M M 1 32 30
30 74 48 61 -6 4 0 0.00 0.0 0 11.0 20 30 M M 4 26 50
================================================================================
SM 2442 1789 27 200 2.46 0.0 160.8 M 141
================================================================================
AV 81.4 59.6 5.4 FASTST M M 5 MAX(MPH)
MISC ----> 25 340 34 350
================================================================================
NOTES:
# LAST OF SEVERAL OCCURRENCES
COLUMN 17 PEAK WIND IN M.P.H.
PRELIMINARY LOCAL CLIMATOLOGICAL DATA (WS FORM: F-6) , PAGE 2
STATION: KNOXVILLE MCGHEE TYSON AIRPORT
MONTH: SEPTEMBER
YEAR: 2022
LATITUDE: 35 49 N
LONGITUDE: 83 59 W
[TEMPERATURE DATA] [PRECIPITATION DATA] SYMBOLS USED IN COLUMN 16
AVERAGE MONTHLY: 70.5 TOTAL FOR MONTH: 2.46 1 = FOG OR MIST
DPTR FM NORMAL: -1.3 DPTR FM NORMAL: -1.03 2 = FOG REDUCING VISIBILITY
HIGHEST: 92 ON 21 GRTST 24HR 1.36 ON 4- 5 TO 1/4 MILE OR LESS
LOWEST: 42 ON 28 3 = THUNDER
SNOW, ICE PELLETS, HAIL 4 = ICE PELLETS
TOTAL MONTH: 0.0 INCH 5 = HAIL
GRTST 24HR 0.0 6 = FREEZING RAIN OR DRIZZLE
GRTST DEPTH: 0 7 = DUSTSTORM OR SANDSTORM:
VSBY 1/2 MILE OR LESS
8 = SMOKE OR HAZE
[NO. OF DAYS WITH] [WEATHER - DAYS WITH] 9 = BLOWING SNOW
X = TORNADO
MAX 32 OR BELOW: 0 0.01 INCH OR MORE: 7
MAX 90 OR ABOVE: 4 0.10 INCH OR MORE: 6
MIN 32 OR BELOW: 0 0.50 INCH OR MORE: 1
MIN 0 OR BELOW: 0 1.00 INCH OR MORE: 1
[HDD (BASE 65) ]
TOTAL THIS MO. 27 CLEAR (SCALE 0-3) 10
DPTR FM NORMAL 10 PTCLDY (SCALE 4-7) 16
TOTAL FM JUL 1 27 CLOUDY (SCALE 8-10) 4
DPTR FM NORMAL 13
[CDD (BASE 65) ]
TOTAL THIS MO. 200
DPTR FM NORMAL -20 [PRESSURE DATA]
TOTAL FM JAN 1 1710 HIGHEST SLP 30.30 ON 29
DPTR FM NORMAL 183 LOWEST SLP 29.78 ON 25
[REMARKS]
#FINAL-09-22#