000
CXUS56 KPQR 011201
CF6UAO
PRELIMINARY LOCAL CLIMATOLOGICAL DATA (WS FORM: F-6)
STATION: AURORA STATE OR
MONTH: MARCH
YEAR: 2023
LATITUDE: 45 15 N
LONGITUDE: 122 46 W
TEMPERATURE IN F: :PCPN: SNOW: WIND :SUNSHINE: SKY :PK WND
================================================================================
1 2 3 4 5 6A 6B 7 8 9 10 11 12 13 14 15 16 17 18
12Z AVG MX 2MIN
DY MAX MIN AVG DEP HDD CDD WTR SNW DPTH SPD SPD DIR MIN PSBL S-S WX SPD DR
================================================================================
1 46 30 38 -8 27 0 0.00 M M 3.5 13 190 M M 9 128 15 190
2 47 36 42 -5 23 0 0.14 M M 10.7 26 190 M M 8 13 34 180
3 46 34 40 -7 25 0 0.14 M M 11.1 23 180 M M 8 18 29 200
4 45 35 40 -7 25 0 0.07 M M 12.0 29 180 M M 9 1 35 180
5 43 31 37 -10 28 0 0.02 M M 4.3 13 150 M M 6 128 16 150
6 51 35 43 -4 22 0 0.02 M M 7.7 21 180 M M 8 26 190
7 50 34 42 -5 23 0 0.19 M M 3.5 16 220 M M 7 12 21 220
8 48 32 40 -7 25 0 0.05 M M 5.7 20 170 M M 8 12 24 170
9 47 41 44 -4 21 0 0.38 M M 6.7 13 50 M M 10 1 19 70
10 47 37 42 -6 23 0 0.09 M M 8.9 17 170 M M 9 1 22 190
11 54 37 46 -2 19 0 0.08 M M 2.4 14 250 M M 8 1 19 230
12 50 32 41 -7 24 0 0.22 M M 2.2 7 10 M M 8 1 11 210
13 50 39 45 -3 20 0 1.30 M M 8.0 15 190 M M 9 18 22 200
14 54 33 44 -4 21 0 0.00 M M 4.8 15 10 M M 5 1 19 350
15 54 37 46 -2 19 0 0.00 M M 4.9 10 190 M M 6 15 200
16 63 34 49 1 16 0 0.00 M M 6.5 14 10 M M 0 18 10
17 63 32 48 0 17 0 0.00 M M 0.6 7 230 M M 0 8 10 240
18 65 36 51 3 14 0 0.00 M M 1.4 8 10 M M 1 1 9 340
19 52 43 48 -1 17 0 0.24 M M 2.8 10 10 M M 6 18 12 10
20 49 39 44 -5 21 0 0.07 M M 10.7 24 190 M M 9 1 30 180
21 64 37 51 2 14 0 0.00 M M 9.4 21 40 M M 3 1 28 60
22 62 41 52 3 13 0 0.00 M M 7.1 16 230 M M 3 22 220
23 47 38 43 -6 22 0 0.38 M M 10.7 24 180 M M 9 18 34 240
24 46 34 40 -9 25 0 0.40 M M 9.1 16 220 M M 9 1 23 210
25 48 32 40 -9 25 0 0.34 M M 3.5 14 10 M M 9 1 16 200
26 50 33 42 -7 23 0 0.00 M M 5.1 15 220 M M 7 1 22 230
27 55 30 43 -6 22 0 0.03 M M 3.7 15 50 M M 5 12 21 150
28 47 37 42 -8 23 0 0.77 M M 7.3 14 40 M M 9 1 18 40
29 56 33 45 -5 20 0 0.00 M M 1.4 7 230 M M 6 128 10 210
30 54 34 44 -6 21 0 T M M 8.5 18 180 M M 10 24 180
31 50 44 47 -3 18 0 0.31 M M 12.7 23 190 M M 10 1 34 180
================================================================================
SM 1603 1100 656 0 5.24 M 196.9 M 214
================================================================================
AV 51.7 35.5 6.4 FASTST M M 7 MAX(MPH)
MISC ----> 29 180 35 180
================================================================================
NOTES:
# LAST OF SEVERAL OCCURRENCES
COLUMN 17 PEAK WIND IN M.P.H.
PRELIMINARY LOCAL CLIMATOLOGICAL DATA (WS FORM: F-6) , PAGE 2
STATION: AURORA STATE OR
MONTH: MARCH
YEAR: 2023
LATITUDE: 45 15 N
LONGITUDE: 122 46 W
[TEMPERATURE DATA] [PRECIPITATION DATA] SYMBOLS USED IN COLUMN 16
AVERAGE MONTHLY: 43.6 TOTAL FOR MONTH: 5.24 1 = FOG OR MIST
DPTR FM NORMAL: -4.7 DPTR FM NORMAL: 0.85 2 = FOG REDUCING VISIBILITY
HIGHEST: 65 ON 18 GRTST 24HR 1.44 ON 12-13 TO 1/4 MILE OR LESS
LOWEST: 30 ON 27, 1 3 = THUNDER
SNOW, ICE PELLETS, HAIL 4 = ICE PELLETS
TOTAL MONTH: M 5 = HAIL
GRTST 24HR M ON M 6 = FREEZING RAIN OR DRIZZLE
GRTST DEPTH: M ON M 7 = DUSTSTORM OR SANDSTORM:
VSBY 1/2 MILE OR LESS
8 = SMOKE OR HAZE
[NO. OF DAYS WITH] [WEATHER - DAYS WITH] 9 = BLOWING SNOW
X = TORNADO
MAX 32 OR BELOW: 0 0.01 INCH OR MORE: 20
MAX 90 OR ABOVE: 0 0.10 INCH OR MORE: 12
MIN 32 OR BELOW: 7 0.50 INCH OR MORE: 2
MIN 0 OR BELOW: 0 1.00 INCH OR MORE: 1
[HDD (BASE 65) ]
TOTAL THIS MO. 656 CLEAR (SCALE 0-3) 5
DPTR FM NORMAL 137 PTCLDY (SCALE 4-7) 12
TOTAL FM JUL 1 3663 CLOUDY (SCALE 8-10) 14
DPTR FM NORMAL 193
[CDD (BASE 65) ]
TOTAL THIS MO. 0
DPTR FM NORMAL 0 [PRESSURE DATA]
TOTAL FM JAN 1 0 HIGHEST SLP 30.38 ON 26
DPTR FM NORMAL 0 LOWEST SLP 29.27 ON 9
[REMARKS]
#FINAL-03-23#