000
CXUS53 KLSX 011500
CF6UIN
PRELIMINARY LOCAL CLIMATOLOGICAL DATA (WS FORM: F-6)
STATION: QUINCY IL
MONTH: NOVEMBER
YEAR: 2021
LATITUDE: 39 57 N
LONGITUDE: 91 12 W
TEMPERATURE IN F: :PCPN: SNOW: WIND :SUNSHINE: SKY :PK WND
================================================================================
1 2 3 4 5 6A 6B 7 8 9 10 11 12 13 14 15 16 17 18
12Z AVG MX 2MIN
DY MAX MIN AVG DEP HDD CDD WTR SNW DPTH SPD SPD DIR MIN PSBL S-S WX SPD DR
================================================================================
1 44 33 39 -9 26 0 T 0.0 0 6.1 13 230 M M 6 17 260
2 49 29 39 -9 26 0 0.00 0.0 0 4.5 14 320 M M 2 18 340
3 50 27 39 -9 26 0 0.00 0.0 0 3.5 12 320 M M 2 8 17 330
4 53 29 41 -6 24 0 0.00 0.0 0 6.1 14 190 M M 0 18 160
5 53 32 43 -4 22 0 0.00 0.0 0 8.1 16 170 M M 0 24 150
6 62 35 49 3 16 0 0.00 0.0 0 8.4 15 190 M M 0 22 210
7 67 41 54 8 11 0 0.00 0.0 0 10.4 18 180 M M 0 27 180
8 69 48 59 14 6 0 0.00 0.0 0 8.5 16 240 M M 0 22 220
9 64 48 56 11 9 0 0.00 0.0 0 6.5 12 360 M M 3 18 14 360
10 64 48 56 12 9 0 0.00 0.0 0 11.7 20 160 M M 6 18 30 170
11 59 43 51 7 14 0 0.37 0.0 0 14.7 29 310 M M 5 13 37 300
12 44 33 39 -5 26 0 T M 0 15.9 36 270 M M 5 1 49 280
13 38 33 36 -7 29 0 0.01 M 0 10.8 21 300 M M 8 27 290
14 43 27 35 -8 30 0 0.07 0.0 0 12.8 32 300 M M 5 43 310
15 58 28 43 1 22 0 0.00 0.0 0 7.7 17 140 M M 4 22 140
16 66 35 51 9 14 0 0.00 0.0 0 11.4 21 200 M M 0 8 30 200
17 63 41 52 10 13 0 0.04 0.0 0 11.1 20 340 M M 9 18 27 330
18 43 25 34 -7 31 0 0.00 0.0 0 11.8 25 300 M M 1 35 310
19 45 22 34 -7 31 0 0.00 0.0 0 8.4 16 150 M M 0 23 150
20 57 40 49 9 16 0 0.00 0.0 0 8.3 16 210 M M M 21 210
21 58 29 44 4 21 0 0.00 0.0 0 10.4 26 350 M M M 35 330
22 37 24 31 -9 34 0 0.00 0.0 0 5.8 16 340 M M 0 21 340
23 52 25 39 0 26 0 0.00 0.0 0 10.6 17 190 M M 0 27 160
24 58 43 51 12 14 0 0.18 0.0 0 11.5 21 330 M M 4 1 28 190
25 44 20 32 -6 33 0 0.03 0.0 0 14.2 24 330 M M 5 32 330
26 41 17 29 -9 36 0 0.00 0.0 0 6.3 16 160 M M 1 22 170
27 57 30 44 6 21 0 0.00 0.0 0 8.9 18 340 M M 2 26 330
28 45 28 37 0 28 0 0.00 0.0 0 7.5 18 360 M M 0 25 360
29 57 30 44 7 21 0 0.00 0.0 0 10.2 21 220 M M 4 30 210
30 53 34 44 8 21 0 0.00 M M 5.4 10 320 M M 0 12 320
================================================================================
SM 1593 977 656 0 0.70 0.0 277.5 M 72
================================================================================
AV 53.1 32.6 9.3 FASTST M M 3 MAX(MPH)
MISC ----> 36 270 49 280
================================================================================
NOTES:
# LAST OF SEVERAL OCCURRENCES
COLUMN 17 PEAK WIND IN M.P.H.
PRELIMINARY LOCAL CLIMATOLOGICAL DATA (WS FORM: F-6) , PAGE 2
STATION: QUINCY IL
MONTH: NOVEMBER
YEAR: 2021
LATITUDE: 39 57 N
LONGITUDE: 91 12 W
[TEMPERATURE DATA] [PRECIPITATION DATA] SYMBOLS USED IN COLUMN 16
AVERAGE MONTHLY: 42.8 TOTAL FOR MONTH: 0.70 1 = FOG OR MIST
DPTR FM NORMAL: 0.5 DPTR FM NORMAL: -1.71 2 = FOG REDUCING VISIBILITY
HIGHEST: 69 ON 8 GRTST 24HR 0.37 ON 11-11 TO 1/4 MILE OR LESS
LOWEST: 17 ON 26 3 = THUNDER
SNOW, ICE PELLETS, HAIL 4 = ICE PELLETS
TOTAL MONTH: 0.0 INCH 5 = HAIL
GRTST 24HR 0.0 6 = FREEZING RAIN OR DRIZZLE
GRTST DEPTH: 0 7 = DUSTSTORM OR SANDSTORM:
VSBY 1/2 MILE OR LESS
8 = SMOKE OR HAZE
[NO. OF DAYS WITH] [WEATHER - DAYS WITH] 9 = BLOWING SNOW
X = TORNADO
MAX 32 OR BELOW: 0 0.01 INCH OR MORE: 6
MAX 90 OR ABOVE: 0 0.10 INCH OR MORE: 2
MIN 32 OR BELOW: 16 0.50 INCH OR MORE: 0
MIN 0 OR BELOW: 0 1.00 INCH OR MORE: 0
[HDD (BASE 65) ]
TOTAL THIS MO. 656 CLEAR (SCALE 0-3) 17
DPTR FM NORMAL -26 PTCLDY (SCALE 4-7) 10
TOTAL FM JUL 1 883 CLOUDY (SCALE 8-10) 3
DPTR FM NORMAL -208
[CDD (BASE 65) ]
TOTAL THIS MO. 0
DPTR FM NORMAL -1 [PRESSURE DATA]
TOTAL FM JAN 1 1359 HIGHEST SLP 30.54 ON 19
DPTR FM NORMAL 206 LOWEST SLP 29.83 ON 29
[REMARKS]
#FINAL-11-21#