000
CXUS53 KLSX 012003 CCB
CF6UIN
PRELIMINARY LOCAL CLIMATOLOGICAL DATA (WS FORM: F-6)
STATION: QUINCY IL
MONTH: MARCH
YEAR: 2020
LATITUDE: 39 57 N
LONGITUDE: 91 12 W
TEMPERATURE IN F: :PCPN: SNOW: WIND :SUNSHINE: SKY :PK WND
================================================================================
1 2 3 4 5 6A 6B 7 8 9 10 11 12 13 14 15 16 17 18
12Z AVG MX 2MIN
DY MAX MIN AVG DEP HDD CDD WTR SNW DPTH SPD SPD DIR MIN PSBL S-S WX SPD DR
================================================================================
1 66 39 53 17 12 0 0.11 0.0 0 11.7 23 210 M M 3 1 31 210
2 48 33 41 5 24 0 0.00 0.0 0 6.6 17 360 M M 2 23 360
3 56 32 44 7 21 0 0.00 0.0 0 12.1 28 280 M M 2 37 290
4 53 36 45 8 20 0 0.00 0.0 0 8.2 20 350 M M 1 30 300
5 57 37 47 9 18 0 0.00 0.0 0 19.4 35 310 M M 3 48 330
6 50 32 41 3 24 0 0.00 0.0 0 11.4 32 320 M M 3 42 320
7 60 29 45 7 20 0 0.00 0.0 0 11.8 20 170 M M 0 28 170
8 70 42 56 17 9 0 0.00 0.0 0 16.3 26 190 M M 0 37 200
9 58 38 48 9 17 0 0.94 0.0 0 15.6 24 320 M M 9 1 36 190
10 41 35 38 -2 27 0 T 0.0 0 9.2 22 300 M M 10 29 300
11 52 39 46 6 19 0 0.00 0.0 0 5.3 13 160 M M 7 18 18 160
12 59 39 49 9 16 0 T 0.0 0 11.6 28 340 M M 6 12 38 320
13 50 32 41 0 24 0 0.00 0.0 0 8.2 16 330 M M 3 25 350
14 43 33 38 -3 27 0 0.35 M M 13.8 22 60 M M 10 1 27 60
15 41 32 37 -5 28 0 0.00 0.0 0 6.9 16 50 M M 10 1 22 60
16 42 36 39 -3 26 0 0.12 0.0 0 4.0 12 180 M M 10 1 14 180
17 51 40 46 4 19 0 0.00 0.0 0 7.2 17 30 M M 5 1 20 20
18 52 44 48 5 17 0 0.45 0.0 0 7.2 15 120 M M 10 1 20 130
19 69 48 59 16 6 0 0.23 0.0 0 14.7 24 210 M M 7 123 33 210
20 62 32 47 3 18 0 0.00 0.0 0 16.1 29 330 M M 10 1 38 330
21 40 30 35 -9 30 0 0.00 0.0 0 8.1 16 70 M M 7 20 70
22 33 30 32 -12 33 0 0.14 M 0 9.1 18 110 M M 8 1 23 110
23 42 33 38 -7 27 0 0.00 0.0 0 4.4 10 330 M M 10 1 14 110
24 49 36 43 -2 22 0 T 0.0 0 8.7 15 100 M M 7 18 20 120
25 61 39 50 4 15 0 0.00 M M 9.6 16 160 M M 6 128 24 160
26 54 43 49 3 16 0 0.00 0.0 0 8.6 16 180 M M 7 18 22 180
27 58 47 53 7 12 0 0.31 M 0 9.8 18 50 M M 8 1238 24 120
28 73 54 64 17 1 0 0.47 0.0 0 13.3 29 230 M M 7 123 45 220
29 62 42 52 5 13 0 T 0.0 0 20.2 32 280 M M 4 1 46 280
30 64 35 50 3 15 0 0.00 0.0 0 5.1 13 340 M M 0 8 15 340
31 60 38 49 1 16 0 0.00 0.0 0 7.7 16 10 M M 1 23 40
================================================================================
SM 1676 1155 592 0 3.12 M 321.9 M 176
================================================================================
AV 54.1 37.3 10.4 FASTST M M 6 MAX(MPH)
MISC ----> 35 310 48 330
================================================================================
NOTES:
# LAST OF SEVERAL OCCURRENCES
COLUMN 17 PEAK WIND IN M.P.H.
PRELIMINARY LOCAL CLIMATOLOGICAL DATA (WS FORM: F-6) , PAGE 2
STATION: QUINCY IL
MONTH: MARCH
YEAR: 2020
LATITUDE: 39 57 N
LONGITUDE: 91 12 W
[TEMPERATURE DATA] [PRECIPITATION DATA] SYMBOLS USED IN COLUMN 16
AVERAGE MONTHLY: 45.7 TOTAL FOR MONTH: 3.12 1 = FOG OR MIST
DPTR FM NORMAL: 3.8 DPTR FM NORMAL: 0.66 2 = FOG REDUCING VISIBILITY
HIGHEST: 73 ON 28 GRTST 24HR 0.94 ON 9 TO 1/4 MILE OR LESS
LOWEST: 29 ON 7 3 = THUNDER
SNOW, ICE PELLETS, HAIL 4 = ICE PELLETS
TOTAL MONTH: M 5 = HAIL
GRTST 24HR M 6 = FREEZING RAIN OR DRIZZLE
GRTST DEPTH: M 7 = DUSTSTORM OR SANDSTORM:
VSBY 1/2 MILE OR LESS
8 = SMOKE OR HAZE
[NO. OF DAYS WITH] [WEATHER - DAYS WITH] 9 = BLOWING SNOW
X = TORNADO
MAX 32 OR BELOW: 0 0.01 INCH OR MORE: 9
MAX 90 OR ABOVE: 0 0.10 INCH OR MORE: 9
MIN 32 OR BELOW: 8 0.50 INCH OR MORE: 1
MIN 0 OR BELOW: 0 1.00 INCH OR MORE: 0
[HDD (BASE 65) ]
TOTAL THIS MO. 592 CLEAR (SCALE 0-3) 11
DPTR FM NORMAL -126 PTCLDY (SCALE 4-7) 8
TOTAL FM JUL 1 4743 CLOUDY (SCALE 8-10) 12
DPTR FM NORMAL -318
[CDD (BASE 65) ]
TOTAL THIS MO. 0
DPTR FM NORMAL -2 [PRESSURE DATA]
TOTAL FM JAN 1 0 HIGHEST SLP 30.64 ON 15
DPTR FM NORMAL -2 LOWEST SLP 29.41 ON 28
[REMARKS]
#FINAL-03-20#