000
CXUS53 KSGF 010710
CF6UNO
PRELIMINARY LOCAL CLIMATOLOGICAL DATA (WS FORM: F-6)
STATION: WEST PLAINS MO
MONTH: JUNE
YEAR: 2022
LATITUDE: 36 52 N
LONGITUDE: 91 55 W
TEMPERATURE IN F: :PCPN: SNOW: WIND :SUNSHINE: SKY :PK WND
================================================================================
1 2 3 4 5 6A 6B 7 8 9 10 11 12 13 14 15 16 17 18
12Z AVG MX 2MIN
DY MAX MIN AVG DEP HDD CDD WTR SNW DPTH SPD SPD DIR MIN PSBL S-S WX SPD DR
================================================================================
1 81 67 74 4 0 9 0.28 M M 4.9 13 50 M M 4 13 19 70
2 76 55 66 -4 0 1 0.00 M M 5.2 12 350 M M 3 18 16 360
3 78 51 65 -6 0 0 0.00 M M 3.5 14 50 M M 0 19 40
4 80 51 66 -5 0 1 0.00 M M 3.5 14 110 M M 1 20 100
5 82 55 69 -2 0 4 0.00 M M 3.6 14 170 M M 2 20 120
6 78 67 73 1 0 8 0.33 M M 4.5 12 210 M M 7 13 17 210
7 84 65 75 3 0 10 0.00 M M 2.5 14 360 M M 1 123 19 350
8 79 63 71 -1 0 6 0.00 M M 4.6 13 320 M M 3 12 20 360
9 82 60 71 -1 0 6 0.00 M M 2.3 8 40 M M 1 12 50
10 80 61 71 -2 0 6 0.02 M M 5.1 13 170 M M 3 1 19 180
11 88 65 77 4 0 12 0.04 M M 4.8 10 210 M M 3 1 15 220
12 93 73 83 10 0 18 0.00 M M 7.3 15 180 M M 4 24 170
13 96 75 86 12 0 21 0.00 M M 7.4 14 180 M M 0 21 190
14 93 74 84 10 0 19 0.00 M M 8.9 15 210 M M 0 23 210
15 93 74 84 10 0 19 0.00 M M 8.9 17 190 M M 0 25 180
16 93 72 83 9 0 18 0.00 M M 4.4 10 270 M M 1 16 270
17 96 76 86 12 0 21 0.00 M M 3.2 9 220 M M 1 1 15 340
18 92 68 80 5 0 15 0.00 M M 5.3 13 60 M M 1 19 50
19 87 58 73 -2 0 8 0.00 M M 3.8 10 110 M M 0 14 130
20 92 54 73 -2 0 8 0.00 M M 3.8 13 190 M M 0 17 140
21 95 67 81 6 0 16 0.00 M M 3.8 14 210 M M 0 19 230
22 94 71 83 8 0 18 0.00 M M 4.8 16 10 M M 0 3 21 40
23 93 68 81 5 0 16 0.00 M M 4.1 13 20 M M 0 18 110
24 93 63 78 2 0 13 0.00 M M 4.9 13 190 M M 1 19 200
25 99 73 86 10 0 21 0.00 M M 6.4 13 210 M M 1 19 210
26 83 65 74 -2 0 9 0.00 M M 7.2 23 320 M M 3 32 320
27 85 60 73 -3 0 8 0.00 M M 6.8 16 50 M M 0 23 60
28 84 57 71 -5 0 6 0.00 M M 3.4 12 110 M M 0 17 120
29 91 52 72 -5 0 7 0.00 M M 1.7 12 90 M M 0 17 80
30 93 52 73 -4 0 8 0.00 M M 5.4 15 170 M M 1 21 150
================================================================================
SM 2633 1912 0 332 0.67 M 146.0 M 41
================================================================================
AV 87.8 63.7 4.9 FASTST M M 1 MAX(MPH)
MISC ----> 23 320 32 320
================================================================================
NOTES:
# LAST OF SEVERAL OCCURRENCES
COLUMN 17 PEAK WIND IN M.P.H.
PRELIMINARY LOCAL CLIMATOLOGICAL DATA (WS FORM: F-6) , PAGE 2
STATION: WEST PLAINS MO
MONTH: JUNE
YEAR: 2022
LATITUDE: 36 52 N
LONGITUDE: 91 55 W
[TEMPERATURE DATA] [PRECIPITATION DATA] SYMBOLS USED IN COLUMN 16
AVERAGE MONTHLY: 75.8 TOTAL FOR MONTH: 0.67 1 = FOG OR MIST
DPTR FM NORMAL: 1.8 DPTR FM NORMAL: -3.37 2 = FOG REDUCING VISIBILITY
HIGHEST: 99 ON 25 GRTST 24HR 0.33 ON 6- 6 TO 1/4 MILE OR LESS
LOWEST: 51 ON 4, 3 3 = THUNDER
SNOW, ICE PELLETS, HAIL 4 = ICE PELLETS
TOTAL MONTH: M 5 = HAIL
GRTST 24HR M ON M 6 = FREEZING RAIN OR DRIZZLE
GRTST DEPTH: M ON M 7 = DUSTSTORM OR SANDSTORM:
VSBY 1/2 MILE OR LESS
8 = SMOKE OR HAZE
[NO. OF DAYS WITH] [WEATHER - DAYS WITH] 9 = BLOWING SNOW
X = TORNADO
MAX 32 OR BELOW: 0 0.01 INCH OR MORE: 4
MAX 90 OR ABOVE: 15 0.10 INCH OR MORE: 2
MIN 32 OR BELOW: 0 0.50 INCH OR MORE: 0
MIN 0 OR BELOW: 0 1.00 INCH OR MORE: 0
[HDD (BASE 65) ]
TOTAL THIS MO. 0 CLEAR (SCALE 0-3) 24
DPTR FM NORMAL -5 PTCLDY (SCALE 4-7) 6
TOTAL FM JUL 1 3725 CLOUDY (SCALE 8-10) 0
DPTR FM NORMAL -534
[CDD (BASE 65) ]
TOTAL THIS MO. 332
DPTR FM NORMAL 61 [PRESSURE DATA]
TOTAL FM JAN 1 497 HIGHEST SLP M ON M
DPTR FM NORMAL 96 LOWEST SLP 29.69 ON 6
[REMARKS]
#FINAL-06-22#