000
CXUS53 KUNR 011030
CF6UNR
PRELIMINARY LOCAL CLIMATOLOGICAL DATA (WS FORM: F-6)
STATION: EAST RAPID CITY SD
MONTH: NOVEMBER
YEAR: 2021
LATITUDE: 44 4 N
LONGITUDE: 103 13 W
TEMPERATURE IN F: :PCPN: SNOW: WIND :SUNSHINE: SKY :PK WND
================================================================================
1 2 3 4 5 6A 6B 7 8 9 10 11 12 13 14 15 16 17 18
12Z AVG MX 2MIN
DY MAX MIN AVG DEP HDD CDD WTR SNW DPTH SPD SPD DIR MIN PSBL S-S WX SPD DR
================================================================================
1 43 29 36 -6 29 0 0.00 0.0 0 3.7 10 360 M M M 14 10
2 50 25 38 -4 27 0 0.00 0.0 0 4.1 13 140 M M M 17 140
3 61 30 46 5 19 0 0.00 0.0 0 5.4 12 140 M M M 16 260
4 66 41 54 13 11 0 0.00 0.0 0 5.8 14 130 M M M 20 140
5 67 47 57 16 8 0 0.00 0.0 0 7.7 22 330 M M M 31 320
6 75 41 58 18 7 0 0.00 0.0 0 5.9 14 220 M M M 24 230
7 65 43 54 14 11 0 T 0.0 0 10.3 26 330 M M M 40 350
8 46 34 40 0 25 0 0.21 T 0 6.8 18 340 M M M 28 330
9 57 33 45 6 20 0 0.02 0.0 0 8.7 21 150 M M M 30 150
10 50 39 45 6 20 0 0.03 0.0 0 14.4 34 330 M M M 46 330
11 42 27 35 -3 30 0 0.00 0.0 0 25.1 45 320 M M M 66 320
12 41 23 32 -6 33 0 0.00 0.0 0 13.7 34 330 M M M 52 320
13 64 28 46 8 19 0 T 0.0 0 14.8 44 320 M M M 58 320
14 61 41 51 14 14 0 T 0.0 0 5.0 9 150 M M M 14 280
15 69 51 60 23 5 0 0.00 0.0 0 6.0 13 300 M M M 25 230
16 69 34 52 15 13 0 0.00 0.0 0 14.3 38 330 M M M 56 330
17 36 26 31 -5 34 0 0.00 0.0 0 14.0 36 300 M M M 54 320
18 45 20 33 -3 32 0 0.00 0.0 0 7.4 23 160 M M M 33 150
19 52 30 41 5 24 0 0.00 0.0 0 5.1 12 300 M M M 14 260
20 45 34 40 5 25 0 T 0.0 0 6.4 18 320 M M M 25 320
21 42 30 36 1 29 0 0.00 0.0 0 7.2 22 330 M M M 30 340
22 58 35 47 13 18 0 0.00 0.0 0 5.1 12 150 M M M 15 150
23 63 38 51 17 14 0 0.00 0.0 0 7.7 18 280 M M M 28 270
24 43 17 30 -4 35 0 T 0.0 0 14.5 29 360 M M M 43 340
25 48 12 30 -3 35 0 0.00 0.0 0 5.3 14 130 M M M 17 150
26 67 45 56 23 9 0 0.00 0.0 0 6.7 15 330 M M M 20 300
27 52 32 42 10 23 0 0.00 0.0 0 9.9 25 320 M M M 35 330
28 65 27 46 14 19 0 0.00 0.0 0 4.9 12 310 M M M 16 300
29 61 45 53 21 12 0 T 0.0 0 9.8 22 330 M M M 32 340
30 56 38 47 15 18 0 T 0.0 0 8.9 23 330 M M M 31 330
================================================================================
SM 1659 995 618 0 0.26 T 264.6 M M
================================================================================
AV 55.3 33.2 8.8 FASTST M M M MAX(MPH)
MISC ----> 45 320 66 320
================================================================================
NOTES:
# LAST OF SEVERAL OCCURRENCES
COLUMN 17 PEAK WIND IN M.P.H.
PRELIMINARY LOCAL CLIMATOLOGICAL DATA (WS FORM: F-6) , PAGE 2
STATION: EAST RAPID CITY SD
MONTH: NOVEMBER
YEAR: 2021
LATITUDE: 44 4 N
LONGITUDE: 103 13 W
[TEMPERATURE DATA] [PRECIPITATION DATA] SYMBOLS USED IN COLUMN 16
AVERAGE MONTHLY: 44.2 TOTAL FOR MONTH: 0.26 1 = FOG OR MIST
DPTR FM NORMAL: 7.4 DPTR FM NORMAL: -0.22 2 = FOG REDUCING VISIBILITY
HIGHEST: 75 ON 6 GRTST 24HR 0.21 ON 8- 8 TO 1/4 MILE OR LESS
LOWEST: 12 ON 25 3 = THUNDER
SNOW, ICE PELLETS, HAIL 4 = ICE PELLETS
TOTAL MONTH: T 5 = HAIL
GRTST 24HR T ON 8- 8 6 = FREEZING RAIN OR DRIZZLE
GRTST DEPTH: 0 7 = DUSTSTORM OR SANDSTORM:
VSBY 1/2 MILE OR LESS
8 = SMOKE OR HAZE
[NO. OF DAYS WITH] [WEATHER - DAYS WITH] 9 = BLOWING SNOW
X = TORNADO
MAX 32 OR BELOW: 0 0.01 INCH OR MORE: 3
MAX 90 OR ABOVE: 0 0.10 INCH OR MORE: 1
MIN 32 OR BELOW: 14 0.50 INCH OR MORE: 0
MIN 0 OR BELOW: 0 1.00 INCH OR MORE: 0
[HDD (BASE 65) ]
TOTAL THIS MO. 618 CLEAR (SCALE 0-3) 0
DPTR FM NORMAL -228 PTCLDY (SCALE 4-7) 0
TOTAL FM JUL 1 1047 CLOUDY (SCALE 8-10) 30
DPTR FM NORMAL -506
[CDD (BASE 65) ]
TOTAL THIS MO. 0
DPTR FM NORMAL 0 [PRESSURE DATA]
TOTAL FM JAN 1 1128 HIGHEST SLP M ON M
DPTR FM NORMAL 449 LOWEST SLP 29.12 ON 16
[REMARKS]
#FINAL-11-21#