000
CXUS54 KHGX 021158
CF6UTS
PRELIMINARY LOCAL CLIMATOLOGICAL DATA (WS FORM: F-6)
STATION: HUNTSVILLE
MONTH: FEBRUARY
YEAR: 2023
LATITUDE: 30 45 N
LONGITUDE: 95 35 W
TEMPERATURE IN F: :PCPN: SNOW: WIND :SUNSHINE: SKY :PK WND
================================================================================
1 2 3 4 5 6A 6B 7 8 9 10 11 12 13 14 15 16 17 18
12Z AVG MX 2MIN
DY MAX MIN AVG DEP HDD CDD WTR SNW DPTH SPD SPD DIR MIN PSBL S-S WX SPD DR
================================================================================
1 37 33 35 -17 30 0 0.66 0.0 0 5.7 12 10 M M 10 1 22 330
2 41 36 39 -14 26 0 0.89 0.0 0 6.7 14 340 M M 10 13 23 340
3 57 38 48 -5 17 0 0.00 0.0 0 4.1 14 330 M M 5 1 20 340
4 63 33 48 -5 17 0 0.00 0.0 0 4.2 14 190 M M 0 1 19 150
5 73 49 61 8 4 0 0.00 0.0 0 5.2 14 210 M M 2 8 23 200
6 75 57 66 13 0 1 0.00 0.0 0 8.4 20 190 M M 5 30 200
7 74 62 68 15 0 3 T 0.0 0 6.7 13 120 M M 9 22 160
8 71 43 57 3 8 0 0.33 0.0 0 7.0 16 290 M M 8 13 24 300
9 72 41 57 3 8 0 0.00 0.0 0 4.4 9 160 M M 0 1 16 220
10 54 39 47 -7 18 0 0.00 0.0 0 8.1 18 310 M M 5 29 300
11 52 39 46 -8 19 0 0.00 0.0 0 6.3 14 320 M M 7 22 330
12 67 35 51 -3 14 0 0.00 0.0 0 2.5 10 280 M M 0 8 16 280
13 72 43 58 4 7 0 0.00 0.0 0 4.9 12 160 M M 0 18 160
14 80 61 71 16 0 6 0.07 0.0 0 10.0 23 230 M M 5 1 37 270
15 80 63 72 17 0 7 0.00 0.0 0 8.4 16 180 M M 7 18 27 180
16 74 42 58 3 7 0 0.06 0.0 0 11.5 22 320 M M 8 138 33 320
17 53 34 44 -11 21 0 0.00 0.0 0 6.1 15 330 M M 0 27 20
18 56 30 43 -13 22 0 0.00 0.0 0 3.0 12 200 M M 0 16 210
19 74 46 60 4 5 0 0.00 0.0 0 5.9 15 240 M M 1 23 220
20 83 61 72 16 0 7 0.00 0.0 0 12.7 22 240 M M 6 1 35 220
21 82 67 75 19 0 10 0.00 0.0 0 14.4 23 180 M M 2 39 180
22 85 71 78 22 0 13 0.28 0.0 0 11.0 21 190 M M 5 18 33 180
23 81 66 74 17 0 9 T 0.0 0 5.3 13 340 M M 8 18 22 160
24 80 62 71 14 0 6 0.00 0.0 0 4.2 10 350 M M 9 17 340
25 79 57 68 11 0 3 0.00 0.0 0 3.0 9 340 M M 7 15 170
26 84 70 77 20 0 12 0.00 0.0 0 10.5 22 180 M M 6 1 34 210
27 80 56 68 10 0 3 T 0.0 0 7.7 24 200 M M 5 8 35 190
28 87 55 71 13 0 6 0.00 0.0 0 6.5 13 180 M M 3 128 19 170
================================================================================
SM 1966 1389 223 86 2.29 0.0 194.4 M 133
================================================================================
AV 70.2 49.6 6.9 FASTST M M 5 MAX(MPH)
MISC ----> 24 200 39 180
================================================================================
NOTES:
# LAST OF SEVERAL OCCURRENCES
COLUMN 17 PEAK WIND IN M.P.H.
PRELIMINARY LOCAL CLIMATOLOGICAL DATA (WS FORM: F-6) , PAGE 2
STATION: HUNTSVILLE
MONTH: FEBRUARY
YEAR: 2023
LATITUDE: 30 45 N
LONGITUDE: 95 35 W
[TEMPERATURE DATA] [PRECIPITATION DATA] SYMBOLS USED IN COLUMN 16
AVERAGE MONTHLY: 59.9 TOTAL FOR MONTH: 2.29 1 = FOG OR MIST
DPTR FM NORMAL: 5.0 DPTR FM NORMAL: -0.58 2 = FOG REDUCING VISIBILITY
HIGHEST: 87 ON 28 GRTST 24HR 1.02 ON 1- 2 TO 1/4 MILE OR LESS
LOWEST: 30 ON 18 3 = THUNDER
SNOW, ICE PELLETS, HAIL 4 = ICE PELLETS
TOTAL MONTH: 0.0 INCH 5 = HAIL
GRTST 24HR 0.0 6 = FREEZING RAIN OR DRIZZLE
GRTST DEPTH: 0 7 = DUSTSTORM OR SANDSTORM:
VSBY 1/2 MILE OR LESS
8 = SMOKE OR HAZE
[NO. OF DAYS WITH] [WEATHER - DAYS WITH] 9 = BLOWING SNOW
X = TORNADO
MAX 32 OR BELOW: 0 0.01 INCH OR MORE: 6
MAX 90 OR ABOVE: 0 0.10 INCH OR MORE: 4
MIN 32 OR BELOW: 1 0.50 INCH OR MORE: 2
MIN 0 OR BELOW: 0 1.00 INCH OR MORE: 0
[HDD (BASE 65) ]
TOTAL THIS MO. 223 CLEAR (SCALE 0-3) 10
DPTR FM NORMAL -82 PTCLDY (SCALE 4-7) 13
TOTAL FM JUL 1 1137 CLOUDY (SCALE 8-10) 5
DPTR FM NORMAL -278
[CDD (BASE 65) ]
TOTAL THIS MO. 86
DPTR FM NORMAL 64 [PRESSURE DATA]
TOTAL FM JAN 1 122 HIGHEST SLP 30.57 ON 3
DPTR FM NORMAL 83 LOWEST SLP 29.60 ON 22
[REMARKS]
#FINAL-02-23#