000
CXUS54 KEWX 051820
CF6UVA
PRELIMINARY LOCAL CLIMATOLOGICAL DATA (WS FORM: F-6)
STATION: UVALDE
MONTH: JULY
YEAR: 2022
LATITUDE: 29 12 N
LONGITUDE: 99 44 W
TEMPERATURE IN F: :PCPN: SNOW: WIND :SUNSHINE: SKY :PK WND
================================================================================
1 2 3 4 5 6A 6B 7 8 9 10 11 12 13 14 15 16 17 18
12Z AVG MX 2MIN
DY MAX MIN AVG DEP HDD CDD WTR SNW DPTH SPD SPD DIR MIN PSBL S-S WX SPD DR
================================================================================
1 102 75 89 M 0 24 0.00 M M 7.9 18 140 M M 1 22 140
2 101 71 86 M 0 21 1.27 M M 8.5 14 270 M M 3 3 28 170
3 96 71 84 M 0 19 0.35 M M 7.1 16 130 M M 4 3 23 60
4 98 73 86 M 0 21 0.00 M M 8.9 18 120 M M 4 25 110
5 101 74 88 M 0 23 0.00 M M 9.7 20 130 M M 4 28 130
6 100 74 87 M 0 22 0.00 M M 8.1 14 140 M M 0 22 130
7 101 75 88 M 0 23 0.00 0.0 M 8.6 17 120 M M 1 27 190
8 101 76 89 M 0 24 0.00 0.0 M 6.8 17 140 M M 1 22 130
9 103 76 90 M 0 25 0.00 M M 5.2 10 80 M M 0 20 120
10 104 75 90 M 0 25 0.00 M M 5.0 10 30 M M 1 35 60
11 107 77 92 M 0 27 0.00 M M 9.2 9 150 M M 0 M M
12 103 80 92 M 0 27 0.00 0.0 M 7.2 12 90 M M 2 21 130
13 104 76 90 M 0 25 0.00 0.0 M 6.9 14 100 M M 1 23 100
14 102 73 88 M 0 23 0.00 M M 7.8 28 40 M M 1 36 40
15 98 72 85 M 0 20 0.00 M M 6.8 20 110 M M 1 24 110
16 80 73 77 M 0 12 0.00 M M 5.6 8 50 M M 1 M M
17 102 70 86 M 0 21 0.00 M M 7.8 13 130 M M 0 25 130
18 102 73 88 M 0 23 0.00 M M 7.0 18 140 M M 0 22 140
19 103 75 89 M 0 24 0.00 M M 8.3 15 120 M M 0 24 120
20 104 76 90 M 0 25 0.00 M M 9.1 20 120 M M 0 25 120
21 99 78 89 M 0 24 0.00 M M 10.4 22 120 M M 6 29 120
22 101 76 89 M 0 24 0.00 M M 9.6 17 120 M M 5 30 130
23 100 74 87 M 0 22 0.00 M M 10.7 20 130 M M 3 30 140
24 102 75 89 M 0 24 0.00 M M 10.9 18 130 M M 3 28 120
25 101 73 87 M 0 22 0.00 M M 10.8 17 140 M M 1 25 150
26 101 74 88 M 0 23 0.00 M M 10.1 18 130 M M 1 23 130
27 99 75 87 M 0 22 0.00 M M 9.5 17 130 M M 1 27 140
28 100 75 88 M 0 23 0.00 M M 10.2 16 120 M M 2 24 120
29 101 74 88 M 0 23 0.00 M M 10.1 18 140 M M 2 23 170
30 101 74 88 M 0 23 0.00 M M 10.4 17 140 M M 0 23 130
31 100 72 86 M 0 21 0.00 M M 8.5 15 130 M M 1 24 130
================================================================================
SM 3117 2305 0 705 1.62 0.0 262.8 M 50
================================================================================
AV100.5 74.4 8.5 FASTST M M 2 MAX(MPH)
MISC ----> 28 40 36 40
================================================================================
NOTES:
# LAST OF SEVERAL OCCURRENCES
COLUMN 17 PEAK WIND IN M.P.H.
PRELIMINARY LOCAL CLIMATOLOGICAL DATA (WS FORM: F-6) , PAGE 2
STATION: UVALDE
MONTH: JULY
YEAR: 2022
LATITUDE: 29 12 N
LONGITUDE: 99 44 W
[TEMPERATURE DATA] [PRECIPITATION DATA] SYMBOLS USED IN COLUMN 16
AVERAGE MONTHLY: 87.5 TOTAL FOR MONTH: 1.62 1 = FOG OR MIST
DPTR FM NORMAL: 0.0 DPTR FM NORMAL: M 2 = FOG REDUCING VISIBILITY
HIGHEST: 107 ON 11 GRTST 24HR 1.27 ON 2- 2 TO 1/4 MILE OR LESS
LOWEST: 70 ON 17 3 = THUNDER
SNOW, ICE PELLETS, HAIL 4 = ICE PELLETS
TOTAL MONTH: 0.0 INCH 5 = HAIL
GRTST 24HR 0.0 6 = FREEZING RAIN OR DRIZZLE
GRTST DEPTH: M ON M 7 = DUSTSTORM OR SANDSTORM:
VSBY 1/2 MILE OR LESS
8 = SMOKE OR HAZE
[NO. OF DAYS WITH] [WEATHER - DAYS WITH] 9 = BLOWING SNOW
X = TORNADO
MAX 32 OR BELOW: 0 0.01 INCH OR MORE: 2
MAX 90 OR ABOVE: 30 0.10 INCH OR MORE: 2
MIN 32 OR BELOW: 0 0.50 INCH OR MORE: 1
MIN 0 OR BELOW: 0 1.00 INCH OR MORE: 1
[HDD (BASE 65) ]
TOTAL THIS MO. 0 CLEAR (SCALE 0-3) 25
DPTR FM NORMAL M PTCLDY (SCALE 4-7) 6
TOTAL FM JUL 1 0 CLOUDY (SCALE 8-10) 0
DPTR FM NORMAL M
[CDD (BASE 65) ]
TOTAL THIS MO. 705
DPTR FM NORMAL M [PRESSURE DATA]
TOTAL FM JAN 1 2253 HIGHEST SLP M ON M
DPTR FM NORMAL M LOWEST SLP M ON M
[REMARKS]
#FINAL-07-22#