000
CXUS56 KSTO 021552
CF6VCB
PRELIMINARY LOCAL CLIMATOLOGICAL DATA (WS FORM: F-6)
STATION: VACAVILLE
MONTH: MAY
YEAR: 2021
LATITUDE: 38 22 N
LONGITUDE: 121-58 E
TEMPERATURE IN F: :PCPN: SNOW: WIND :SUNSHINE: SKY :PK WND
================================================================================
1 2 3 4 5 6A 6B 7 8 9 10 11 12 13 14 15 16 17 18
12Z AVG MX 2MIN
DY MAX MIN AVG DEP HDD CDD WTR SNW DPTH SPD SPD DIR MIN PSBL S-S WX SPD DR
================================================================================
1 86 47 67 4 0 2 0.00 M M 8.2 20 220 M M 0 28 220
2 86 50 68 5 0 3 0.00 M M 10.5 21 360 M M 0 32 350
3 92 68 80 17 0 15 0.00 M M 14.6 31 350 M M 0 39 360
4 93 57 75 12 0 10 0.00 M M 5.3 14 10 M M 0 20 10
5 95 52 74 10 0 9 0.00 M M 5.3 13 230 M M 0 18 240
6 85 47 66 2 0 1 0.00 M M 9.3 21 210 M M 0 26 220
7 82 50 66 2 0 1 0.00 0.0 M 7.5 22 340 M M 0 31 340
8 90 65 78 14 0 13 0.00 0.0 M 17.0 32 350 M M 0 42 350
9 90 63 77 13 0 12 0.00 0.0 M 10.4 24 350 M M 0 31 340
10 92 59 76 11 0 11 0.00 0.0 M 12.3 29 360 M M 0 36 360
11 95 50 73 8 0 8 0.00 0.0 M 4.6 15 250 M M 0 19 30
12 95 50 73 8 0 8 0.00 0.0 M 5.8 14 250 M M 0 19 180
13 88 53 71 6 0 6 0.00 M M 7.7 12 230 M M 0 18 200
14 83 51 67 1 0 2 0.00 0.0 M 10.7 25 210 M M 0 35 220
15 73 51 62 -4 3 0 0.00 0.0 M 7.4 23 220 M M 1 32 200
16 78 54 66 0 0 1 0.00 0.0 M 14.5 24 210 M M 0 34 210
17 78 51 65 -1 0 0 0.00 0.0 M 10.5 21 220 M M 0 27 220
18 88 46 67 1 0 2 0.00 0.0 M 9.4 24 220 M M 0 29 210
19 78 51 65 -2 0 0 0.00 0.0 M 11.2 22 230 M M 0 30 210
20 72 51 62 -5 3 0 0.00 M M 11.2 20 310 M M 1 33 300
21 76 54 65 -2 0 0 0.00 0.0 M 11.8 25 350 M M 0 34 360
22 79 44 62 -5 3 0 0.00 0.0 M 7.5 22 230 M M 1 28 220
23 79 51 65 -3 0 0 0.00 M M 8.9 21 210 M M 0 28 220
24 88 49 69 1 0 4 0.00 M M 5.1 16 270 M M 0 24 270
25 83 61 72 4 0 7 0.00 0.0 M 7.6 17 220 M M 0 22 210
26 89 51 70 2 0 5 0.00 0.0 M 6.8 17 240 M M 0 22 220
27 88 52 70 2 0 5 0.00 M M 6.7 18 230 M M 0 25 210
28 87 58 73 4 0 8 0.00 0.0 M 6.9 15 230 M M 0 20 220
29 88 55 72 3 0 7 0.00 0.0 M 10.7 21 210 M M 0 29 210
30 101 53 77 8 0 12 0.00 0.0 M 3.9 12 310 M M 0 14 320
31 104 58 81 12 0 16 0.00 0.0 M 5.0 14 260 M M 0 17 250
================================================================================
SM 2681 1652 9 168 0.00 0.0 274.2 M 3
================================================================================
AV 86.5 53.3 8.8 FASTST M M 0 MAX(MPH)
MISC ----> 32 350 42 350
================================================================================
NOTES:
# LAST OF SEVERAL OCCURRENCES
COLUMN 17 PEAK WIND IN M.P.H.
PRELIMINARY LOCAL CLIMATOLOGICAL DATA (WS FORM: F-6) , PAGE 2
STATION: VACAVILLE
MONTH: MAY
YEAR: 2021
LATITUDE: 38 22 N
LONGITUDE: 121-58 E
[TEMPERATURE DATA] [PRECIPITATION DATA] SYMBOLS USED IN COLUMN 16
AVERAGE MONTHLY: 69.9 TOTAL FOR MONTH: 0.00 1 = FOG OR MIST
DPTR FM NORMAL: 3.8 DPTR FM NORMAL: -0.81 2 = FOG REDUCING VISIBILITY
HIGHEST: 104 ON 31 GRTST 24HR 0.00 ON 19-19 TO 1/4 MILE OR LESS
LOWEST: 44 ON 22 3 = THUNDER
SNOW, ICE PELLETS, HAIL 4 = ICE PELLETS
TOTAL MONTH: 0.0 INCH 5 = HAIL
GRTST 24HR 0.0 6 = FREEZING RAIN OR DRIZZLE
GRTST DEPTH: M ON M 7 = DUSTSTORM OR SANDSTORM:
VSBY 1/2 MILE OR LESS
8 = SMOKE OR HAZE
[NO. OF DAYS WITH] [WEATHER - DAYS WITH] 9 = BLOWING SNOW
X = TORNADO
MAX 32 OR BELOW: 0 0.01 INCH OR MORE: 0
MAX 90 OR ABOVE: 10 0.10 INCH OR MORE: 0
MIN 32 OR BELOW: 0 0.50 INCH OR MORE: 0
MIN 0 OR BELOW: 0 1.00 INCH OR MORE: 0
[HDD (BASE 65) ]
TOTAL THIS MO. 9 CLEAR (SCALE 0-3) 31
DPTR FM NORMAL -57 PTCLDY (SCALE 4-7) 0
TOTAL FM JUL 1 2150 CLOUDY (SCALE 8-10) 0
DPTR FM NORMAL -289
[CDD (BASE 65) ]
TOTAL THIS MO. 168
DPTR FM NORMAL 70 [PRESSURE DATA]
TOTAL FM JAN 1 186 HIGHEST SLP 30.12 ON 23
DPTR FM NORMAL 68 LOWEST SLP 29.73 ON 30
[REMARKS]
#FINAL-05-21#