000
CXUS56 KSTO 172212
CF6VCB
PRELIMINARY LOCAL CLIMATOLOGICAL DATA (WS FORM: F-6)
STATION: VACAVILLE AIRPORT CA
MONTH: MARCH
YEAR: 2020
LATITUDE: 38 22 N
LONGITUDE: 121 58 W
TEMPERATURE IN F: :PCPN: SNOW: WIND :SUNSHINE: SKY :PK WND
================================================================================
1 2 3 4 5 6A 6B 7 8 9 10 11 12 13 14 15 16 17 18
12Z AVG MX 2MIN
DY MAX MIN AVG DEP HDD CDD WTR SNW DPTH SPD SPD DIR MIN PSBL S-S WX SPD DR
================================================================================
1 62 47 55 2 10 0 0.00 0.0 0 14.3 26 350 M M 5 35 360
2 73 51 62 9 3 0 0.00 0.0 0 21.7 35 360 M M 0 44 350
3 83 47 65 11 0 0 0.00 0.0 0 6.1 21 360 M M 0 29 360
4 79 42 61 7 4 0 0.00 0.0 0 2.6 9 20 M M 0 13 20
5 73 42 58 4 7 0 0.00 0.0 0 6.3 16 220 M M 0 20 210
6 62 44 53 -1 12 0 0.00 0.0 0 11.5 20 250 M M 1 25 220
7 61 39 50 -4 15 0 0.02 M 0 7.6 17 240 M M 5 18 22 230
8 59 37 48 -6 17 0 T M M 2.7 9 200 M M 7 13 210
9 69 45 57 3 8 0 0.00 0.0 0 3.7 12 20 M M 2 16 40
10 78 45 62 8 3 0 0.00 0.0 0 8.5 22 350 M M 0 28 360
11 75 44 60 6 5 0 0.00 0.0 0 3.7 12 220 M M 0 15 140
12 83 45 64 10 1 0 0.00 0.0 0 6.0 18 10 M M 0 25 360
13 66 43 55 1 10 0 0.00 0.0 0 14.2 31 240 M M 2 38 240
14 56 46 51 -4 14 0 T 0.0 0 9.1 20 230 M M 8 1 27 240
15 57 45 51 -4 14 0 M 0.0 0 9.9 22 220 M M 10 18 31 220
16 49 40 45 -10 20 0 M 0.0 0 4.0 12 60 M M 9 1 15 60
17 57 41 49 -6 16 0 0.00 0.0 0 3.4 10 170 M M 8 13 180
18 55 44 50 -5 15 0 T 0.0 0 3.2 10 330 M M 10 1 13 340
19 62 35 49 -6 16 0 0.00 0.0 0 2.3 8 30 M M 2 1 13 50
20 65 37 51 -4 14 0 0.00 0.0 0 3.8 9 20 M M 1 14 50
21 66 38 52 -3 13 0 0.00 0.0 0 2.2 10 170 M M 1 16 120
22 69 38 54 -1 11 0 0.00 0.0 0 3.7 14 350 M M 0 17 350
23 62 45 54 -1 11 0 0.00 0.0 0 12.6 24 210 M M 2 32 220
24 59 38 49 -6 16 0 T 0.0 0 7.6 20 220 M M 6 26 220
25 61 36 49 -6 16 0 T M 0 4.4 21 250 M M 3 24 250
26 63 31 47 -9 18 0 0.00 0.0 0 3.5 16 350 M M 1 25 20
27 63 31 47 -9 18 0 0.00 0.0 0 6.5 20 220 M M 2 26 220
28 58 49 54 -2 11 0 T 0.0 0 6.1 13 240 M M 8 16 220
29 62 47 55 -1 10 0 0.00 0.0 0 4.5 12 250 M M 7 1 14 220
30 67 48 58 2 7 0 0.00 0.0 0 7.0 17 240 M M 5 22 230
31 72 45 59 3 6 0 0.00 0.0 0 8.8 21 230 M M 5 26 230
================================================================================
SM 2026 1305 341 0 0.02 0.0 211.5 M 110
================================================================================
AV 65.4 42.1 6.8 FASTST M M 4 MAX(MPH)
MISC ----> # 35 360 # 44 350
================================================================================
NOTES:
# LAST OF SEVERAL OCCURRENCES
COLUMN 17 PEAK WIND IN M.P.H.
PRELIMINARY LOCAL CLIMATOLOGICAL DATA (WS FORM: F-6) , PAGE 2
STATION: VACAVILLE AIRPORT CA
MONTH: MARCH
YEAR: 2020
LATITUDE: 38 22 N
LONGITUDE: 121 58 W
[TEMPERATURE DATA] [PRECIPITATION DATA] SYMBOLS USED IN COLUMN 16
AVERAGE MONTHLY: 53.7 TOTAL FOR MONTH: 0.02 1 = FOG OR MIST
DPTR FM NORMAL: -1.0 DPTR FM NORMAL: -3.28 2 = FOG REDUCING VISIBILITY
HIGHEST: 83 ON 12, 3 GRTST 24HR 0.02 ON 7- 7 TO 1/4 MILE OR LESS
LOWEST: 31 ON 27,26 3 = THUNDER
SNOW, ICE PELLETS, HAIL 4 = ICE PELLETS
TOTAL MONTH: 0.0 INCH 5 = HAIL
GRTST 24HR 0.0 6 = FREEZING RAIN OR DRIZZLE
GRTST DEPTH: 0 7 = DUSTSTORM OR SANDSTORM:
VSBY 1/2 MILE OR LESS
8 = SMOKE OR HAZE
[NO. OF DAYS WITH] [WEATHER - DAYS WITH] 9 = BLOWING SNOW
X = TORNADO
MAX 32 OR BELOW: 0 0.01 INCH OR MORE: 1
MAX 90 OR ABOVE: 0 0.10 INCH OR MORE: 0
MIN 32 OR BELOW: 2 0.50 INCH OR MORE: 0
MIN 0 OR BELOW: 0 1.00 INCH OR MORE: 0
[HDD (BASE 65) ]
TOTAL THIS MO. 341 CLEAR (SCALE 0-3) 17
DPTR FM NORMAL 19 PTCLDY (SCALE 4-7) 10
TOTAL FM JUL 1 2025 CLOUDY (SCALE 8-10) 4
DPTR FM NORMAL -275
[CDD (BASE 65) ]
TOTAL THIS MO. 0
DPTR FM NORMAL -3 [PRESSURE DATA]
TOTAL FM JAN 1 0 HIGHEST SLP 30.33 ON 30
DPTR FM NORMAL -3 LOWEST SLP 29.66 ON 13
[REMARKS]
#FINAL-03-20#