000
CXUS56 KSTO 011300
CF6VCB
PRELIMINARY LOCAL CLIMATOLOGICAL DATA (WS FORM: F-6)
STATION: VACAVILLE
MONTH: SEPTEMBER
YEAR: 2023
LATITUDE: 38 22 N
LONGITUDE: 121-58 E
TEMPERATURE IN F: :PCPN: SNOW: WIND :SUNSHINE: SKY :PK WND
================================================================================
1 2 3 4 5 6A 6B 7 8 9 10 11 12 13 14 15 16 17 18
12Z AVG MX 2MIN
DY MAX MIN AVG DEP HDD CDD WTR SNW DPTH SPD SPD DIR MIN PSBL S-S WX SPD DR
================================================================================
1 76 61 69 -6 0 4 0.00 M M 14.4 25 220 M M 3 35 220
2 79 61 70 -5 0 5 0.00 M M 5.7 13 130 M M 6 19 220
3 83 58 71 -4 0 6 0.00 M M 6.4 18 230 M M 3 25 210
4 88 54 71 -4 0 6 0.00 M M 3.7 16 250 M M 0 20 250
5 91 54 73 -2 0 8 0.00 M M 3.9 13 220 M M 0 16 220
6 90 57 74 -1 0 9 0.00 0.0 M 7.3 15 220 M M 0 20 220
7 90 59 75 0 0 10 0.00 M M 5.6 14 220 M M 0 18 190
8 92 55 74 -1 0 9 0.00 M M 4.3 13 230 M M 0 18 220
9 93 51 72 -2 0 7 0.00 M M 3.6 13 220 M M 0 17 220
10 94 48 71 -3 0 6 0.00 M M 3.4 10 20 M M 0 16 360
11 95 52 74 0 0 9 0.00 M M 3.5 15 220 M M 0 19 210
12 91 54 73 -1 0 8 0.00 M M 4.6 10 220 M M 0 14 220
13 94 55 75 1 0 10 0.00 M M 3.2 12 220 M M 0 23 300
14 93 60 77 3 0 12 0.00 M M 4.5 12 220 M M 0 16 210
15 91 60 76 2 0 11 0.00 0.0 M 4.8 12 230 M M 0 14 240
16 86 61 74 1 0 9 0.00 M M 7.6 16 220 M M 0 22 220
17 85 59 72 -1 0 7 0.00 M M 6.5 18 220 M M 0 24 220
18 87 53 70 -3 0 5 0.00 M M 4.2 17 220 M M 0 24 210
19 86 55 71 -2 0 6 0.00 M M 4.9 13 220 M M 0 8 18 180
20 85 58 72 0 0 7 0.00 M M 7.1 16 210 M M 0 18 24 200
21 82 53 68 -4 0 3 0.00 M M 7.1 20 220 M M 0 29 220
22 81 49 65 -7 0 0 0.00 M M 3.8 12 220 M M 0 8 14 220
23 80 49 65 -7 0 0 0.00 M M 5.8 14 210 M M 0 19 220
24 81 45 63 -9 2 0 0.00 M M 6.9 15 260 M M 0 21 220
25 78 57 68 -3 0 3 0.00 0.0 M 9.3 20 250 M M 1 27 240
26 84 59 72 1 0 7 0.00 M M 3.6 13 250 M M 3 16 240
27 88 49 69 -2 0 4 0.00 M M 3.4 14 240 M M 0 18 230
28 88 50 69 -1 0 4 0.00 M M 2.3 10 360 M M 0 14 350
29 81 50 66 -4 0 1 0.00 M M 8.2 23 220 M M 2 29 220
30 71 56 64 -6 1 0 0.13 M M 3.5 15 230 M M 6 1 19 240
================================================================================
SM 2583 1642 3 176 0.13 0.0 163.1 M 24
================================================================================
AV 86.1 54.7 5.4 FASTST M M 1 MAX(MPH)
MISC ----> 25 220 35 220
================================================================================
NOTES:
# LAST OF SEVERAL OCCURRENCES
COLUMN 17 PEAK WIND IN M.P.H.
PRELIMINARY LOCAL CLIMATOLOGICAL DATA (WS FORM: F-6) , PAGE 2
STATION: VACAVILLE
MONTH: SEPTEMBER
YEAR: 2023
LATITUDE: 38 22 N
LONGITUDE: 121-58 E
[TEMPERATURE DATA] [PRECIPITATION DATA] SYMBOLS USED IN COLUMN 16
AVERAGE MONTHLY: 70.4 TOTAL FOR MONTH: 0.13 1 = FOG OR MIST
DPTR FM NORMAL: -2.7 DPTR FM NORMAL: 0.07 2 = FOG REDUCING VISIBILITY
HIGHEST: 95 ON 11 GRTST 24HR 0.13 ON 30-30 TO 1/4 MILE OR LESS
LOWEST: 45 ON 24 3 = THUNDER
SNOW, ICE PELLETS, HAIL 4 = ICE PELLETS
TOTAL MONTH: 0.0 INCH 5 = HAIL
GRTST 24HR 0.0 6 = FREEZING RAIN OR DRIZZLE
GRTST DEPTH: M ON M 7 = DUSTSTORM OR SANDSTORM:
VSBY 1/2 MILE OR LESS
8 = SMOKE OR HAZE
[NO. OF DAYS WITH] [WEATHER - DAYS WITH] 9 = BLOWING SNOW
X = TORNADO
MAX 32 OR BELOW: 0 0.01 INCH OR MORE: 1
MAX 90 OR ABOVE: 11 0.10 INCH OR MORE: 1
MIN 32 OR BELOW: 0 0.50 INCH OR MORE: 0
MIN 0 OR BELOW: 0 1.00 INCH OR MORE: 0
[HDD (BASE 65) ]
TOTAL THIS MO. 3 CLEAR (SCALE 0-3) 27
DPTR FM NORMAL -3 PTCLDY (SCALE 4-7) 3
TOTAL FM JUL 1 3 CLOUDY (SCALE 8-10) 0
DPTR FM NORMAL 2
[CDD (BASE 65) ]
TOTAL THIS MO. 176
DPTR FM NORMAL -72 [PRESSURE DATA]
TOTAL FM JAN 1 1281 HIGHEST SLP 30.15 ON 26
DPTR FM NORMAL -40 LOWEST SLP 29.66 ON 1
[REMARKS]
#FINAL-09-23#