000
CXUS55 KGJT 011711
CLMVEL
CLIMATE REPORT
NATIONAL WEATHER SERVICE GRAND JUNCTION CO
1011 AM MST MON JAN 01 2024
...................................
...THE VERNAL UT CLIMATE SUMMARY FOR THE MONTH OF DECEMBER 2023...
CLIMATE NORMAL PERIOD 1991 TO 2020
CLIMATE RECORD PERIOD 9999 TO 9999
WEATHER OBSERVED NORMAL DEPART LAST YEAR`S
VALUE DATE(S) VALUE FROM VALUE DATE(S)
NORMAL
................................................................
TEMPERATURE (F)
HIGHEST 50 12/07 MM MM 36 12/02
LOWEST 3 12/25 MM MM -17 12/18
12/26
AVG. MAXIMUM 38.9 31.8 7.1 22.9
AVG. MINIMUM 15.9 12.6 3.3 4.3
MEAN 27.4 22.2 5.2 13.6
DAYS MAX >= 90 0 0.0 0.0 0
DAYS MAX <= 32 6 16.9 -10.9 27
DAYS MIN <= 32 31 30.9 0.1 31
DAYS MIN <= 0 0 4.6 -4.6 8
PRECIPITATION (INCHES)
TOTALS 0.02 0.55 -0.53 0.73
DAILY AVG. 0.00 0.02 -0.02 0.02
DAYS >= .01 1 6.1 -5.1 7
DAYS >= .10 0 1.9 -1.9 4
DAYS >= .50 0 0.3 -0.3 0
DAYS >= 1.00 0 0.0 0.0 0
GREATEST
24 HR. TOTAL 0.02 12/23 TO 12/23 0.25
SNOWFALL (INCHES)
TOTALS MM MM MM MM
SINCE 7/1 MM MM MM MM
SNOWDEPTH AVG. MM MM
DAYS >= 1.0 MM MM MM MM
GREATEST
SNOW DEPTH MM MM MM
24 HR TOTAL MM MM
DEGREE DAYS
HEATING TOTAL 1158 1326 -168 1586
SINCE 7/1 2566 2864 -298 3099
COOLING TOTAL 0 0 0 0
SINCE 1/1 694 670 24 968
................................................................
WIND (MPH)
AVERAGE WIND SPEED 2.9
HIGHEST WIND SPEED/DIRECTION 29/240 DATE 12/07
HIGHEST GUST SPEED/DIRECTION 41/260 DATE 12/07
SKY COVER
POSSIBLE SUNSHINE (PERCENT) MM
AVERAGE SKY COVER 0.25
NUMBER OF DAYS FAIR 22
NUMBER OF DAYS PC 7
NUMBER OF DAYS CLOUDY 2
AVERAGE RH (PERCENT) 66
WEATHER CONDITIONS. NUMBER OF DAYS WITH
THUNDERSTORM 0 MIXED PRECIP 0
HEAVY RAIN 0 RAIN 0
LIGHT RAIN 1 FREEZING RAIN 0
LT FREEZING RAIN 0 HAIL 0
HEAVY SNOW 0 SNOW 0
LIGHT SNOW 5 SLEET 0
FOG 3 FOG W/VIS <= 1/4 MILE 0
HAZE 6
- INDICATES NEGATIVE NUMBERS.
R INDICATES RECORD WAS SET OR TIED.
MM INDICATES DATA IS MISSING.
T INDICATES TRACE AMOUNT.
$$