000
CXUS52 KTAE 010800
CF6VLD
PRELIMINARY LOCAL CLIMATOLOGICAL DATA (WS FORM: F-6)
STATION: VALDOSTA
MONTH: JUNE
YEAR: 2023
LATITUDE: 30 46 N
LONGITUDE: 83 17 W
TEMPERATURE IN F: :PCPN: SNOW: WIND :SUNSHINE: SKY :PK WND
================================================================================
1 2 3 4 5 6A 6B 7 8 9 10 11 12 13 14 15 16 17 18
12Z AVG MX 2MIN
DY MAX MIN AVG DEP HDD CDD WTR SNW DPTH SPD SPD DIR MIN PSBL S-S WX SPD DR
================================================================================
1 83 64 74 -3 0 9 0.03 M M 5.0 13 140 M M 5 17 10
2 87 61 74 -3 0 9 0.00 0.0 0 6.5 15 30 M M 2 20 40
3 88 63 76 -1 0 11 T 0.0 0 4.7 16 20 M M 3 13 20 10
4 87 67 77 0 0 12 0.04 0.0 0 6.6 17 30 M M 5 24 20
5 86 65 76 -2 0 11 0.00 0.0 0 4.5 12 60 M M 1 18 50
6 92 61 77 -1 0 12 0.00 0.0 0 2.0 12 190 M M 1 1 15 190
7 90 67 79 1 0 14 0.00 0.0 0 2.0 10 210 M M 1 18 15 200
8 93 69 81 3 0 16 0.00 0.0 0 2.0 10 210 M M 3 13 17 190
9 93 70 82 4 0 17 0.00 0.0 0 2.4 15 360 M M 2 128 23 10
10 87 68 78 0 0 13 0.33 0.0 0 3.4 14 170 M M 5 38 17 210
11 93 69 81 2 0 16 T 0.0 0 3.6 10 230 M M 4 38 18 210
12 91 71 81 2 0 16 0.26 0.0 0 3.7 12 210 M M 2 138 23 210
13 93 70 82 3 0 17 0.17 0.0 0 2.0 9 190 M M 3 13 17 280
14 90 68 79 0 0 14 0.89 0.0 M 5.2 16 190 M M 4 13 25 350
15 82 66 74 -5 0 9 4.14 0.0 M 7.8 30 10 M M 5 123 40 10
16 88 70 79 0 0 14 0.12 0.0 M 3.1 15 190 M M 4 13 18 280
17 91 70 81 2 0 16 0.51 0.0 M 1.9 15 10 M M 4 13 19 30
18 93 68 81 1 0 16 T 0.0 M 1.5 9 130 M M 1 1 12 120
19 87 69 78 -2 0 13 0.24 0.0 M 2.4 12 180 M M 2 138 17 260
20 92 72 82 2 0 17 0.03 M M 4.3 14 180 M M 6 13 20 180
21 82 70 76 -4 0 11 1.59 M M 6.7 21 180 M M 7 123 31 190
22 86 70 78 -2 0 13 1.02 0.0 M 9.3 20 160 M M 6 123 25 180
23 91 72 82 2 0 17 1.35 0.0 0 5.1 17 190 M M 6 123 22 190
24 90 72 81 1 0 16 0.00 M M 1.6 7 350 M M 4 1 12 330
25 94 69 82 2 0 17 0.00 0.0 0 1.5 9 360 M M 1 1 13 20
26 95 72 84 4 0 19 0.00 0.0 0 3.5 12 190 M M 0 17 210
27 96 78 87 7 0 22 0.00 M M 2.3 7 240 M M 5 3 13 230
28 95 73 84 4 0 19 0.00 0.0 0 2.4 13 360 M M 1 17 10
29 95 69 82 2 0 17 0.00 0.0 M 2.9 12 20 M M 1 1 15 30
30 95 71 83 3 0 18 0.00 0.0 M 0.9 10 10 M M 1 18 15 20
================================================================================
SM 2705 2064 0 441 10.72 0.0 110.8 M 95
================================================================================
AV 90.2 68.8 3.7 FASTST M M 3 MAX(MPH)
MISC ----> 30 10 40 10
================================================================================
NOTES:
# LAST OF SEVERAL OCCURRENCES
COLUMN 17 PEAK WIND IN M.P.H.
PRELIMINARY LOCAL CLIMATOLOGICAL DATA (WS FORM: F-6) , PAGE 2
STATION: VALDOSTA
MONTH: JUNE
YEAR: 2023
LATITUDE: 30 46 N
LONGITUDE: 83 17 W
[TEMPERATURE DATA] [PRECIPITATION DATA] SYMBOLS USED IN COLUMN 16
AVERAGE MONTHLY: 79.5 TOTAL FOR MONTH: 10.72 1 = FOG OR MIST
DPTR FM NORMAL: 0.5 DPTR FM NORMAL: 3.64 2 = FOG REDUCING VISIBILITY
HIGHEST: 96 ON 27 GRTST 24HR 4.99 ON 14-15 TO 1/4 MILE OR LESS
LOWEST: 61 ON 6, 2 3 = THUNDER
SNOW, ICE PELLETS, HAIL 4 = ICE PELLETS
TOTAL MONTH: 0.0 INCH 5 = HAIL
GRTST 24HR 0.0 6 = FREEZING RAIN OR DRIZZLE
GRTST DEPTH: 0 7 = DUSTSTORM OR SANDSTORM:
VSBY 1/2 MILE OR LESS
8 = SMOKE OR HAZE
[NO. OF DAYS WITH] [WEATHER - DAYS WITH] 9 = BLOWING SNOW
X = TORNADO
MAX 32 OR BELOW: 0 0.01 INCH OR MORE: 14
MAX 90 OR ABOVE: 19 0.10 INCH OR MORE: 11
MIN 32 OR BELOW: 0 0.50 INCH OR MORE: 6
MIN 0 OR BELOW: 0 1.00 INCH OR MORE: 4
[HDD (BASE 65) ]
TOTAL THIS MO. 0 CLEAR (SCALE 0-3) 16
DPTR FM NORMAL 0 PTCLDY (SCALE 4-7) 14
TOTAL FM JUL 1 1009 CLOUDY (SCALE 8-10) 0
DPTR FM NORMAL -641
[CDD (BASE 65) ]
TOTAL THIS MO. 441
DPTR FM NORMAL 21 [PRESSURE DATA]
TOTAL FM JAN 1 1142 HIGHEST SLP 30.09 ON 30
DPTR FM NORMAL 303 LOWEST SLP 29.71 ON 8
[REMARKS]
#FINAL-06-23#