000
CXUS52 KTAE 010900
CF6VLD
PRELIMINARY LOCAL CLIMATOLOGICAL DATA (WS FORM: F-6)
STATION: VALDOSTA
MONTH: JANUARY
YEAR: 2022
LATITUDE: 30 46 N
LONGITUDE: 83 17 W
TEMPERATURE IN F: :PCPN: SNOW: WIND :SUNSHINE: SKY :PK WND
================================================================================
1 2 3 4 5 6A 6B 7 8 9 10 11 12 13 14 15 16 17 18
12Z AVG MX 2MIN
DY MAX MIN AVG DEP HDD CDD WTR SNW DPTH SPD SPD DIR MIN PSBL S-S WX SPD DR
================================================================================
1 82 69 76 25 0 11 0.00 0.0 0 7.0 16 210 M M 6 25 200
2 83 70 77 26 0 12 0.57 0.0 0 9.9 18 190 M M 8 13 30 190
3 72 36 54 3 11 0 0.05 0.0 M 4.4 21 200 M M 5 1 33 200
4 62 34 48 -3 17 0 0.00 0.0 0 4.6 12 100 M M 3 1 15 90
5 66 43 55 4 10 0 0.00 0.0 M 1.3 7 280 M M 6 12 11 300
6 71 39 55 5 10 0 0.00 0.0 M 4.2 15 170 M M 3 1 20 180
7 63 36 50 0 15 0 T 0.0 M 4.9 16 10 M M 2 1 19 10
8 69 36 53 3 12 0 0.00 0.0 0 6.5 13 80 M M 0 8 18 90
9 80 50 65 15 0 0 0.08 0.0 0 4.7 18 170 M M 5 13 23 170
10 66 41 54 4 11 0 0.33 0.0 0 5.4 20 10 M M 6 13 23 10
11 59 37 48 -2 17 0 0.00 0.0 0 7.7 15 40 M M 0 19 40
12 65 40 53 3 12 0 0.00 0.0 0 4.7 12 70 M M 2 17 60
13 66 41 54 4 11 0 0.00 0.0 0 0.8 7 270 M M 4 1 14 250
14 64 36 50 0 15 0 0.00 0.0 0 2.1 12 20 M M 0 16 360
15 70 37 54 4 11 0 0.28 0.0 0 4.1 15 80 M M 2 1 23 80
16 59 44 52 2 13 0 1.12 0.0 0 8.5 21 150 M M 9 1 31 190
17 59 33 46 -4 19 0 0.00 0.0 0 3.9 9 290 M M 4 18 280
18 60 30 45 -5 20 0 0.00 0.0 0 1.4 13 10 M M 0 17 10
19 68 32 50 0 15 0 0.00 0.0 M 1.8 10 180 M M 0 13 180
20 73 40 57 7 8 0 0.32 0.0 0 2.8 15 170 M M 4 1 20 190
21 57 41 49 -2 16 0 0.17 0.0 0 8.3 16 20 M M 10 1 19 20
22 41 37 39 -12 26 0 0.02 M M 10.0 16 10 M M 10 1 20 360
23 56 29 43 -8 22 0 0.00 0.0 0 1.1 7 320 M M 1 1 13 270
24 64 29 47 -4 18 0 0.00 0.0 0 1.1 8 210 M M 0 14 220
25 57 42 50 -1 15 0 0.09 0.0 M 1.0 7 30 M M 8 1 9 30
26 64 48 56 5 9 0 0.01 0.0 M 6.1 16 10 M M 8 1 19 10
27 62 41 52 1 13 0 0.00 0.0 0 7.0 14 20 M M 0 19 30
28 59 40 50 -1 15 0 0.00 0.0 0 3.0 9 20 M M 4 27 10
29 48 26 37 -15 28 0 0.00 0.0 0 5.9 14 340 M M 0 22 320
30 61 22 42 -10 23 0 0.00 M M 4.0 12 200 M M 0 19 230
31 70 34 52 0 13 0 0.00 0.0 M 1.5 7 280 M M 0 14 290
================================================================================
SM 1996 1213 425 23 3.04 0.0 139.7 M 110
================================================================================
AV 64.4 39.1 4.5 FASTST M M 4 MAX(MPH)
MISC ----> # 21 200 33 200
================================================================================
NOTES:
# LAST OF SEVERAL OCCURRENCES
COLUMN 17 PEAK WIND IN M.P.H.
PRELIMINARY LOCAL CLIMATOLOGICAL DATA (WS FORM: F-6) , PAGE 2
STATION: VALDOSTA
MONTH: JANUARY
YEAR: 2022
LATITUDE: 30 46 N
LONGITUDE: 83 17 W
[TEMPERATURE DATA] [PRECIPITATION DATA] SYMBOLS USED IN COLUMN 16
AVERAGE MONTHLY: 51.8 TOTAL FOR MONTH: 3.04 1 = FOG OR MIST
DPTR FM NORMAL: 1.1 DPTR FM NORMAL: -0.79 2 = FOG REDUCING VISIBILITY
HIGHEST: 83 ON 2 GRTST 24HR 1.35 ON 15-16 TO 1/4 MILE OR LESS
LOWEST: 22 ON 30 3 = THUNDER
SNOW, ICE PELLETS, HAIL 4 = ICE PELLETS
TOTAL MONTH: 0.0 INCH 5 = HAIL
GRTST 24HR 0.0 6 = FREEZING RAIN OR DRIZZLE
GRTST DEPTH: 0 7 = DUSTSTORM OR SANDSTORM:
VSBY 1/2 MILE OR LESS
8 = SMOKE OR HAZE
[NO. OF DAYS WITH] [WEATHER - DAYS WITH] 9 = BLOWING SNOW
X = TORNADO
MAX 32 OR BELOW: 0 0.01 INCH OR MORE: 11
MAX 90 OR ABOVE: 0 0.10 INCH OR MORE: 6
MIN 32 OR BELOW: 6 0.50 INCH OR MORE: 2
MIN 0 OR BELOW: 0 1.00 INCH OR MORE: 1
[HDD (BASE 65) ]
TOTAL THIS MO. 425 CLEAR (SCALE 0-3) 16
DPTR FM NORMAL -24 PTCLDY (SCALE 4-7) 9
TOTAL FM JUL 1 842 CLOUDY (SCALE 8-10) 6
DPTR FM NORMAL -247
[CDD (BASE 65) ]
TOTAL THIS MO. 23
DPTR FM NORMAL 17 [PRESSURE DATA]
TOTAL FM JAN 1 23 HIGHEST SLP 30.50 ON 11
DPTR FM NORMAL 17 LOWEST SLP 29.57 ON 16
[REMARKS]
#FINAL-01-22#