000
CXUS56 KLOX 011155
CF6VNY
PRELIMINARY LOCAL CLIMATOLOGICAL DATA (WS FORM: F-6)
STATION: VAN NUYS AIRPORT CA
MONTH: MAY
YEAR: 2022
LATITUDE: 34 13 N
LONGITUDE: 118 29 W
TEMPERATURE IN F: :PCPN: SNOW: WIND :SUNSHINE: SKY :PK WND
================================================================================
1 2 3 4 5 6A 6B 7 8 9 10 11 12 13 14 15 16 17 18
12Z AVG MX 2MIN
DY MAX MIN AVG DEP HDD CDD WTR SNW DPTH SPD SPD DIR MIN PSBL S-S WX SPD DR
================================================================================
1 77 56 67 1 0 2 0.00 M M 5.6 15 170 M M 0 8 21 180
2 77 58 68 2 0 3 0.00 M M 5.6 15 160 M M 4 19 160
3 75 57 66 0 0 1 0.00 M M 5.8 16 160 M M 2 20 160
4 92 56 74 8 0 9 0.00 M M 2.9 13 190 M M 0 18 220
5 86 58 72 6 0 7 0.00 M M 4.5 13 170 M M 0 8 16 160
6 84 59 72 6 0 7 0.00 M M 5.3 14 150 M M 0 8 18 140
7 80 58 69 3 0 4 0.00 M M 6.5 16 160 M M 0 22 150
8 72 56 64 -3 1 0 0.00 M M 6.6 17 150 M M 4 23 350
9 71 53 62 -5 3 0 0.00 M M 9.6 23 10 M M 0 29 10
10 72 50 61 -6 4 0 0.00 M M 6.3 22 360 M M 0 27 350
11 73 53 63 -4 2 0 0.00 M M 14.4 26 360 M M 0 35 350
12 87 58 73 6 0 8 0.00 M M 9.5 18 360 M M 0 25 360
13 95 68 82 15 0 17 0.00 M M 9.4 23 350 M M 0 29 350
14 97 62 80 13 0 15 0.00 M M 3.8 15 170 M M 0 19 170
15 92 62 77 9 0 12 0.00 M M 5.0 16 160 M M 0 23 160
16 80 57 69 1 0 4 0.00 M M 6.0 15 150 M M 0 18 18 150
17 77 56 67 -1 0 2 0.00 M M 5.7 14 150 M M 2 8 19 160
18 85 58 72 4 0 7 0.00 M M 4.9 12 120 M M 3 8 19 150
19 76 58 67 -1 0 2 0.00 M M 6.9 15 160 M M 6 18 20 150
20 71 57 64 -4 1 0 0.00 M M 7.5 16 160 M M 10 18 19 160
21 75 60 68 0 0 3 0.00 M M 5.2 14 170 M M 7 20 150
22 78 56 67 -1 0 2 0.00 M M 5.0 14 150 M M 0 19 140
23 78 56 67 -1 0 2 0.00 M M 6.1 15 150 M M 2 8 19 140
24 88 60 74 6 0 9 0.00 M M 4.6 13 130 M M 3 8 17 130
25 86 60 73 5 0 8 0.00 M M 5.7 15 150 M M 2 18 19 140
26 83 57 70 2 0 5 0.00 M M 5.8 18 160 M M 3 18 23 130
27 79 57 68 -1 0 3 0.00 M M 4.4 13 140 M M 4 18 150
28 70 58 64 -5 1 0 0.00 M M 5.4 12 160 M M 8 14 150
29 79 55 67 -2 0 2 0.00 M M 5.8 16 140 M M 0 21 130
30 83 56 70 1 0 5 0.00 M M 5.8 15 100 M M 0 20 120
31 83 56 70 1 0 5 0.00 M M 4.6 13 150 M M 0 18 130
================================================================================
SM 2501 1781 12 144 0.00 M 190.2 M 60
================================================================================
AV 80.7 57.5 6.1 FASTST M M 2 MAX(MPH)
MISC ----> 26 360 35 350
================================================================================
NOTES:
# LAST OF SEVERAL OCCURRENCES
COLUMN 17 PEAK WIND IN M.P.H.
PRELIMINARY LOCAL CLIMATOLOGICAL DATA (WS FORM: F-6) , PAGE 2
STATION: VAN NUYS AIRPORT CA
MONTH: MAY
YEAR: 2022
LATITUDE: 34 13 N
LONGITUDE: 118 29 W
[TEMPERATURE DATA] [PRECIPITATION DATA] SYMBOLS USED IN COLUMN 16
AVERAGE MONTHLY: 69.1 TOTAL FOR MONTH: 0.00 1 = FOG OR MIST
DPTR FM NORMAL: 1.6 DPTR FM NORMAL: -0.29 2 = FOG REDUCING VISIBILITY
HIGHEST: 97 ON 14 GRTST 24HR 0.00 ON 1- 1 TO 1/4 MILE OR LESS
LOWEST: 50 ON 10 3 = THUNDER
SNOW, ICE PELLETS, HAIL 4 = ICE PELLETS
TOTAL MONTH: M 5 = HAIL
GRTST 24HR M ON M 6 = FREEZING RAIN OR DRIZZLE
GRTST DEPTH: M ON M 7 = DUSTSTORM OR SANDSTORM:
VSBY 1/2 MILE OR LESS
8 = SMOKE OR HAZE
[NO. OF DAYS WITH] [WEATHER - DAYS WITH] 9 = BLOWING SNOW
X = TORNADO
MAX 32 OR BELOW: 0 0.01 INCH OR MORE: 0
MAX 90 OR ABOVE: 4 0.10 INCH OR MORE: 0
MIN 32 OR BELOW: 0 0.50 INCH OR MORE: 0
MIN 0 OR BELOW: 0 1.00 INCH OR MORE: 0
[HDD (BASE 65) ]
TOTAL THIS MO. 12 CLEAR (SCALE 0-3) 24
DPTR FM NORMAL -27 PTCLDY (SCALE 4-7) 6
TOTAL FM JUL 1 851 CLOUDY (SCALE 8-10) 1
DPTR FM NORMAL -372
[CDD (BASE 65) ]
TOTAL THIS MO. 144
DPTR FM NORMAL 28 [PRESSURE DATA]
TOTAL FM JAN 1 400 HIGHEST SLP 30.15 ON 12
DPTR FM NORMAL 176 LOWEST SLP 29.72 ON 30
[REMARKS]
#FINAL-05-22#