000
CXUS52 KMLB 010635
CF6VRB
PRELIMINARY LOCAL CLIMATOLOGICAL DATA (WS FORM: F-6)
STATION: VERO BEACH
MONTH: MARCH
YEAR: 2023
LATITUDE: 27 39 N
LONGITUDE: 80 25 W
TEMPERATURE IN F: :PCPN: SNOW: WIND :SUNSHINE: SKY :PK WND
================================================================================
1 2 3 4 5 6A 6B 7 8 9 10 11 12 13 14 15 16 17 18
12Z AVG MX 2MIN
DY MAX MIN AVG DEP HDD CDD WTR SNW DPTH SPD SPD DIR MIN PSBL S-S WX SPD DR
================================================================================
1 82 57 70 3 0 5 0.00 0.0 0 7.0 14 130 M M 3 128 16 120
2 85 55 70 3 0 5 0.00 0.0 0 9.5 21 130 M M 0 1 25 130
3 91 59 75 8 0 10 0.00 0.0 0 11.1 24 210 M M 1 18 33 190
4 91 69 80 13 0 15 0.00 0.0 0 10.9 22 230 M M 2 18 28 200
5 86 62 74 7 0 9 T 0.0 0 6.8 14 120 M M 3 1 17 100
6 85 67 76 9 0 11 0.00 0.0 0 5.7 16 40 M M 4 1 20 40
7 89 62 76 9 0 11 T 0.0 0 5.2 15 50 M M 3 12 19 60
8 85 62 74 7 0 9 0.00 0.0 0 9.7 18 50 M M 3 128 24 40
9 78 66 72 5 0 7 0.00 0.0 0 8.6 15 50 M M 4 20 100
10 84 55 70 3 0 5 0.00 0.0 0 7.7 22 260 M M 2 27 250
11 81 56 69 1 0 4 0.00 0.0 0 8.6 20 40 M M 4 8 24 30
12 88 52 70 2 0 5 0.00 0.0 0 7.0 18 210 M M 1 1 25 200
13 88 68 78 10 0 13 0.26 0.0 0 10.7 29 270 M M 4 138 38 280
14 76 62 69 1 0 4 0.00 0.0 0 10.0 18 30 M M 3 25 30
15 70 54 62 -6 3 0 0.02 0.0 0 9.1 18 30 M M 6 25 40
16 74 54 64 -4 1 0 0.00 0.0 0 8.9 16 110 M M 5 22 80
17 82 50 66 -2 0 1 0.00 0.0 0 9.8 23 140 M M 3 30 140
18 88 63 76 8 0 11 0.00 0.0 0 10.1 21 210 M M 2 27 220
19 70 57 64 -4 1 0 0.23 0.0 0 13.0 21 350 M M 10 3 26 360
20 69 53 61 -7 4 0 0.03 0.0 0 12.5 22 10 M M 4 28 10
21 79 47 63 -5 2 0 0.00 0.0 0 6.5 14 40 M M 0 18 50
22 80 57 69 0 0 4 0.00 0.0 0 9.1 21 120 M M 2 26 130
23 80 57 69 0 0 4 0.00 0.0 0 7.2 15 120 M M 1 22 100
24 83 57 70 1 0 5 0.00 0.0 0 9.3 22 140 M M 1 1 27 120
25 90 68 79 10 0 14 T 0.0 0 11.0 22 140 M M 3 13 26 140
26 87 66 77 8 0 12 0.06 0.0 0 10.6 20 130 M M 4 1 24 130
27 89 64 77 8 0 12 0.00 0.0 0 9.0 20 130 M M 2 1 23 130
28 88 68 78 9 0 13 0.03 0.0 0 5.9 16 190 M M 3 13 20 200
29 80 66 73 3 0 8 0.00 0.0 0 10.4 21 10 M M 3 27 10
30 81 71 76 6 0 11 0.00 0.0 0 10.8 18 110 M M 2 24 100
31 84 73 79 9 0 14 0.00 0.0 0 13.9 24 130 M M 3 32 110
================================================================================
SM 2563 1877 11 222 0.63 0.0 285.6 M 91
================================================================================
AV 82.7 60.5 9.2 FASTST M M 3 MAX(MPH)
MISC ----> 29 270 38 280
================================================================================
NOTES:
# LAST OF SEVERAL OCCURRENCES
COLUMN 17 PEAK WIND IN M.P.H.
PRELIMINARY LOCAL CLIMATOLOGICAL DATA (WS FORM: F-6) , PAGE 2
STATION: VERO BEACH
MONTH: MARCH
YEAR: 2023
LATITUDE: 27 39 N
LONGITUDE: 80 25 W
[TEMPERATURE DATA] [PRECIPITATION DATA] SYMBOLS USED IN COLUMN 16
AVERAGE MONTHLY: 71.6 TOTAL FOR MONTH: 0.63 1 = FOG OR MIST
DPTR FM NORMAL: 3.6 DPTR FM NORMAL: -2.81 2 = FOG REDUCING VISIBILITY
HIGHEST: 91 ON 4, 3 GRTST 24HR 0.26 ON 13-13 TO 1/4 MILE OR LESS
LOWEST: 47 ON 21 3 = THUNDER
SNOW, ICE PELLETS, HAIL 4 = ICE PELLETS
TOTAL MONTH: 0.0 INCH 5 = HAIL
GRTST 24HR 0.0 6 = FREEZING RAIN OR DRIZZLE
GRTST DEPTH: 0 7 = DUSTSTORM OR SANDSTORM:
VSBY 1/2 MILE OR LESS
8 = SMOKE OR HAZE
[NO. OF DAYS WITH] [WEATHER - DAYS WITH] 9 = BLOWING SNOW
X = TORNADO
MAX 32 OR BELOW: 0 0.01 INCH OR MORE: 6
MAX 90 OR ABOVE: 3 0.10 INCH OR MORE: 2
MIN 32 OR BELOW: 0 0.50 INCH OR MORE: 0
MIN 0 OR BELOW: 0 1.00 INCH OR MORE: 0
[HDD (BASE 65) ]
TOTAL THIS MO. 11 CLEAR (SCALE 0-3) 20
DPTR FM NORMAL -37 PTCLDY (SCALE 4-7) 10
TOTAL FM JUL 1 182 CLOUDY (SCALE 8-10) 1
DPTR FM NORMAL -208
[CDD (BASE 65) ]
TOTAL THIS MO. 222
DPTR FM NORMAL 79 [PRESSURE DATA]
TOTAL FM JAN 1 508 HIGHEST SLP M ON M
DPTR FM NORMAL 211 LOWEST SLP 29.80 ON 3
[REMARKS]
#FINAL-03-23#