000
CXUS52 KMLB 012203
CF6VRB
PRELIMINARY LOCAL CLIMATOLOGICAL DATA (WS FORM: F-6)
STATION: VERO BEACH
MONTH: SEPTEMBER
YEAR: 2022
LATITUDE: 27 39 N
LONGITUDE: 80 25 W
TEMPERATURE IN F: :PCPN: SNOW: WIND :SUNSHINE: SKY :PK WND
================================================================================
1 2 3 4 5 6A 6B 7 8 9 10 11 12 13 14 15 16 17 18
12Z AVG MX 2MIN
DY MAX MIN AVG DEP HDD CDD WTR SNW DPTH SPD SPD DIR MIN PSBL S-S WX SPD DR
================================================================================
1 93 73 83 1 0 18 0.00 0.0 0 5.1 16 100 M M 1 M M
2 92 71 82 0 0 17 0.00 0.0 0 4.7 15 110 M M 0 20 90
3 91 73 82 0 0 17 0.05 0.0 0 58.0 16 70 M M M 21 80
4 92 73 83 1 0 18 0.00 0.0 0 5.6 14 80 M M M 19 100
5 93 73 83 1 0 18 0.00 0.0 0 5.2 14 120 M M M 17 110
6 94 74 84 2 0 19 0.00 0.0 0 5.0 14 70 M M M 18 100
7 94 71 83 2 0 18 0.00 0.0 0 4.3 15 70 M M 1 1 18 70
8 92 71 82 1 0 17 0.11 0.0 0 6.2 21 160 M M 3 13 26 170
9 95 72 84 3 0 19 0.14 0.0 0 5.1 20 140 M M 2 13 23 130
10 93 74 84 3 0 19 0.18 0.0 0 5.1 23 250 M M 1 13 28 260
11 93 73 83 2 0 18 0.00 0.0 0 5.1 17 200 M M 1 13 21 140
12 92 70 81 0 0 16 0.07 0.0 0 5.4 29 280 M M 2 13 36 280
13 91 71 81 0 0 16 0.17 0.0 0 4.5 29 320 M M 3 13 37 330
14 90 72 81 0 0 16 0.02 0.0 0 5.5 21 160 M M 2 3 26 40
15 88 72 80 -1 0 15 1.08 0.0 0 3.7 16 120 M M 3 13 20 110
16 87 72 80 -1 0 15 0.98 0.0 0 5.4 16 30 M M 4 13 19 340
17 87 72 80 -1 0 15 1.84 0.0 0 6.4 21 350 M M 5 13 28 340
18 89 70 80 -1 0 15 0.00 0.0 0 5.1 15 110 M M 2 17 120
19 90 71 81 0 0 16 0.11 0.0 0 3.7 22 130 M M 3 13 25 130
20 89 74 82 1 0 17 0.00 0.0 0 2.9 13 40 M M 2 3 16 50
21 88 73 81 0 0 16 0.08 0.0 0 4.9 15 20 M M 3 138 18 50
22 90 71 81 0 0 16 1.00 0.0 0 6.8 16 10 M M 3 123 23 20
23 93 70 82 2 0 17 0.09 0.0 0 8.4 17 330 M M 1 18 22 20
24 85 75 80 0 0 15 0.04 0.0 0 10.8 18 70 M M 9 18 25 70
25 89 75 82 2 0 17 0.33 0.0 0 6.8 14 20 M M 6 13 18 70
26 89 73 81 1 0 16 0.00 0.0 0 5.0 17 130 M M 2 13 20 150
27 79 75 77 -3 0 12 1.28 0.0 0 5.9 20 80 M M 6 1 28 70
28 87 75 81 1 0 16 3.95 0.0 0 22.2 49 140 M M 8 138 65 140
29 80 67 74 -6 0 9 0.01 0.0 0 25.6 48 160 M M 10 18 66 160
30 83 63 73 -7 0 8 0.00 0.0 0 7.8 18 280 M M 2 25 270
================================================================================
SM 2688 2159 0 481 11.53 0.0 256.2 M 85
================================================================================
AV 89.6 72.0 8.5 FASTST M M 3 MAX(MPH)
MISC ----> 49 140 66 160
================================================================================
NOTES:
# LAST OF SEVERAL OCCURRENCES
COLUMN 17 PEAK WIND IN M.P.H.
PRELIMINARY LOCAL CLIMATOLOGICAL DATA (WS FORM: F-6) , PAGE 2
STATION: VERO BEACH
MONTH: SEPTEMBER
YEAR: 2022
LATITUDE: 27 39 N
LONGITUDE: 80 25 W
[TEMPERATURE DATA] [PRECIPITATION DATA] SYMBOLS USED IN COLUMN 16
AVERAGE MONTHLY: 80.8 TOTAL FOR MONTH: 11.53 1 = FOG OR MIST
DPTR FM NORMAL: -0.1 DPTR FM NORMAL: 4.49 2 = FOG REDUCING VISIBILITY
HIGHEST: 95 ON 9 GRTST 24HR 4.88 ON 27-28 TO 1/4 MILE OR LESS
LOWEST: 63 ON 30 3 = THUNDER
SNOW, ICE PELLETS, HAIL 4 = ICE PELLETS
TOTAL MONTH: 0.0 INCH 5 = HAIL
GRTST 24HR 0.0 6 = FREEZING RAIN OR DRIZZLE
GRTST DEPTH: 0 7 = DUSTSTORM OR SANDSTORM:
VSBY 1/2 MILE OR LESS
8 = SMOKE OR HAZE
[NO. OF DAYS WITH] [WEATHER - DAYS WITH] 9 = BLOWING SNOW
X = TORNADO
MAX 32 OR BELOW: 0 0.01 INCH OR MORE: 19
MAX 90 OR ABOVE: 17 0.10 INCH OR MORE: 12
MIN 32 OR BELOW: 0 0.50 INCH OR MORE: 6
MIN 0 OR BELOW: 0 1.00 INCH OR MORE: 5
[HDD (BASE 65) ]
TOTAL THIS MO. 0 CLEAR (SCALE 0-3) 18
DPTR FM NORMAL 0 PTCLDY (SCALE 4-7) 5
TOTAL FM JUL 1 0 CLOUDY (SCALE 8-10) 7
DPTR FM NORMAL 0
[CDD (BASE 65) ]
TOTAL THIS MO. 481
DPTR FM NORMAL 4 [PRESSURE DATA]
TOTAL FM JAN 1 3157 HIGHEST SLP 30.11 ON 11
DPTR FM NORMAL 273 LOWEST SLP 29.31 ON 29
[REMARKS]
#FINAL-09-22#