000
CXUS55 KLBF 011200
CF6VTN
PRELIMINARY LOCAL CLIMATOLOGICAL DATA (WS FORM: F-6)
STATION: VALENTINE
MONTH: SEPTEMBER
YEAR: 2020
LATITUDE: 42 52 N
LONGITUDE: 100 33 W
TEMPERATURE IN F: :PCPN: SNOW: WIND :SUNSHINE: SKY :PK WND
================================================================================
1 2 3 4 5 6A 6B 7 8 9 10 11 12 13 14 15 16 17 18
12Z AVG MX 2MIN
DY MAX MIN AVG DEP HDD CDD WTR SNW DPTH SPD SPD DIR MIN PSBL S-S WX SPD DR
================================================================================
1 86 52 69 0 0 4 0.01 0.0 0 9.5 21 270 M M 3 30 290
2 95 47 71 2 0 6 0.00 0.0 0 13.2 29 360 M M 0 43 360
3 82 52 67 -1 0 2 0.00 0.0 0 9.9 30 360 M M 0 45 350
4 91 48 70 2 0 5 0.00 0.0 0 5.8 16 30 M M 0 22 20
5 106 50 78 11 0 13 0.00 0.0 0 10.8 23 200 M M 0 33 200
6 93 60 77 10 0 12 0.00 0.0 0 10.8 21 220 M M 0 28 360
7 70 46 58 -8 7 0 T 0.0 0 12.9 30 40 M M 5 18 39 30
8 46 39 43 -23 22 0 0.18 0.0 0 12.1 24 40 M M 10 18 33 30
9 53 34 44 -22 21 0 0.09 T 0 2.9 12 290 M M 6 14 16 280
10 66 34 50 -15 15 0 0.00 0.0 0 4.9 13 120 M M 2 1 19 130
11 63 51 57 -8 8 0 0.35 0.0 0 7.6 15 150 M M 10 1 19 160
12 77 44 61 -3 4 0 0.00 0.0 0 6.0 17 340 M M 3 12 24 340
13 93 44 69 5 0 4 0.00 0.0 0 5.8 14 230 M M 0 24 300
14 92 46 69 6 0 4 0.00 0.0 0 12.5 29 190 M M 2 12 35 180
15 97 56 77 14 0 12 0.00 0.0 0 8.9 21 200 M M 0 8 31 200
16 71 50 61 -1 4 0 0.00 0.0 0 8.9 17 10 M M 1 8 27 360
17 84 45 65 3 0 0 0.00 0.0 0 8.0 18 200 M M 0 18 24 220
18 75 47 61 0 4 0 0.00 0.0 0 11.5 23 150 M M 2 18 28 130
19 87 50 69 8 0 4 0.00 0.0 0 14.9 36 180 M M 0 8 48 180
20 88 56 72 12 0 7 T 0.0 0 9.6 21 250 M M 1 38 31 240
21 91 48 70 10 0 5 0.00 0.0 0 5.0 16 150 M M 0 23 160
22 95 47 71 12 0 6 0.00 0.0 0 9.9 22 190 M M 0 18 36 200
23 93 54 74 15 0 9 0.00 0.0 0 7.5 18 190 M M 0 8 25 200
24 91 49 70 12 0 5 0.00 0.0 0 9.5 22 190 M M 0 18 30 200
25 83 54 69 11 0 4 0.00 0.0 0 10.2 24 340 M M 0 36 350
26 82 52 67 10 0 2 0.00 0.0 0 10.4 30 330 M M 0 40 340
27 71 50 61 4 4 0 T 0.0 0 15.0 32 330 M M 6 48 340
28 66 35 51 -5 14 0 0.00 0.0 0 14.0 30 330 M M 1 40 330
29 84 34 59 3 6 0 0.00 0.0 0 10.3 23 330 M M 0 31 330
30 68 43 56 1 9 0 0.00 0.0 0 14.4 28 320 M M 1 39 330
================================================================================
SM 2439 1417 118 104 0.63 T 292.7 M 53
================================================================================
AV 81.3 47.2 9.8 FASTST M M 2 MAX(MPH)
MISC ----> # 36 180 # 48 180
================================================================================
NOTES:
# LAST OF SEVERAL OCCURRENCES
COLUMN 17 PEAK WIND IN M.P.H.
PRELIMINARY LOCAL CLIMATOLOGICAL DATA (WS FORM: F-6) , PAGE 2
STATION: VALENTINE
MONTH: SEPTEMBER
YEAR: 2020
LATITUDE: 42 52 N
LONGITUDE: 100 33 W
[TEMPERATURE DATA] [PRECIPITATION DATA] SYMBOLS USED IN COLUMN 16
AVERAGE MONTHLY: 64.3 TOTAL FOR MONTH: 0.63 1 = FOG OR MIST
DPTR FM NORMAL: 2.0 DPTR FM NORMAL: -1.01 2 = FOG REDUCING VISIBILITY
HIGHEST: 106 ON 5 GRTST 24HR 0.35 ON 11-11 TO 1/4 MILE OR LESS
LOWEST: 34 ON 29,10 3 = THUNDER
SNOW, ICE PELLETS, HAIL 4 = ICE PELLETS
TOTAL MONTH: T 5 = HAIL
GRTST 24HR T ON 9- 9 6 = FREEZING RAIN OR DRIZZLE
GRTST DEPTH: 0 7 = DUSTSTORM OR SANDSTORM:
VSBY 1/2 MILE OR LESS
8 = SMOKE OR HAZE
[NO. OF DAYS WITH] [WEATHER - DAYS WITH] 9 = BLOWING SNOW
X = TORNADO
MAX 32 OR BELOW: 0 0.01 INCH OR MORE: 4
MAX 90 OR ABOVE: 11 0.10 INCH OR MORE: 2
MIN 32 OR BELOW: 0 0.50 INCH OR MORE: 0
MIN 0 OR BELOW: 0 1.00 INCH OR MORE: 0
[HDD (BASE 65) ]
TOTAL THIS MO. 118 CLEAR (SCALE 0-3) 24
DPTR FM NORMAL -42 PTCLDY (SCALE 4-7) 4
TOTAL FM JUL 1 123 CLOUDY (SCALE 8-10) 2
DPTR FM NORMAL -62
[CDD (BASE 65) ]
TOTAL THIS MO. 104
DPTR FM NORMAL 23 [PRESSURE DATA]
TOTAL FM JAN 1 1151 HIGHEST SLP 30.52 ON 9
DPTR FM NORMAL 334 LOWEST SLP 29.55 ON 26
[REMARKS]
#FINAL-09-20#