000
CXUS53 KLBF 011342
CLMVTN
CLIMATE REPORT
NATIONAL WEATHER SERVICE NORTH PLATTE NE
742 AM CST THU FEB 01 2024
...................................
...THE VALENTINE CLIMATE SUMMARY FOR THE MONTH OF JANUARY 2024...
CLIMATE NORMAL PERIOD 1991 TO 2020
CLIMATE RECORD PERIOD 1885 TO 2024
WEATHER OBSERVED NORMAL DEPART LAST YEAR`S
VALUE DATE(S) VALUE FROM VALUE DATE(S)
NORMAL
................................................................
TEMPERATURE (F)
RECORD
HIGH 72 01/27/2015
01/12/1987
08/09/2445538
LOW -38 01/24/1894
HIGHEST 64 01/31 59 5 48 01/14
LOWEST -23 01/14 -15 -8 -16 01/30
AVG. MAXIMUM 31.0 37.8 -6.8 30.6
AVG. MINIMUM 7.6 11.2 -3.6 11.4
MEAN 19.3 24.5 -5.2 21.0
DAYS MAX >= 90 0 0.0 0.0 0
DAYS MAX <= 32 15 12.1 2.9 15
DAYS MIN <= 32 31 30.7 0.3 31
DAYS MIN <= 0 9 6.9 2.1 6
PRECIPITATION (INCHES)
RECORD
MAXIMUM 2.36 2023
MINIMUM T 1961
TOTALS 0.48 0.32 0.16 2.36
DAILY AVG. 0.02 0.01 0.01 0.08
DAYS >= .01 8 4.9 3.1 11
DAYS >= .10 1 0.9 0.1 5
DAYS >= .50 0 0.1 -0.1 2
DAYS >= 1.00 0 0.0 0.0 0
GREATEST
24 HR. TOTAL 0.26 01/11 TO 01/12 0.96 01/02 TO 01/02
SNOWFALL (INCHES)
RECORDS
TOTAL 28.3 2023
TOTALS 6.2 4.4 1.8 28.3
SINCE 7/1 14.6 16.0 -1.4 MM
SNOWDEPTH AVG. 3 12
DAYS >= 1.0 2 1.6 0.4 5
GREATEST
SNOW DEPTH 6 01/13 17 01/04
01/14
24 HR TOTAL 1.8 01/11 TO 01/11
DEGREE DAYS
HEATING TOTAL 1410 1255 155 1356
SINCE 7/1 3777 3958 -181 MM
COOLING TOTAL 0 0 0 0
SINCE 1/1 0 0 0 MM
................................................................
WIND (MPH)
AVERAGE WIND SPEED 8.7
HIGHEST WIND SPEED/DIRECTION 31/320 DATE 01/13
31/350 01/18
HIGHEST GUST SPEED/DIRECTION 46/330 DATE 01/13
SKY COVER
POSSIBLE SUNSHINE (PERCENT) MM
AVERAGE SKY COVER 0.36
NUMBER OF DAYS FAIR 17
NUMBER OF DAYS PC 10
NUMBER OF DAYS CLOUDY 4
AVERAGE RH (PERCENT) 75
WEATHER CONDITIONS. NUMBER OF DAYS WITH
THUNDERSTORM 0 MIXED PRECIP 0
HEAVY RAIN 0 RAIN 0
LIGHT RAIN 0 FREEZING RAIN 0
LT FREEZING RAIN 0 HAIL 0
HEAVY SNOW 2 SNOW 2
LIGHT SNOW 11 SLEET 0
FOG 16 FOG W/VIS <= 1/4 MILE 2
HAZE 12
- INDICATES NEGATIVE NUMBERS.
R INDICATES RECORD WAS SET OR TIED.
MM INDICATES DATA IS MISSING.
T INDICATES TRACE AMOUNT.
$$