000
CXUS56 KPQR 011301
CF6VUO
PRELIMINARY LOCAL CLIMATOLOGICAL DATA (WS FORM: F-6)
STATION: VANCOUVER WA
MONTH: JANUARY
YEAR: 2023
LATITUDE: 45 37 N
LONGITUDE: 122 39 W
TEMPERATURE IN F: :PCPN: SNOW: WIND :SUNSHINE: SKY :PK WND
================================================================================
1 2 3 4 5 6A 6B 7 8 9 10 11 12 13 14 15 16 17 18
12Z AVG MX 2MIN
DY MAX MIN AVG DEP HDD CDD WTR SNW DPTH SPD SPD DIR MIN PSBL S-S WX SPD DR
================================================================================
1 47 30 39 -1 26 0 0.00 M M 1.2 10 300 M M 6 12 12 300
2 44 29 37 -3 28 0 0.01 M M 8.6 22 110 M M 3 1 28 120
3 43 37 40 0 25 0 0.03 M M 6.7 18 110 M M 9 18 22 110
4 49 35 42 2 23 0 0.11 M M 13.0 31 100 M M 5 8 42 110
5 51 43 47 7 18 0 0.02 M M 11.9 25 100 M M 7 1 36 110
6 51 39 45 5 20 0 0.09 M M 6.8 17 120 M M 7 1 22 120
7 47 35 41 1 24 0 0.12 M M 2.6 14 110 M M 9 1 20 120
8 53 40 47 7 18 0 0.69 M M 5.8 17 200 M M 9 1 27 190
9 53 37 45 5 20 0 0.22 M M 7.1 23 110 M M 9 1238 31 120
10 51 31 41 1 24 0 0.12 M M 4.0 16 100 M M 5 12 20 100
11 48 42 45 5 20 0 0.32 M M 7.7 16 120 M M 8 1 20 120
12 51 44 48 8 17 0 0.26 M M 4.5 15 110 M M 10 18 21 110
13 52 44 48 8 17 0 0.26 M M 5.9 15 120 M M 10 1 19 130
14 52 40 46 5 19 0 0.24 M M 4.8 14 80 M M 7 1 21 90
15 52 45 49 8 16 0 0.21 M M 9.3 20 190 M M 9 30 160
16 51 37 44 3 21 0 0.11 M M 2.0 7 120 M M 8 18 11 160
17 50 44 47 6 18 0 0.02 M M 5.9 12 170 M M 10 1 16 160
18 47 35 41 0 24 0 0.30 M M 4.9 14 110 M M 9 1 19 110
19 43 32 38 -3 27 0 0.00 M M 0.6 7 190 M M 9 1 8 190
20 40 35 38 -3 27 0 0.00 M M 1.7 7 250 M M 10 12 9 80
21 47 30 39 -2 26 0 0.08 M M 4.8 13 120 M M 6 1 17 120
22 48 31 40 -1 25 0 0.00 M M 1.8 8 250 M M 8 10 270
23 49 35 42 1 23 0 0.00 M M 1.4 10 270 M M 9 13 270
24 50 37 44 3 21 0 0.00 M M 1.7 8 310 M M 9 8 10 290
25 48 42 45 4 20 0 0.00 M M 2.1 7 300 M M 10 10 300
26 46 43 45 4 20 0 0.00 M M 0.8 6 180 M M 10 7 200
27 52 44 48 7 17 0 0.05 M M 2.8 8 220 M M 10 1 11 200
28 48 37 43 2 22 0 0.05 M M 4.2 21 110 M M 9 1 29 90
29 39 25 32 -9 33 0 0.00 M M 11.1 24 80 M M 0 35 110
30 40 17 29 -13 36 0 0.00 M M 2.4 9 260 M M 0 11 250
31 42 22 32 -10 33 0 0.00 M M 1.0 6 260 M M 0 7 140
================================================================================
SM 1484 1117 708 0 3.31 M 149.1 M 230
================================================================================
AV 47.9 36.0 4.8 FASTST M M 7 MAX(MPH)
MISC ----> 31 100 42 110
================================================================================
NOTES:
# LAST OF SEVERAL OCCURRENCES
COLUMN 17 PEAK WIND IN M.P.H.
PRELIMINARY LOCAL CLIMATOLOGICAL DATA (WS FORM: F-6) , PAGE 2
STATION: VANCOUVER WA
MONTH: JANUARY
YEAR: 2023
LATITUDE: 45 37 N
LONGITUDE: 122 39 W
[TEMPERATURE DATA] [PRECIPITATION DATA] SYMBOLS USED IN COLUMN 16
AVERAGE MONTHLY: 42.0 TOTAL FOR MONTH: 3.31 1 = FOG OR MIST
DPTR FM NORMAL: 1.3 DPTR FM NORMAL: -2.03 2 = FOG REDUCING VISIBILITY
HIGHEST: 53 ON 9, 8 GRTST 24HR 0.69 ON 8- 8 TO 1/4 MILE OR LESS
LOWEST: 17 ON 30 3 = THUNDER
SNOW, ICE PELLETS, HAIL 4 = ICE PELLETS
TOTAL MONTH: M 5 = HAIL
GRTST 24HR M ON M 6 = FREEZING RAIN OR DRIZZLE
GRTST DEPTH: M ON M 7 = DUSTSTORM OR SANDSTORM:
VSBY 1/2 MILE OR LESS
8 = SMOKE OR HAZE
[NO. OF DAYS WITH] [WEATHER - DAYS WITH] 9 = BLOWING SNOW
X = TORNADO
MAX 32 OR BELOW: 0 0.01 INCH OR MORE: 20
MAX 90 OR ABOVE: 0 0.10 INCH OR MORE: 12
MIN 32 OR BELOW: 9 0.50 INCH OR MORE: 1
MIN 0 OR BELOW: 0 1.00 INCH OR MORE: 0
[HDD (BASE 65) ]
TOTAL THIS MO. 708 CLEAR (SCALE 0-3) 4
DPTR FM NORMAL -45 PTCLDY (SCALE 4-7) 9
TOTAL FM JUL 1 2403 CLOUDY (SCALE 8-10) 18
DPTR FM NORMAL -115
[CDD (BASE 65) ]
TOTAL THIS MO. 0
DPTR FM NORMAL 0 [PRESSURE DATA]
TOTAL FM JAN 1 0 HIGHEST SLP 30.72 ON 25
DPTR FM NORMAL 0 LOWEST SLP 29.25 ON 14
[REMARKS]
#FINAL-01-23#