000
CXUS51 KAKQ 030250
CF6WAL
PRELIMINARY LOCAL CLIMATOLOGICAL DATA (WS FORM: F-6)
STATION: WALLOPS ISLAND VA
MONTH: JUNE
YEAR: 2021
LATITUDE: 37 55 N
LONGITUDE: 75 28 W
TEMPERATURE IN F: :PCPN: SNOW: WIND :SUNSHINE: SKY :PK WND
================================================================================
1 2 3 4 5 6A 6B 7 8 9 10 11 12 13 14 15 16 17 18
12Z AVG MX 2MIN
DY MAX MIN AVG DEP HDD CDD WTR SNW DPTH SPD SPD DIR MIN PSBL S-S WX SPD DR
================================================================================
1 73 55 64 -5 1 0 0.00 0.0 0 8.1 16 190 M M 2 20 180
2 74 59 67 -2 0 2 T 0.0 0 6.7 15 140 M M 5 18 150
3 77 65 71 2 0 6 0.27 0.0 0 12.7 24 200 M M 8 13 32 190
4 78 67 73 3 0 8 0.20 0.0 0 8.6 23 190 M M 6 1 28 190
5 87 69 78 8 0 13 0.00 0.0 0 8.4 18 190 M M 0 23 180
6 84 69 77 7 0 12 0.00 0.0 0 9.9 17 180 M M 0 18 23 180
7 85 71 78 7 0 13 0.00 0.0 0 10.5 21 190 M M 1 26 200
8 89 70 80 9 0 15 0.00 0.0 0 7.7 17 260 M M 2 3 24 250
9 88 72 80 9 0 15 0.11 0.0 0 6.7 15 230 M M 3 13 19 230
10 88 71 80 8 0 15 0.24 0.0 0 6.4 18 120 M M 6 13 22 120
11 72 67 70 -2 0 5 0.59 0.0 0 10.4 16 70 M M 10 1 20 50
12 75 65 70 -2 0 5 0.02 0.0 0 14.1 23 50 M M 8 1 29 50
13 76 64 70 -3 0 5 0.00 0.0 0 8.1 14 130 M M 1 18 150
14 80 66 73 0 0 8 0.00 0.0 0 10.5 18 190 M M 1 24 190
15 83 66 75 2 0 10 0.09 0.0 0 7.1 21 360 M M 4 13 29 350
16 79 60 70 -4 0 5 0.00 0.0 0 6.0 17 190 M M 3 21 190
17 77 58 68 -6 0 3 0.00 0.0 0 6.2 16 70 M M 1 21 60
18 81 59 70 -4 0 5 0.00 0.0 0 11.6 22 190 M M 1 26 190
19 89 71 80 6 0 15 0.00 0.0 0 9.3 17 250 M M 2 22 240
20 89 73 81 6 0 16 0.00 0.0 0 10.5 24 190 M M 1 30 200
21 84 72 78 3 0 13 T 0.0 0 9.9 16 190 M M 3 1 20 200
22 87 62 75 0 0 10 0.91 0.0 0 8.9 24 330 M M 4 13 31 320
23 73 57 65 -11 0 0 0.00 0.0 0 6.6 15 90 M M 0 18 90
24 74 54 64 -12 1 0 0.00 0.0 0 10.4 23 50 M M 2 28 60
25 75 60 68 -8 0 3 0.00 0.0 0 6.2 12 100 M M 6 1 15 100
26 83 70 77 1 0 12 0.00 0.0 0 12.1 20 190 M M 2 1 24 190
27 84 73 79 3 0 14 0.00 0.0 0 12.4 18 180 M M 2 24 190
28 84 72 78 1 0 13 0.00 0.0 0 10.3 20 190 M M 1 23 180
29 87 73 80 3 0 15 0.00 0.0 0 11.3 22 200 M M 1 26 200
30 94 75 85 8 0 20 0.00 0.0 0 11.5 21 190 M M 1 26 180
================================================================================
SM 2449 1985 2 276 2.43 0.0 279.1 M 87
================================================================================
AV 81.6 66.2 9.3 FASTST M M 3 MAX(MPH)
MISC ----> # 24 200 32 190
================================================================================
NOTES:
# LAST OF SEVERAL OCCURRENCES
COLUMN 17 PEAK WIND IN M.P.H.
PRELIMINARY LOCAL CLIMATOLOGICAL DATA (WS FORM: F-6) , PAGE 2
STATION: WALLOPS ISLAND VA
MONTH: JUNE
YEAR: 2021
LATITUDE: 37 55 N
LONGITUDE: 75 28 W
[TEMPERATURE DATA] [PRECIPITATION DATA] SYMBOLS USED IN COLUMN 16
AVERAGE MONTHLY: 73.9 TOTAL FOR MONTH: 2.43 1 = FOG OR MIST
DPTR FM NORMAL: 0.7 DPTR FM NORMAL: -0.96 2 = FOG REDUCING VISIBILITY
HIGHEST: 94 ON 30 GRTST 24HR 0.91 ON 22-22 TO 1/4 MILE OR LESS
LOWEST: 54 ON 24 3 = THUNDER
SNOW, ICE PELLETS, HAIL 4 = ICE PELLETS
TOTAL MONTH: 0.0 INCH 5 = HAIL
GRTST 24HR 0.0 6 = FREEZING RAIN OR DRIZZLE
GRTST DEPTH: 0 7 = DUSTSTORM OR SANDSTORM:
VSBY 1/2 MILE OR LESS
8 = SMOKE OR HAZE
[NO. OF DAYS WITH] [WEATHER - DAYS WITH] 9 = BLOWING SNOW
X = TORNADO
MAX 32 OR BELOW: 0 0.01 INCH OR MORE: 8
MAX 90 OR ABOVE: 1 0.10 INCH OR MORE: 6
MIN 32 OR BELOW: 0 0.50 INCH OR MORE: 2
MIN 0 OR BELOW: 0 1.00 INCH OR MORE: 0
[HDD (BASE 65) ]
TOTAL THIS MO. 2 CLEAR (SCALE 0-3) 20
DPTR FM NORMAL -9 PTCLDY (SCALE 4-7) 9
TOTAL FM JUL 1 3532 CLOUDY (SCALE 8-10) 1
DPTR FM NORMAL -424
[CDD (BASE 65) ]
TOTAL THIS MO. 276
DPTR FM NORMAL 19 [PRESSURE DATA]
TOTAL FM JAN 1 383 HIGHEST SLP 30.36 ON 24
DPTR FM NORMAL 29 LOWEST SLP 29.65 ON 21
[REMARKS]
#FINAL-06-21#