000
CXUS56 KLOX 011655
CF6WJF
PRELIMINARY LOCAL CLIMATOLOGICAL DATA (WS FORM: F-6)
STATION: LANCASTER FOX FIELD CA
MONTH: NOVEMBER
YEAR: 2020
LATITUDE: 34 43 N
LONGITUDE: 118 13 W
TEMPERATURE IN F: :PCPN: SNOW: WIND :SUNSHINE: SKY :PK WND
================================================================================
1 2 3 4 5 6A 6B 7 8 9 10 11 12 13 14 15 16 17 18
12Z AVG MX 2MIN
DY MAX MIN AVG DEP HDD CDD WTR SNW DPTH SPD SPD DIR MIN PSBL S-S WX SPD DR
================================================================================
1 81 40 61 4 4 0 0.00 0.0 0 3.8 12 300 M M 0 14 70
2 85 40 63 6 2 0 0.00 0.0 0 3.3 10 290 M M 0 14 50
3 86 41 64 8 1 0 0.00 0.0 0 3.5 16 280 M M 0 18 280
4 86 39 63 7 2 0 0.00 0.0 0 4.7 14 40 M M 0 20 160
5 82 38 60 5 5 0 0.00 0.0 0 1.8 9 290 M M 0 11 300
6 79 45 62 7 3 0 0.00 0.0 0 12.9 30 290 M M 2 37 220
7 53 40 47 -8 18 0 0.04 M 0 18.9 33 290 M M 4 13 41 280
8 55 34 45 -9 20 0 0.09 M 0 16.5 39 300 M M 4 18 47 300
9 54 28 41 -13 24 0 0.00 0.0 0 4.6 16 270 M M 0 18 270
10 59 22 41 -13 24 0 0.00 0.0 0 3.2 13 30 M M 0 16 30
11 66 22 44 -9 21 0 0.00 0.0 0 2.8 13 280 M M 0 14 280
12 66 29 48 -5 17 0 0.00 0.0 0 3.5 13 300 M M 0 14 300
13 69 28 49 -3 16 0 0.00 0.0 0 16.6 48 270 M M 0 8 56 270
14 72 42 57 5 8 0 0.00 M 0 9.6 52 270 M M 0 8 58 270
15 71 31 51 -1 14 0 0.00 0.0 0 3.3 13 280 M M 0 14 280
16 75 28 52 1 13 0 0.00 0.0 0 4.3 12 80 M M 0 14 70
17 77 35 56 5 9 0 0.00 0.0 0 8.2 23 250 M M 0 28 200
18 70 51 61 11 4 0 0.00 0.0 0 14.0 23 240 M M 0 28 230
19 69 39 54 4 11 0 0.00 0.0 0 11.3 25 280 M M 0 30 270
20 68 34 51 1 14 0 0.00 0.0 0 3.7 10 50 M M 0 12 70
21 70 31 51 2 14 0 0.00 0.0 0 4.6 12 50 M M 0 15 70
22 72 29 51 2 14 0 0.00 0.0 0 6.5 24 270 M M 0 30 270
23 64 46 55 7 10 0 0.00 0.0 0 18.1 37 260 M M 0 8 41 270
24 64 31 48 0 17 0 0.00 0.0 0 5.7 16 60 M M 0 21 80
25 67 25 46 -2 19 0 0.00 0.0 0 13.5 31 270 M M 0 37 270
26 60 32 46 -1 19 0 0.00 0.0 0 12.7 31 280 M M 0 36 60
27 60 27 44 -3 21 0 0.00 0.0 0 8.2 20 70 M M 0 23 60
28 62 21 42 -5 23 0 0.00 0.0 0 3.2 10 80 M M 0 13 60
29 65 19 42 -4 23 0 0.00 0.0 0 3.9 12 70 M M 0 14 50
30 66 23 45 -1 20 0 0.00 0.0 0 2.4 10 270 M M 0 12 90
================================================================================
SM 2073 990 410 0 0.13 0.0 229.3 M 10
================================================================================
AV 69.1 33.0 7.6 FASTST M M 0 MAX(MPH)
MISC ----> # 52 270 # 58 270
================================================================================
NOTES:
# LAST OF SEVERAL OCCURRENCES
COLUMN 17 PEAK WIND IN M.P.H.
PRELIMINARY LOCAL CLIMATOLOGICAL DATA (WS FORM: F-6) , PAGE 2
STATION: LANCASTER FOX FIELD CA
MONTH: NOVEMBER
YEAR: 2020
LATITUDE: 34 43 N
LONGITUDE: 118 13 W
[TEMPERATURE DATA] [PRECIPITATION DATA] SYMBOLS USED IN COLUMN 16
AVERAGE MONTHLY: 51.1 TOTAL FOR MONTH: 0.13 1 = FOG OR MIST
DPTR FM NORMAL: -0.4 DPTR FM NORMAL: -0.41 2 = FOG REDUCING VISIBILITY
HIGHEST: 86 ON 4, 3 GRTST 24HR 0.09 ON 8- 8 TO 1/4 MILE OR LESS
LOWEST: 19 ON 29 3 = THUNDER
SNOW, ICE PELLETS, HAIL 4 = ICE PELLETS
TOTAL MONTH: 0.0 INCH 5 = HAIL
GRTST 24HR 0.0 6 = FREEZING RAIN OR DRIZZLE
GRTST DEPTH: 0 7 = DUSTSTORM OR SANDSTORM:
VSBY 1/2 MILE OR LESS
8 = SMOKE OR HAZE
[NO. OF DAYS WITH] [WEATHER - DAYS WITH] 9 = BLOWING SNOW
X = TORNADO
MAX 32 OR BELOW: 0 0.01 INCH OR MORE: 2
MAX 90 OR ABOVE: 0 0.10 INCH OR MORE: 0
MIN 32 OR BELOW: 16 0.50 INCH OR MORE: 0
MIN 0 OR BELOW: 0 1.00 INCH OR MORE: 0
[HDD (BASE 65) ]
TOTAL THIS MO. 410 CLEAR (SCALE 0-3) 28
DPTR FM NORMAL 1 PTCLDY (SCALE 4-7) 2
TOTAL FM JUL 1 481 CLOUDY (SCALE 8-10) 0
DPTR FM NORMAL -64
[CDD (BASE 65) ]
TOTAL THIS MO. 0
DPTR FM NORMAL -1 [PRESSURE DATA]
TOTAL FM JAN 1 2206 HIGHEST SLP 30.39 ON 28
DPTR FM NORMAL 324 LOWEST SLP 29.57 ON 6
[REMARKS]
#FINAL-11-20#