000
CXUS56 KMTR 011000
CF6WVI
PRELIMINARY LOCAL CLIMATOLOGICAL DATA (WS FORM: F-6)
STATION: WATSONVILLE AIRPORT
MONTH: MARCH
YEAR: 2020
LATITUDE: 36 55 N
LONGITUDE: 121 47 W
TEMPERATURE IN F: :PCPN: SNOW: WIND :SUNSHINE: SKY :PK WND
================================================================================
1 2 3 4 5 6A 6B 7 8 9 10 11 12 13 14 15 16 17 18
12Z AVG MX 2MIN
DY MAX MIN AVG DEP HDD CDD WTR SNW DPTH SPD SPD DIR MIN PSBL S-S WX SPD DR
================================================================================
1 56 38 47 -6 18 0 0.01 M 0 3.7 7 210 M M 4 M M
2 66 35 51 -2 14 0 0.00 0.0 0 4.2 14 230 M M 0 17 250
3 72 38 55 2 10 0 0.00 0.0 0 2.8 10 270 M M 0 13 270
4 73 42 58 5 7 0 0.00 0.0 0 3.7 14 240 M M 1 18 250
5 63 53 58 5 7 0 0.00 0.0 0 5.1 14 260 M M 8 18 250
6 60 50 55 2 10 0 0.02 0.0 0 5.0 15 270 M M 10 1 18 280
7 57 49 53 0 12 0 0.23 M 0 4.5 17 220 M M 10 1 22 220
8 59 46 53 0 12 0 0.03 M 0 3.5 14 260 M M 4 1 16 250
9 69 46 58 5 7 0 0.00 0.0 0 3.1 13 100 M M 4 18 80
10 71 52 62 9 3 0 T M M 4.6 18 220 M M 6 24 210
11 69 46 58 5 7 0 T M M 4.2 14 270 M M 2 3 18 260
12 68 46 57 4 8 0 0.00 M M 3.5 12 190 M M 3 12 13 210
13 57 51 54 1 11 0 T M M 6.7 18 260 M M 10 18 25 250
14 59 48 54 1 11 0 2.52 M M 9.2 22 210 M M 10 1 29 240
15 55 44 50 -3 15 0 1.33 M M 7.7 17 260 M M 10 1 23 210
16 55 41 48 -5 17 0 0.44 M M 3.7 10 260 M M 6 1 M M
17 57 39 48 -5 17 0 T M M 3.2 14 220 M M 3 18 220
18 58 41 50 -3 15 0 0.00 M M 3.8 16 240 M M 8 22 250
19 61 45 53 0 12 0 0.00 M M 4.3 14 250 M M 6 19 220
20 63 41 52 -1 13 0 0.00 M M 4.2 18 230 M M 4 22 230
21 64 47 56 3 9 0 0.06 M M 3.7 14 120 M M 8 16 110
22 67 48 58 5 7 0 0.03 M M 2.4 15 220 M M 8 20 210
23 62 50 56 2 9 0 0.01 M M 5.4 18 260 M M 8 23 270
24 59 47 53 -1 12 0 0.70 M M 5.3 20 210 M M 9 1 24 220
25 58 39 49 -5 16 0 0.01 M M 5.3 22 260 M M 5 1 29 250
26 57 37 47 -7 18 0 0.09 M M 4.9 17 260 M M 4 3 21 260
27 59 37 48 -6 17 0 0.00 M M 6.3 16 260 M M 2 22 240
28 61 44 53 -1 12 0 0.01 M M 2.5 13 260 M M 8 17 260
29 62 48 55 1 10 0 0.04 M M 2.5 14 270 M M 7 1 18 270
30 63 46 55 1 10 0 0.00 M M 4.1 13 250 M M 3 16 250
31 68 45 57 3 8 0 0.00 M M 3.1 10 220 M M 0 13 220
================================================================================
SM 1928 1379 354 0 5.53 0.0 136.2 M 171
================================================================================
AV 62.2 44.5 4.4 FASTST M M 6 MAX(MPH)
MISC ----> # 22 210 # 29 240
================================================================================
NOTES:
# LAST OF SEVERAL OCCURRENCES
COLUMN 17 PEAK WIND IN M.P.H.
PRELIMINARY LOCAL CLIMATOLOGICAL DATA (WS FORM: F-6) , PAGE 2
STATION: WATSONVILLE AIRPORT
MONTH: MARCH
YEAR: 2020
LATITUDE: 36 55 N
LONGITUDE: 121 47 W
[TEMPERATURE DATA] [PRECIPITATION DATA] SYMBOLS USED IN COLUMN 16
AVERAGE MONTHLY: 53.3 TOTAL FOR MONTH: 5.53 1 = FOG OR MIST
DPTR FM NORMAL: 0.1 DPTR FM NORMAL: 2.75 2 = FOG REDUCING VISIBILITY
HIGHEST: 73 ON 4 GRTST 24HR 3.22 ON 14-15 TO 1/4 MILE OR LESS
LOWEST: 35 ON 2 3 = THUNDER
SNOW, ICE PELLETS, HAIL 4 = ICE PELLETS
TOTAL MONTH: 0.0 INCH 5 = HAIL
GRTST 24HR 0.0 6 = FREEZING RAIN OR DRIZZLE
GRTST DEPTH: 0 7 = DUSTSTORM OR SANDSTORM:
VSBY 1/2 MILE OR LESS
8 = SMOKE OR HAZE
[NO. OF DAYS WITH] [WEATHER - DAYS WITH] 9 = BLOWING SNOW
X = TORNADO
MAX 32 OR BELOW: 0 0.01 INCH OR MORE: 15
MAX 90 OR ABOVE: 0 0.10 INCH OR MORE: 5
MIN 32 OR BELOW: 0 0.50 INCH OR MORE: 3
MIN 0 OR BELOW: 0 1.00 INCH OR MORE: 2
[HDD (BASE 65) ]
TOTAL THIS MO. 354 CLEAR (SCALE 0-3) 8
DPTR FM NORMAL -13 PTCLDY (SCALE 4-7) 16
TOTAL FM JUL 1 1877 CLOUDY (SCALE 8-10) 7
DPTR FM NORMAL -465
[CDD (BASE 65) ]
TOTAL THIS MO. 0
DPTR FM NORMAL -1 [PRESSURE DATA]
TOTAL FM JAN 1 0 HIGHEST SLP M ON M
DPTR FM NORMAL -1 LOWEST SLP 29.75 ON 13
[REMARKS]
#FINAL-03-20#