000
CXUS54 KFWD 010731
CF6XBP
PRELIMINARY LOCAL CLIMATOLOGICAL DATA (WS FORM: F-6)
STATION: BRIDGEPORT
MONTH: JULY
YEAR: 2020
LATITUDE: 33 10 N
LONGITUDE: 96 30 W
TEMPERATURE IN F: :PCPN: SNOW: WIND :SUNSHINE: SKY :PK WND
================================================================================
1 2 3 4 5 6A 6B 7 8 9 10 11 12 13 14 15 16 17 18
12Z AVG MX 2MIN
DY MAX MIN AVG DEP HDD CDD WTR SNW DPTH SPD SPD DIR MIN PSBL S-S WX SPD DR
================================================================================
1 95 78 87 6 0 22 0.00 0.0 0 9.2 14 160 M M 1 23 190
2 95 73 84 3 0 19 0.00 0.0 0 3.4 10 60 M M 1 1 16 60
3 96 73 85 3 0 20 0.00 0.0 0 2.7 7 130 M M 0 M M
4 94 69 82 0 0 17 0.00 0.0 0 2.1 8 80 M M 0 M M
5 90 70 80 -2 0 15 0.36 0.0 0 2.2 17 340 M M 4 3 28 340
6 86 72 79 -3 0 14 0.00 0.0 0 2.1 8 330 M M 3 M M
7 90 72 81 -1 0 16 0.00 0.0 0 3.4 7 110 M M 3 13 M M
8 94 72 83 1 0 18 0.08 0.0 0 4.7 10 150 M M 2 17 140
9 94 77 86 4 0 21 0.00 0.0 0 8.0 15 190 M M 0 20 190
10 93 74 84 2 0 19 0.00 0.0 0 5.1 10 110 M M 0 20 150
11 99 73 86 4 0 21 0.00 0.0 0 5.0 10 160 M M 0 1 M M
12 99 72 86 4 0 21 0.00 0.0 0 6.8 21 180 M M 1 40 100
13 101 75 88 6 0 23 0.00 0.0 0 6.3 12 150 M M 0 17 150
14 101 76 89 7 0 24 0.00 0.0 0 8.9 15 150 M M 0 21 200
15 96 79 88 6 0 23 0.00 0.0 0 8.6 15 200 M M 0 24 200
16 99 77 88 5 0 23 0.00 0.0 0 5.8 10 200 M M 0 M M
17 97 72 85 2 0 20 0.00 0.0 0 5.2 13 150 M M 0 18 130
18 93 74 84 1 0 19 0.00 0.0 0 7.7 16 140 M M 1 21 140
19 95 73 84 1 0 19 0.00 0.0 0 6.3 13 140 M M 1 18 140
20 95 72 84 1 0 19 0.00 0.0 0 5.9 12 140 M M 0 16 120
21 92 73 83 0 0 18 0.00 0.0 0 5.3 9 140 M M 2 17 180
22 95 71 83 0 0 18 0.00 0.0 0 3.5 8 120 M M 2 3 M M
23 96 73 85 2 0 20 0.00 0.0 0 4.9 12 110 M M 1 8 16 110
24 96 70 83 0 0 18 0.00 0.0 0 4.4 10 110 M M 1 16 100
25 89 73 81 -2 0 16 0.00 0.0 0 4.3 10 130 M M 5 M M
26 92 71 82 -1 0 17 0.00 0.0 0 4.0 8 100 M M 3 8 M M
27 93 71 82 -1 0 17 0.00 0.0 0 4.4 10 120 M M 1 3 M M
28 85 75 80 -3 0 15 0.14 0.0 0 4.0 8 140 M M 3 3 M M
29 93 75 84 1 0 19 0.06 0.0 0 4.5 9 180 M M 3 M M
30 100 74 87 4 0 22 M 0.0 0 8.6 22 330 M M 1 3 28 330
31 89 66 78 -5 0 13 0.02 0.0 0 5.8 12 340 M M 3 3 17 340
================================================================================
SM 2922 2265 0 586 0.66 0.0 163.1 M 42
================================================================================
AV 94.3 73.1 5.3 FASTST M M 1 MAX(MPH)
MISC ----> # 22 330 # 40 100
================================================================================
NOTES:
# LAST OF SEVERAL OCCURRENCES
COLUMN 17 PEAK WIND IN M.P.H.
PRELIMINARY LOCAL CLIMATOLOGICAL DATA (WS FORM: F-6) , PAGE 2
STATION: BRIDGEPORT
MONTH: JULY
YEAR: 2020
LATITUDE: 33 10 N
LONGITUDE: 96 30 W
[TEMPERATURE DATA] [PRECIPITATION DATA] SYMBOLS USED IN COLUMN 16
AVERAGE MONTHLY: 83.7 TOTAL FOR MONTH: 0.66 1 = FOG OR MIST
DPTR FM NORMAL: 1.3 DPTR FM NORMAL: -1.38 2 = FOG REDUCING VISIBILITY
HIGHEST: 101 ON 14,13 GRTST 24HR 0.36 ON 5- 5 TO 1/4 MILE OR LESS
LOWEST: 66 ON 31 3 = THUNDER
SNOW, ICE PELLETS, HAIL 4 = ICE PELLETS
TOTAL MONTH: 0.0 INCH 5 = HAIL
GRTST 24HR 0.0 6 = FREEZING RAIN OR DRIZZLE
GRTST DEPTH: 0 7 = DUSTSTORM OR SANDSTORM:
VSBY 1/2 MILE OR LESS
8 = SMOKE OR HAZE
[NO. OF DAYS WITH] [WEATHER - DAYS WITH] 9 = BLOWING SNOW
X = TORNADO
MAX 32 OR BELOW: 0 0.01 INCH OR MORE: 5
MAX 90 OR ABOVE: 27 0.10 INCH OR MORE: 2
MIN 32 OR BELOW: 0 0.50 INCH OR MORE: 0
MIN 0 OR BELOW: 0 1.00 INCH OR MORE: 0
[HDD (BASE 65) ]
TOTAL THIS MO. 0 CLEAR (SCALE 0-3) 27
DPTR FM NORMAL 0 PTCLDY (SCALE 4-7) 4
TOTAL FM JUL 1 0 CLOUDY (SCALE 8-10) 0
DPTR FM NORMAL 0
[CDD (BASE 65) ]
TOTAL THIS MO. 586
DPTR FM NORMAL 45 [PRESSURE DATA]
TOTAL FM JAN 1 1344 HIGHEST SLP M ON M
DPTR FM NORMAL 126 LOWEST SLP M ON M
[REMARKS]
#FINAL-07-20#