000
CXUS54 KFWD 300730
CF60F2
PRELIMINARY LOCAL CLIMATOLOGICAL DATA (WS FORM: F-6)

                                          STATION:   BOWIE
                                          MONTH:     APRIL
                                          YEAR:      2016
                                          LATITUDE:   33 36 N
                                          LONGITUDE:  97 47 W

  TEMPERATURE IN F:       :PCPN:    SNOW:  WIND      :SUNSHINE: SKY     :PK WND
================================================================================
1   2   3   4   5  6A  6B    7    8   9   10  11  12  13   14  15   16   17  18
                                     12Z  AVG MX 2MIN
DY MAX MIN AVG DEP HDD CDD  WTR  SNW DPTH SPD SPD DIR MIN PSBL S-S WX    SPD DR
================================================================================

 1  62  46  54  -4  11   0 0.00  0.0    0  6.3 14 340   M    M   4        18 350
 2  67  36  52  -6  13   0 0.00  0.0    0  6.0 12 330   M    M   0        17 330
 3  77  39  58   0   7   0 0.00  0.0    0  5.8 15 190   M    M   0        21 220
 4  84  47  66   8   0   1 0.00  0.0    0  4.0 14 270   M    M   0        18 270
 5  85  51  68   9   0   3 0.00  0.0    0  9.5 22 190   M    M   0        31 160
 6  75  47  61   2   4   0 0.00  0.0    0 13.2 24 320   M    M   0        36 310
 7  82  44  63   4   2   0 0.00  0.0    0  6.9 14 310   M    M   0        22 310
 8  70  48  59  -1   6   0 0.00  0.0    0  2.7  7  70   M    M   1         M  M
 9  65  48  57  -3   8   0 0.00  0.0    0  6.3 16 170   M    M   5        25 170
10  82  51  67   7   0   2 0.00  0.0    0 13.5 23 160   M    M   5        32 180
11  79  53  66   6   0   1 0.44  0.0    0  6.7 15 160   M    M   6 13     24  20
12  65  50  58  -3   7   0 0.02  0.0    0  4.1  8  60   M    M   8         M  M
13  57  52  55  -6  10   0 0.36  0.0    0  3.3 12 100   M    M   9 1      18 100
14  68  53  61   0   4   0 0.00  0.0    0  0.9  5 150   M    M   7 1       M  M
15  73  51  62   0   3   0 0.00  0.0    0  6.7 13 100   M    M   4 12     21 120
16  74  60  67   5   0   2 0.00  0.0    0 11.4 20 130   M    M   9 3      32 140
17  66  58  62   0   3   0 3.48  0.0    0  7.1 15 320   M    M  10 3      24 120
18  65  57  61  -1   4   0 0.08  0.0    0  5.8 10 340   M    M  10 12      M  M
19  75  58  67   4   0   2 0.57  0.0    0  3.0 13 350   M    M   9 13     16 350
20  66  53  60  -3   5   0 0.22  0.0    0  3.6  8 310   M    M   8 13      M  M
21  75  53  64   1   1   0 0.11  0.0    0  6.3 13 330   M    M   2 3      16 340
22  78  51  65   2   0   0 0.00  0.0    0  3.3 10 330   M    M   0        17 330
23  80  50  65   1   0   0 0.00  0.0    0  5.1 12 180   M    M   0        17 130
24  77  59  68   4   0   3 0.00  0.0    0 12.4 20 160   M    M   2        29 150
25  85  65  75  11   0  10 0.00  0.0    0 12.0 16 160   M    M   5        23 160
26  81  59  70   6   0   5 0.53  0.0    0 12.3 20 150   M    M   7 3      25 150
27  75  54  65   0   0   0 0.00  0.0    0  5.4 14 290   M    M   2 1      22 290
28  81  53  67   2   0   2 0.00  0.0    0  5.9 10 140   M    M   1        21 120
29  83  58  71   6   0   6 0.01  0.0    0  6.4 17 310   M    M   7 13     25 310
================================================================================
SM 2152 1504        88  37  5.82     0.0 195.9          M      121
================================================================================
AV 74.2 51.9                               6.8 FASTST   M    M   4    MAX(MPH)
                                 MISC ---->    24   M                 36    M
================================================================================
NOTES:
# LAST OF SEVERAL OCCURRENCES

COLUMN 17 PEAK WIND IN M.P.H.

PRELIMINARY LOCAL CLIMATOLOGICAL DATA (WS FORM: F-6) , PAGE 2

                                          STATION:  BOWIE
                                          MONTH:    APRIL
                                          YEAR:     2016
                                          LATITUDE:   33 36 N
                                          LONGITUDE:  97 47 W

[TEMPERATURE DATA]      [PRECIPITATION DATA]       SYMBOLS USED IN COLUMN 16

AVERAGE MONTHLY: 63.0   TOTAL FOR MONTH:   5.82    1 = FOG OR MIST
DPTR FM NORMAL:   1.6   DPTR FM NORMAL:    2.97    2 = FOG REDUCING VISIBILITY
HIGHEST:    85 ON 25, 5 GRTST 24HR  3.48 ON 17-17      TO 1/4 MILE OR LESS
LOWEST:     36 ON  2                               3 = THUNDER
                        SNOW, ICE PELLETS, HAIL    4 = ICE PELLETS
                        TOTAL MONTH:   0.0 INCH    5 = HAIL
                        GRTST 24HR     0.0         6 = FREEZING RAIN OR DRIZZLE
                        GRTST DEPTH:   0           7 = DUSTSTORM OR SANDSTORM:
                                                       VSBY 1/2 MILE OR LESS
                                                   8 = SMOKE OR HAZE
[NO. OF DAYS WITH]      [WEATHER - DAYS WITH]      9 = BLOWING SNOW
                                                   X = TORNADO
MAX 32 OR BELOW:   0    0.01 INCH OR MORE:  10
MAX 90 OR ABOVE:   0    0.10 INCH OR MORE:   7
MIN 32 OR BELOW:   0    0.50 INCH OR MORE:   3
MIN  0 OR BELOW:   0    1.00 INCH OR MORE:   1

[HDD (BASE 65) ]
TOTAL THIS MO.    88    CLEAR  (SCALE 0-3)  13
DPTR FM NORMAL   -67    PTCLDY (SCALE 4-7)  11
TOTAL FM JUL 1  2258    CLOUDY (SCALE 8-10)  5
DPTR FM NORMAL  -789

[CDD (BASE 65) ]
TOTAL THIS MO.    37
DPTR FM NORMAL   -16    [PRESSURE DATA]
TOTAL FM JAN 1    62    HIGHEST SLP M ON M
DPTR FM NORMAL    -6    LOWEST  SLP M ON M

[REMARKS]
