000
CXUS55 KBOU 240758
CF620V
PRELIMINARY LOCAL CLIMATOLOGICAL DATA (WS FORM: F-6)

                                          STATION:   Kremmling
                                          MONTH:     JULY
                                          YEAR:      2016
                                          LATITUDE:   40  3 N
                                          LONGITUDE: 106 22 W

  TEMPERATURE IN F:       :PCPN:    SNOW:  WIND      :SUNSHINE: SKY     :PK WND
================================================================================
1   2   3   4   5  6A  6B    7    8   9   10  11  12  13   14  15   16   17  18
                                     12Z  AVG MX 2MIN
DY MAX MIN AVG DEP HDD CDD  WTR  SNW DPTH SPD SPD DIR MIN PSBL S-S WX    SPD DR
================================================================================

 1  70  54  62   M   3   0    M    M    M  3.4 15 350   M    M  10 3      23 350
 2  70  54  62   M   3   0    M    M    M  1.8 12 330   M    M   6 3      20 330
 3  79  52  66   M   0   1    M    M    M  6.2 20 240   M    M   2 3      31 240
 4  81  41  61   M   4   0    M    M    M  4.4 22 350   M    M   2 3      27 350
 5  79  46  63   M   2   0    M    M    M  4.1 16 360   M    M   2 3      27 250
 6  82  41  62   M   3   0    M    M    M  7.9 23 250   M    M   0        35 220
 7  82  37  60   M   5   0    M    M    M  4.1 17 230   M    M   1        24 290
 8  90  37  64   M   1   0    M    M    M  4.2 20 240   M    M   0        21 230
 9  90  39  65   M   0   0    M    M    M  4.9 16 260   M    M   1        25 260
10  88  55  72   M   0   7    M    M    M 12.7 24 220   M    M   0        30 260
11  77  41  59   M   6   0    M    M    M  7.3 17 260   M    M   1        25 310
12  82  34  58   M   7   0    M    M    M  6.9 22 250   M    M   0        30 230
13  86  36  61   M   4   0    M    M    M  3.9 15 310   M    M   0        23 300
14  82  36  59   M   6   0    M    M    M  3.0 13 260   M    M   0        21 310
15  82  37  60   M   5   0    M    M    M  2.4 13 190   M    M   1        30 190
16  90  41  66   M   0   1    M    M    M  4.5 18 250   M    M   0        28 270
17  90  46  68   M   0   3    M    M    M  5.3 20 210   M    M   1        29 210
18  81  50  66   M   0   1    M    M    M  4.3 21 190   M    M   3 3      31 190
19  82  55  69   M   0   4    M    M    M  5.9 16 260   M    M   5 3      25 260
20  82  46  64   M   1   0    M    M    M  4.1 17 200   M    M   3 3      22 350
21  90  50  70   M   0   5    M    M    M  2.5 15 230   M    M   2 3      23 230
22  82  50  66   M   0   1    M    M    M  3.3 14 230   M    M   4 13     21 230
23  88  46  67   M   0   2    M    M    M  3.3 13  80   M    M   1 3      16 240
================================================================================
SM 1905 1024        50  25    M     M    110.4          M       45
================================================================================
AV 82.8 44.5                               4.8 FASTST   M    M   2    MAX(MPH)
                                 MISC ---->    24   M               # 35  220
================================================================================
NOTES:
# LAST OF SEVERAL OCCURRENCES

COLUMN 17 PEAK WIND IN M.P.H.

PRELIMINARY LOCAL CLIMATOLOGICAL DATA (WS FORM: F-6) , PAGE 2

                                          STATION:  Kremmling
                                          MONTH:    JULY
                                          YEAR:     2016
                                          LATITUDE:   40  3 N
                                          LONGITUDE: 106 22 W

[TEMPERATURE DATA]      [PRECIPITATION DATA]       SYMBOLS USED IN COLUMN 16

AVERAGE MONTHLY: 63.7   TOTAL FOR MONTH:      M    1 = FOG OR MIST
DPTR FM NORMAL:     M   DPTR FM NORMAL:       M    2 = FOG REDUCING VISIBILITY
HIGHEST:    90 ON 21,17 GRTST 24HR    M  ON   M        TO 1/4 MILE OR LESS
LOWEST:     34 ON 12                               3 = THUNDER
                        SNOW, ICE PELLETS, HAIL    4 = ICE PELLETS
                        TOTAL MONTH:    M          5 = HAIL
                        GRTST 24HR    M  ON   M    6 = FREEZING RAIN OR DRIZZLE
                        GRTST DEPTH:  M  ON   M    7 = DUSTSTORM OR SANDSTORM:
                                                       VSBY 1/2 MILE OR LESS
                                                   8 = SMOKE OR HAZE
[NO. OF DAYS WITH]      [WEATHER - DAYS WITH]      9 = BLOWING SNOW
                                                   X = TORNADO
MAX 32 OR BELOW:   0    0.01 INCH OR MORE:   0
MAX 90 OR ABOVE:   5    0.10 INCH OR MORE:   0
MIN 32 OR BELOW:   0    0.50 INCH OR MORE:   0
MIN  0 OR BELOW:   0    1.00 INCH OR MORE:   0

[HDD (BASE 65) ]
TOTAL THIS MO.    50    CLEAR  (SCALE 0-3)  19
DPTR FM NORMAL     M    PTCLDY (SCALE 4-7)   3
TOTAL FM JUL 1    50    CLOUDY (SCALE 8-10)  1
DPTR FM NORMAL     M

[CDD (BASE 65) ]
TOTAL THIS MO.    25
DPTR FM NORMAL     M    [PRESSURE DATA]
TOTAL FM JAN 1    42    HIGHEST SLP M ON M
DPTR FM NORMAL     M    LOWEST  SLP M ON M

[REMARKS]
