000
CXUS53 KUNR 200945
CF62WX
PRELIMINARY LOCAL CLIMATOLOGICAL DATA (WS FORM: F-6)

                                          STATION:   BUFFALO SD
                                          MONTH:     FEBRUARY
                                          YEAR:      2017
                                          LATITUDE:   45 35 N
                                          LONGITUDE: 103 33 W

  TEMPERATURE IN F:       :PCPN:    SNOW:  WIND      :SUNSHINE: SKY     :PK WND
================================================================================
1   2   3   4   5  6A  6B    7    8   9   10  11  12  13   14  15   16   17  18
                                     12Z  AVG MX 2MIN
DY MAX MIN AVG DEP HDD CDD  WTR  SNW DPTH SPD SPD DIR MIN PSBL S-S WX    SPD DR
================================================================================

 1  19   3  11 -10  54   0 0.00    M    M 14.3 25 300   M    M   M        29 290
 2  15   0   8 -13  57   0 0.00    M    M  9.5 18 300   M    M   M        22 300
 3  16  -3   7 -14  58   0 0.00    M    M 10.8 23 160   M    M   M        26 160
 4  22  10  16  -6  49   0 0.00    M    M 14.9 37 300   M    M   M        40 300
 5  26   6  16  -6  49   0 0.00    M    M 10.6 23 160   M    M   M        26 160
 6  25   8  17  -5  48   0 0.00    M    M 12.8 21  40   M    M   M        23  40
 7  10   3   7 -15  58   0 0.02    M    M  8.6 17 360   M    M   M        21 350
 8  10  -1   5 -17  60   0 0.01    M    M  8.6 16 330   M    M   M        19 320
 9  44   5  25   3  40   0 0.00    M    M 11.1 23 240   M    M   M        25 240
10  51  37  44  22  21   0 0.00    M    M 12.9 30 310   M    M   M        37 310
11  44  24  34  11  31   0 0.01    M    M 18.7 41 310   M    M   M        50 320
12  46  22  34  11  31   0 0.00    M    M 12.6 21 240   M    M   M        25 250
13  45  27  36  13  29   0 0.00    M    M 16.6 33 300   M    M   M        40 310
14  49  28  39  16  26   0 0.00    M    M 11.4 18 300   M    M   M        23 300
15  61  31  46  22  19   0 0.00    M    M 10.6 26 290   M    M   M        29 280
16  70  38  54  30  11   0 0.00    M    M  9.4 22 260   M    M   M        26 270
17  57  29  43  19  22   0 0.00    M    M 16.6 38 290   M    M   M        44 290
18  63  30  47  23  18   0 0.00    M    M  8.6 22 260   M    M   M        28 260
19  69  36  53  29  12   0 0.00    M    M 10.5 23 210   M    M   M        29 210
================================================================================
SM  742  333       693   0  0.04    M    229.1          M        M
================================================================================
AV 39.1 17.5                              12.1 FASTST   M    M   3    MAX(MPH)
                                 MISC ---->  # 41 310               # 50  320
================================================================================
NOTES:
# LAST OF SEVERAL OCCURRENCES

COLUMN 17 PEAK WIND IN M.P.H.

PRELIMINARY LOCAL CLIMATOLOGICAL DATA (WS FORM: F-6) , PAGE 2

                                          STATION:  BUFFALO SD
                                          MONTH:    FEBRUARY
                                          YEAR:     2017
                                          LATITUDE:   45 35 N
                                          LONGITUDE: 103 33 W

[TEMPERATURE DATA]      [PRECIPITATION DATA]       SYMBOLS USED IN COLUMN 16

AVERAGE MONTHLY: 28.3   TOTAL FOR MONTH:   0.04    1 = FOG OR MIST
DPTR FM NORMAL:   5.7   DPTR FM NORMAL:   -0.15    2 = FOG REDUCING VISIBILITY
HIGHEST:    70 ON 16    GRTST 24HR  0.02 ON  7- 7      TO 1/4 MILE OR LESS
LOWEST:     -3 ON  3                               3 = THUNDER
                        SNOW, ICE PELLETS, HAIL    4 = ICE PELLETS
                        TOTAL MONTH:    M          5 = HAIL
                        GRTST 24HR    M  ON   M    6 = FREEZING RAIN OR DRIZZLE
                        GRTST DEPTH:  M  ON   M    7 = DUSTSTORM OR SANDSTORM:
                                                       VSBY 1/2 MILE OR LESS
                                                   8 = SMOKE OR HAZE
[NO. OF DAYS WITH]      [WEATHER - DAYS WITH]      9 = BLOWING SNOW
                                                   X = TORNADO
MAX 32 OR BELOW:   8    0.01 INCH OR MORE:   3
MAX 90 OR ABOVE:   0    0.10 INCH OR MORE:   0
MIN 32 OR BELOW:  16    0.50 INCH OR MORE:   0
MIN  0 OR BELOW:   3    1.00 INCH OR MORE:   0

[HDD (BASE 65) ]
TOTAL THIS MO.   693    CLEAR  (SCALE 0-3)   0
DPTR FM NORMAL  -114    PTCLDY (SCALE 4-7)   0
TOTAL FM JUL 1  5057    CLOUDY (SCALE 8-10)  0
DPTR FM NORMAL  -389

[CDD (BASE 65) ]
TOTAL THIS MO.     0
DPTR FM NORMAL     0    [PRESSURE DATA]
TOTAL FM JAN 1     0    HIGHEST SLP M ON M
DPTR FM NORMAL     0    LOWEST  SLP 29.16 ON 17

[REMARKS]
