000
CXUS53 KUNR 270945
CF62WX
PRELIMINARY LOCAL CLIMATOLOGICAL DATA (WS FORM: F-6)

                                          STATION:   BUFFALO SD
                                          MONTH:     MARCH
                                          YEAR:      2015
                                          LATITUDE:   45 35 N
                                          LONGITUDE: 103 33 W

  TEMPERATURE IN F:       :PCPN:    SNOW:  WIND      :SUNSHINE: SKY     :PK WND
================================================================================
1   2   3   4   5  6A  6B    7    8   9   10  11  12  13   14  15   16   17  18
                                     12Z  AVG MX 2MIN
DY MAX MIN AVG DEP HDD CDD  WTR  SNW DPTH SPD SPD DIR MIN PSBL S-S WX    SPD DR
================================================================================

 1  26   7  17 -10  48   0 0.00    M    M 12.7 29 310   M    M   M        35 320
 2  45   8  27  -1  38   0 0.00    M    M 14.3 38 350   M    M   M        46 350
 3  18   1  10 -18  55   0 0.00    M    M 22.9 38 310   M    M   M        44 310
 4  17  -2   8 -20  57   0 0.00    M    M 14.5 26 310   M    M   M        35 310
 5  46   1  24  -5  41   0 0.00    M    M 13.6 36 310   M    M   M        44 280
 6  58  25  42  13  23   0 0.00    M    M 15.0 36 300   M    M   M        43 310
 7  54  26  40  11  25   0 0.00    M    M  7.9 22 340   M    M   M        30 340
 8  59  24  42  12  23   0 0.00    M    M 10.6 23 260   M    M   M        28 260
 9  62  26  44  14  21   0 0.00    M    M  9.4 25 290   M    M   M        32 270
10  63  34  49  19  16   0 0.00    M    M  8.3 18 330   M    M   M        23 330
11  72  32  52  21  13   0 0.00    M    M  6.1 13 160   M    M   M        15 170
12  67  38  53  22  12   0 0.00    M    M 14.8 32 300   M    M   M        39 320
13  64  38  51  19  14   0 0.00    M    M 11.5 24 310   M    M   M        28 310
14  72  33  53  21  12   0 0.00    M    M 11.7 24 200   M    M   M        31 190
15  81  45  63  31   2   0 0.00    M    M 12.0 21 210   M    M   M        27 230
16  54  30  42  10  23   0 0.00    M    M 10.6 31  20   M    M   M        37  20
17  39  26  33   0  32   0 0.02    M    M 11.9 24 170   M    M   M        30 160
18  49  30  40   7  25   0 0.00    M    M  6.2 15 130   M    M   M        19 120
19  55  33  44  10  21   0 0.00    M    M 19.0 36 320   M    M   M        41 320
20  65  32  49  15  16   0 0.00    M    M 16.6 36 300   M    M   M        44 290
21  57  28  43   9  22   0 0.00    M    M 12.1 21 110   M    M   M        25 150
22  57  30  44   9  21   0 0.24    M    M  7.9 18 170   M    M   M        21 160
23  63  22  43   8  22   0 0.00    M    M 13.6 31 170   M    M   M        39 180
24  53  30  42   7  23   0 0.12    M    M 24.3 43 290   M    M   M        50 290
25  43  25  34  -2  31   0 0.00    M    M 13.8 29 320   M    M   M        35 310
26  48  28  38   2  27   0 0.01    M    M  9.1 17  40   M    M   M        20 160
================================================================================
SM 1387  650       663   0  0.39    M    330.4          M        M
================================================================================
AV 53.3 25.0                              12.7 FASTST   M    M   2    MAX(MPH)
                                 MISC ---->  # 43 290               # 50  290
================================================================================
NOTES:
# LAST OF SEVERAL OCCURRENCES

COLUMN 17 PEAK WIND IN M.P.H.

PRELIMINARY LOCAL CLIMATOLOGICAL DATA (WS FORM: F-6) , PAGE 2

                                          STATION:  BUFFALO SD
                                          MONTH:    MARCH
                                          YEAR:     2015
                                          LATITUDE:   45 35 N
                                          LONGITUDE: 103 33 W

[TEMPERATURE DATA]      [PRECIPITATION DATA]       SYMBOLS USED IN COLUMN 16

AVERAGE MONTHLY: 39.2   TOTAL FOR MONTH:   0.39    1 = FOG OR MIST
DPTR FM NORMAL:   7.5   DPTR FM NORMAL:   -0.26    2 = FOG REDUCING VISIBILITY
HIGHEST:    81 ON 15    GRTST 24HR  0.24 ON 22-22      TO 1/4 MILE OR LESS
LOWEST:     -2 ON  4                               3 = THUNDER
                        SNOW, ICE PELLETS, HAIL    4 = ICE PELLETS
                        TOTAL MONTH:    M          5 = HAIL
                        GRTST 24HR    M  ON   M    6 = FREEZING RAIN OR DRIZZLE
                        GRTST DEPTH:  M  ON   M    7 = DUSTSTORM OR SANDSTORM:
                                                       VSBY 1/2 MILE OR LESS
                                                   8 = SMOKE OR HAZE
[NO. OF DAYS WITH]      [WEATHER - DAYS WITH]      9 = BLOWING SNOW
                                                   X = TORNADO
MAX 32 OR BELOW:   3    0.01 INCH OR MORE:   4
MAX 90 OR ABOVE:   0    0.10 INCH OR MORE:   2
MIN 32 OR BELOW:  20    0.50 INCH OR MORE:   0
MIN  0 OR BELOW:   1    1.00 INCH OR MORE:   0

[HDD (BASE 65) ]
TOTAL THIS MO.   663    CLEAR  (SCALE 0-3)   0
DPTR FM NORMAL  -204    PTCLDY (SCALE 4-7)   0
TOTAL FM JUL 1  6121    CLOUDY (SCALE 8-10)  0
DPTR FM NORMAL  -543

[CDD (BASE 65) ]
TOTAL THIS MO.     0
DPTR FM NORMAL     0    [PRESSURE DATA]
TOTAL FM JAN 1     0    HIGHEST SLP M ON M
DPTR FM NORMAL     0    LOWEST  SLP 29.40 ON 24

[REMARKS]
