000
CXUS52 KTAE 290800
CF6AAF
PRELIMINARY LOCAL CLIMATOLOGICAL DATA (WS FORM: F-6)

                                          STATION:   APALACHICOLA
                                          MONTH:     JUNE
                                          YEAR:      2015
                                          LATITUDE:   29 43 N
                                          LONGITUDE:  85  2 W

  TEMPERATURE IN F:       :PCPN:    SNOW:  WIND      :SUNSHINE: SKY     :PK WND
================================================================================
1   2   3   4   5  6A  6B    7    8   9   10  11  12  13   14  15   16   17  18
                                     12Z  AVG MX 2MIN
DY MAX MIN AVG DEP HDD CDD  WTR  SNW DPTH SPD SPD DIR MIN PSBL S-S WX    SPD DR
================================================================================

 1  90  72  81   3   0  16 0.01  0.0    0  5.8 16  20   M    M   0 3      21 170
 2  86  72  79   1   0  14 0.01  0.0    0  4.9 15 180   M    M   1 3      19 180
 3  90  71  81   3   0  16 0.00  0.0    0  5.8 14 180   M    M   1        18 180
 4  92  71  82   3   0  17 0.00  0.0    0  5.3 16 190   M    M   1 3      22 180
 5  93  71  82   3   0  17 0.29  0.0    0  5.8 20  40   M    M   2 138    23  40
 6  93  74  84   5   0  19    T  0.0    0  3.4 12  40   M    M   5 3      18 200
 7  92  73  83   4   0  18 0.00  0.0    0  4.6 14 150   M    M   0 3      21 140
 8  91  74  83   4   0  18 0.59  0.0    0  5.9 20 160   M    M   1 13     29 170
 9  89  74  82   2   0  17 2.10  0.0    0  5.4 25 150   M    M   3 138    30 150
10  86  73  80   0   0  15 1.04  0.0    0  5.7 21 320   M    M   3 138    29 310
11  87  74  81   1   0  16 0.25  0.0    0  8.6 20 180   M    M   3 138    23 180
12  90  80  85   5   0  20 0.00  0.0    0  8.9 17 180   M    M   2        22 180
13  91  77  84   4   0  19 0.00  0.0    0  7.2 15 140   M    M   1        20 150
14  91  77  84   4   0  19 0.00  0.0    0  6.4 15 150   M    M   1        19 150
15  92  75  84   4   0  19 0.00  0.0    0  5.9 14 160   M    M   1        18 160
16  93  75  84   4   0  19 0.00  0.0    0  5.8 12 200   M    M   0         M  M
17  96  78  87   7   0  22 0.00  0.0    0  5.8 15 250   M    M   2 3      19 220
18  95  78  87   6   0  22 0.00  0.0    0  4.9 16 210   M    M   0        22 210
19  94  78  86   5   0  21 0.00  0.0    0  6.8 16 260   M    M   0        21 260
20  95  81  88   7   0  23 0.00  0.0    0 10.0 21 250   M    M   2        24 250
21  95  77  86   5   0  21 0.05  0.0    0  5.0 18  10   M    M   1 3      21  10
22   M   M   M   M   M   M    M    M    M   M   M   M   M    M   M 3       M  M
23  94  78  86   5   0  21 0.00  0.0    0  3.9 22  50   M    M   1 3      30  50
24  92  77  85   4   0  20 0.00  0.0    0  3.9 21 290   M    M   1 3      27 290
25  95  77  86   5   0  21 0.00  0.0    0  6.9 16 250   M    M   0        21 240
26  91  78  85   4   0  20 0.77  0.0    0  9.1 17 250   M    M   2 38     23 300
27  93  79  86   4   0  21 0.29  0.0    0 11.9 23 260   M    M   2 13     29 270
28  85  77  81  -1   0  16 0.60  0.0    0  9.5 24 260   M    M   3 138    32 260
================================================================================
SM 2471 2041         0 507  6.00     0.0 173.1          M       39
================================================================================
AV 91.5 75.6                               6.4 FASTST   M    M   1    MAX(MPH)
                                 MISC ---->  # 25 150               # 32  260
================================================================================
NOTES:
# LAST OF SEVERAL OCCURRENCES

COLUMN 17 PEAK WIND IN M.P.H.

PRELIMINARY LOCAL CLIMATOLOGICAL DATA (WS FORM: F-6) , PAGE 2

                                          STATION:  APALACHICOLA
                                          MONTH:    JUNE
                                          YEAR:     2015
                                          LATITUDE:   29 43 N
                                          LONGITUDE:  85  2 W

[TEMPERATURE DATA]      [PRECIPITATION DATA]       SYMBOLS USED IN COLUMN 16

AVERAGE MONTHLY: 83.6   TOTAL FOR MONTH:   6.00    1 = FOG OR MIST
DPTR FM NORMAL:   3.5   DPTR FM NORMAL:    1.15    2 = FOG REDUCING VISIBILITY
HIGHEST:    96 ON 17    GRTST 24HR  2.89 ON  9-10      TO 1/4 MILE OR LESS
LOWEST:     71 ON  5, 4                            3 = THUNDER
                        SNOW, ICE PELLETS, HAIL    4 = ICE PELLETS
                        TOTAL MONTH:   0.0 INCH    5 = HAIL
                        GRTST 24HR     0.0         6 = FREEZING RAIN OR DRIZZLE
                        GRTST DEPTH:   0           7 = DUSTSTORM OR SANDSTORM:
                                                       VSBY 1/2 MILE OR LESS
                                                   8 = SMOKE OR HAZE
[NO. OF DAYS WITH]      [WEATHER - DAYS WITH]      9 = BLOWING SNOW
                                                   X = TORNADO
MAX 32 OR BELOW:   0    0.01 INCH OR MORE:  11
MAX 90 OR ABOVE:  22    0.10 INCH OR MORE:   8
MIN 32 OR BELOW:   0    0.50 INCH OR MORE:   5
MIN  0 OR BELOW:   0    1.00 INCH OR MORE:   2

[HDD (BASE 65) ]
TOTAL THIS MO.     0    CLEAR  (SCALE 0-3)  25
DPTR FM NORMAL     0    PTCLDY (SCALE 4-7)   2
TOTAL FM JUL 1  1022    CLOUDY (SCALE 8-10)  0
DPTR FM NORMAL  -369

[CDD (BASE 65) ]
TOTAL THIS MO.   507
DPTR FM NORMAL    85    [PRESSURE DATA]
TOTAL FM JAN 1  1413    HIGHEST SLP M ON M
DPTR FM NORMAL   569    LOWEST  SLP 29.87 ON  3

[REMARKS]
