000
CXUS56 KMFR 271000
CF6AAT
PRELIMINARY LOCAL CLIMATOLOGICAL DATA (WS FORM: F-6)

                                          STATION:   ALTURAS CA
                                          MONTH:     SEPTEMBER
                                          YEAR:      2016
                                          LATITUDE:   41 29 N
                                          LONGITUDE: 120 34 W

  TEMPERATURE IN F:       :PCPN:    SNOW:  WIND      :SUNSHINE: SKY     :PK WND
================================================================================
1   2   3   4   5  6A  6B    7    8   9   10  11  12  13   14  15   16   17  18
                                     12Z  AVG MX 2MIN
DY MAX MIN AVG DEP HDD CDD  WTR  SNW DPTH SPD SPD DIR MIN PSBL S-S WX    SPD DR
================================================================================

 1  83  37  60  -1   5   0 0.00    M    M  5.8 23 250   M    M   1 8      30 260
 2  74  41  58  -2   7   0 0.00    M    M  4.9 20 330   M    M   1 8      24 340
 3  75  32  54  -6  11   0 0.00    M    M  4.9 20 320   M    M   1        23 330
 4  68  41  55  -5  10   0 0.03    M    M  4.8 14 320   M    M   4 1      16 320
 5  74  30  52  -8  13   0 0.00    M    M  3.5 13 290   M    M   0        20 320
 6  76  30  53  -6  12   0 0.00    M    M  5.2 20 310   M    M   0        24 320
 7  82  35  59   0   6   0 0.00    M    M  3.5 13 310   M    M   0        17 300
 8  85  37  61   2   4   0 0.00    M    M  3.0 16 310   M    M   0        24 310
 9  85  38  62   4   3   0 0.00    M    M  3.6 10  50   M    M   0        21 340
10  91  34  63   5   2   0 0.00    M    M  4.2 14 330   M    M   0        18 330
11  85  38  62   4   3   0 0.00    M    M  8.3 22 250   M    M   1        31 240
12  70  48  59   2   6   0 0.00    M    M 12.1 21  10   M    M   2        29  10
13  71  44  58   1   7   0 0.00    M    M  6.4 17  10   M    M   0        22  10
14  73  30  52  -5  13   0 0.00    M    M  4.0 16 340   M    M   0        23 310
15  77  26  52  -4  13   0 0.00    M    M  1.6 10 150   M    M   0        14 140
16  81  30  56   0   9   0 0.00    M    M  2.1  8  80   M    M   0 8      12  90
17  85  35  60   4   5   0 0.00    M    M  4.1 17 230   M    M   0        22 260
18  86  40  63   7   2   0 0.00    M    M  4.8 18 280   M    M   1        24 240
19  84  44  64   9   1   0 0.00    M    M  6.9 24 250   M    M   0        32 290
20  82  41  62   7   3   0 0.00    M    M  8.0 25 220   M    M   0        34 220
21  71  33  52  -3  13   0 0.00    M    M  7.2 26 260   M    M   1        31 260
22  57  37  47  -7  18   0    M    M    M  6.3 23 300   M    M   8        29 310
23  61  24  43 -11  22   0    M    M    M  2.2 15 350   M    M   6 12     22 300
24  77  34  56   2   9   0 0.00    M    M  2.7 10  40   M    M   1        13 360
25  85  31  58   5   7   0 0.00    M    M  3.5 16  60   M    M   0        20  90
26  89  37  63  10   2   0 0.00    M    M  2.3 10 140   M    M   0 8      16 160
================================================================================
SM 2027  927       206   0  0.03    M    125.9          M       27
================================================================================
AV 78.0 35.7                               4.8 FASTST   M    M   1    MAX(MPH)
                                 MISC ---->  # 26 260               # 34  220
================================================================================
NOTES:
# LAST OF SEVERAL OCCURRENCES

COLUMN 17 PEAK WIND IN M.P.H.

PRELIMINARY LOCAL CLIMATOLOGICAL DATA (WS FORM: F-6) , PAGE 2

                                          STATION:  ALTURAS CA
                                          MONTH:    SEPTEMBER
                                          YEAR:     2016
                                          LATITUDE:   41 29 N
                                          LONGITUDE: 120 34 W

[TEMPERATURE DATA]      [PRECIPITATION DATA]       SYMBOLS USED IN COLUMN 16

AVERAGE MONTHLY: 56.8   TOTAL FOR MONTH:   0.03    1 = FOG OR MIST
DPTR FM NORMAL:  -0.1   DPTR FM NORMAL:   -0.41    2 = FOG REDUCING VISIBILITY
HIGHEST:    91 ON 10    GRTST 24HR  0.03 ON  4- 4      TO 1/4 MILE OR LESS
LOWEST:     24 ON 23                               3 = THUNDER
                        SNOW, ICE PELLETS, HAIL    4 = ICE PELLETS
                        TOTAL MONTH:    M          5 = HAIL
                        GRTST 24HR    M  ON   M    6 = FREEZING RAIN OR DRIZZLE
                        GRTST DEPTH:  M  ON   M    7 = DUSTSTORM OR SANDSTORM:
                                                       VSBY 1/2 MILE OR LESS
                                                   8 = SMOKE OR HAZE
[NO. OF DAYS WITH]      [WEATHER - DAYS WITH]      9 = BLOWING SNOW
                                                   X = TORNADO
MAX 32 OR BELOW:   0    0.01 INCH OR MORE:   1
MAX 90 OR ABOVE:   1    0.10 INCH OR MORE:   0
MIN 32 OR BELOW:   8    0.50 INCH OR MORE:   0
MIN  0 OR BELOW:   0    1.00 INCH OR MORE:   0

[HDD (BASE 65) ]
TOTAL THIS MO.   206    CLEAR  (SCALE 0-3)  23
DPTR FM NORMAL    -8    PTCLDY (SCALE 4-7)   2
TOTAL FM JUL 1   263    CLOUDY (SCALE 8-10)  1
DPTR FM NORMAL   -62

[CDD (BASE 65) ]
TOTAL THIS MO.     0
DPTR FM NORMAL    -3    [PRESSURE DATA]
TOTAL FM JAN 1   254    HIGHEST SLP M ON M
DPTR FM NORMAL   100    LOWEST  SLP 29.83 ON  3

[REMARKS]
