000
CXUS56 KMFR 241000
CF6AAT
PRELIMINARY LOCAL CLIMATOLOGICAL DATA (WS FORM: F-6)

                                          STATION:   ALTURAS CA
                                          MONTH:     NOVEMBER
                                          YEAR:      2017
                                          LATITUDE:   41 29 N
                                          LONGITUDE: 120 34 W

  TEMPERATURE IN F:       :PCPN:    SNOW:  WIND      :SUNSHINE: SKY     :PK WND
================================================================================
1   2   3   4   5  6A  6B    7    8   9   10  11  12  13   14  15   16   17  18
                                     12Z  AVG MX 2MIN
DY MAX MIN AVG DEP HDD CDD  WTR  SNW DPTH SPD SPD DIR MIN PSBL S-S WX    SPD DR
================================================================================

 1  68  21  45   4  20   0 0.00    M    M  3.7 20 310   M    M   0 18     25 310
 2  56  33  45   4  20   0    T    M    M 10.6 25 260   M    M   9        32 260
 3  51  32  42   2  23   0 0.23    M    M 10.7 25 220   M    M  10 1      39 220
 4  36  31  34  -6  31   0 0.24    M    M  0.9  5 260   M    M  10 1       6 250
 5  43  33  38  -2  27   0 0.09    M    M  8.1 21 230   M    M   9 1      27 250
 6  42  22  32  -7  33   0 0.01    M    M  2.2 12 330   M    M   6 18     14 240
 7  51  17  34  -5  31   0 0.00    M    M  4.0 17 180   M    M   0 18     20 180
 8  52  36  44   5  21   0 0.02    M    M 13.2 26 180   M    M   8        37 200
 9  52  39  46   8  19   0 0.20    M    M  9.4 25 210   M    M   9 1      31 210
10  50  34  42   4  23   0 0.12    M    M  8.6 21 180   M    M   8 1      25 190
11  54  28  41   3  24   0 0.01    M    M  3.6 15 170   M    M   5 18     21 200
12  50  26  38   1  27   0 0.00    M    M  3.8 14 180   M    M   5 1      18 160
13  55  36  46   9  19   0 0.06    M    M 14.0 28 240   M    M   9        40 250
14  50  30  40   4  25   0 0.02    M    M  4.0 18 260   M    M   2 18     23 260
15  45  32  39   3  26   0    M    M    M 11.7 26 180   M    M   8 1      34 180
16  45  33  39   3  26   0 0.31    M    M  7.3 20 270   M    M  10 1      26 270
17  41  20  31  -4  34   0 0.03    M    M  4.4 17 300   M    M   5 1      22 310
18  49  17  33  -2  32   0 0.00    M    M  4.6 13 170   M    M   0 18     17 180
19  44  18  31  -4  34   0 0.00    M    M  2.0  9 260   M    M   3 18     14 250
20  51  37  44  10  21   0 0.12    M    M  4.2 13 280   M    M  10 1      16 170
21  65  42  54  20  11   0 0.00    M    M  5.0 18 180   M    M   7 18     24 200
22  71  34  53  19  12   0 0.00    M    M  5.0 17 190   M    M   1 18     23 180
23  58  43  51  17  14   0 0.05    M    M  5.2 18 230   M    M   8 1      25 220
================================================================================
SM 1179  694       553   0  1.51    M    146.2          M      142
================================================================================
AV 51.3 30.2                               6.4 FASTST   M    M   6    MAX(MPH)
                                 MISC ---->  # 28 240               # 40  250
================================================================================
NOTES:
# LAST OF SEVERAL OCCURRENCES

COLUMN 17 PEAK WIND IN M.P.H.

PRELIMINARY LOCAL CLIMATOLOGICAL DATA (WS FORM: F-6) , PAGE 2

                                          STATION:  ALTURAS CA
                                          MONTH:    NOVEMBER
                                          YEAR:     2017
                                          LATITUDE:   41 29 N
                                          LONGITUDE: 120 34 W

[TEMPERATURE DATA]      [PRECIPITATION DATA]       SYMBOLS USED IN COLUMN 16

AVERAGE MONTHLY: 40.7   TOTAL FOR MONTH:   1.51    1 = FOG OR MIST
DPTR FM NORMAL:   3.5   DPTR FM NORMAL:    0.11    2 = FOG REDUCING VISIBILITY
HIGHEST:    71 ON 22    GRTST 24HR  0.31 ON 16-16      TO 1/4 MILE OR LESS
LOWEST:     17 ON 18, 7                            3 = THUNDER
                        SNOW, ICE PELLETS, HAIL    4 = ICE PELLETS
                        TOTAL MONTH:    M          5 = HAIL
                        GRTST 24HR    M  ON   M    6 = FREEZING RAIN OR DRIZZLE
                        GRTST DEPTH:  M  ON   M    7 = DUSTSTORM OR SANDSTORM:
                                                       VSBY 1/2 MILE OR LESS
                                                   8 = SMOKE OR HAZE
[NO. OF DAYS WITH]      [WEATHER - DAYS WITH]      9 = BLOWING SNOW
                                                   X = TORNADO
MAX 32 OR BELOW:   0    0.01 INCH OR MORE:  14
MAX 90 OR ABOVE:   0    0.10 INCH OR MORE:   6
MIN 32 OR BELOW:  12    0.50 INCH OR MORE:   0
MIN  0 OR BELOW:   0    1.00 INCH OR MORE:   0

[HDD (BASE 65) ]
TOTAL THIS MO.   553    CLEAR  (SCALE 0-3)   6
DPTR FM NORMAL   -86    PTCLDY (SCALE 4-7)   8
TOTAL FM JUL 1  1376    CLOUDY (SCALE 8-10)  9
DPTR FM NORMAL  -206

[CDD (BASE 65) ]
TOTAL THIS MO.     0
DPTR FM NORMAL     0    [PRESSURE DATA]
TOTAL FM JAN 1   516    HIGHEST SLP M ON M
DPTR FM NORMAL   360    LOWEST  SLP 29.64 ON 15

[REMARKS]
