000
CXUS56 KMFR 231000
CF6AAT
PRELIMINARY LOCAL CLIMATOLOGICAL DATA (WS FORM: F-6)

                                          STATION:   ALTURAS CA
                                          MONTH:     APRIL
                                          YEAR:      2017
                                          LATITUDE:   41 29 N
                                          LONGITUDE: 120 34 W

  TEMPERATURE IN F:       :PCPN:    SNOW:  WIND      :SUNSHINE: SKY     :PK WND
================================================================================
1   2   3   4   5  6A  6B    7    8   9   10  11  12  13   14  15   16   17  18
                                     12Z  AVG MX 2MIN
DY MAX MIN AVG DEP HDD CDD  WTR  SNW DPTH SPD SPD DIR MIN PSBL S-S WX    SPD DR
================================================================================

 1  67  26  47   7  18   0 0.00    M    M  3.5 16 330   M    M   1 1      20 330
 2  59  37  48   8  17   0 0.00    M    M  7.6 18 310   M    M   2        23 320
 3  55  28  42   2  23   0 0.00    M    M  4.7 14 300   M    M   0        18 300
 4   M  29   M   M   M   M 0.00    M    M  4.6 15 280   M    M   5 8      19 240
 5  69  38  54  13  11   0 0.00    M    M  8.7 26 190   M    M   1        34 210
 6  53  41  47   6  18   0 0.14    M    M 16.1 38 190   M    M   8        49 180
 7  52  32  42   1  23   0 0.13    M    M 16.1 29 210   M    M   4 1      38 180
 8  43  25  34  -7  31   0 0.09    M    M  6.9 26 270   M    M   7 1      29 270
 9  52  25  39  -3  26   0 0.00    M    M  7.9 21 220   M    M   4 1      24 220
10  53  35  44   2  21   0    T    M    M  6.1 18 170   M    M   6        24 170
11  54  35  45   3  20   0    T    M    M 11.9 26 180   M    M  10 18     36 170
12  58  41  50   8  15   0 0.02    M    M 15.9 36 190   M    M   9 1      47 190
13  48  31  40  -2  25   0 0.28    M    M  8.4 24 270   M    M   8 1      28 270
14  45  25  35  -8  30   0    T    M    M  2.9 10 250   M    M   6 18     13 220
15  60  21  41  -2  24   0 0.00    M    M  2.1 13 190   M    M   0 1      19 240
16  60  32  46   3  19   0 0.03    M    M 10.6 31 220   M    M   5 8      41 220
17  53  33  43   0  22   0 0.03    M    M  5.6 20 280   M    M   8 1      23 280
18  58  32  45   1  20   0 0.05    M    M  7.9 18 250   M    M   4 8      23 280
19  62  30  46   2  19   0 0.02    M    M  8.9 28 210   M    M   2 1      34 180
20  52  30  41  -3  24   0 0.11    M    M  6.1 20 320   M    M   5 1      24 320
21  66  24  45   1  20   0 0.00    M    M  3.0 16 150   M    M   0        21 150
22  65  35  50   5  15   0 0.00    M    M 10.6 26 270   M    M   2 8      33 270
================================================================================
SM 1184  685       441   0  0.90    M    176.1          M       97
================================================================================
AV 56.4 31.1                               8.0 FASTST   M    M   4    MAX(MPH)
                                 MISC ---->  # 38 190               # 49  180
================================================================================
NOTES:
# LAST OF SEVERAL OCCURRENCES

COLUMN 17 PEAK WIND IN M.P.H.

PRELIMINARY LOCAL CLIMATOLOGICAL DATA (WS FORM: F-6) , PAGE 2

                                          STATION:  ALTURAS CA
                                          MONTH:    APRIL
                                          YEAR:     2017
                                          LATITUDE:   41 29 N
                                          LONGITUDE: 120 34 W

[TEMPERATURE DATA]      [PRECIPITATION DATA]       SYMBOLS USED IN COLUMN 16

AVERAGE MONTHLY: 43.8   TOTAL FOR MONTH:   0.90    1 = FOG OR MIST
DPTR FM NORMAL:   1.6   DPTR FM NORMAL:   -0.23    2 = FOG REDUCING VISIBILITY
HIGHEST:    69 ON  5    GRTST 24HR  0.28 ON 13-13      TO 1/4 MILE OR LESS
LOWEST:     21 ON 15                               3 = THUNDER
                        SNOW, ICE PELLETS, HAIL    4 = ICE PELLETS
                        TOTAL MONTH:    M          5 = HAIL
                        GRTST 24HR    M  ON   M    6 = FREEZING RAIN OR DRIZZLE
                        GRTST DEPTH:  M  ON   M    7 = DUSTSTORM OR SANDSTORM:
                                                       VSBY 1/2 MILE OR LESS
                                                   8 = SMOKE OR HAZE
[NO. OF DAYS WITH]      [WEATHER - DAYS WITH]      9 = BLOWING SNOW
                                                   X = TORNADO
MAX 32 OR BELOW:   0    0.01 INCH OR MORE:  10
MAX 90 OR ABOVE:   0    0.10 INCH OR MORE:   4
MIN 32 OR BELOW:  14    0.50 INCH OR MORE:   0
MIN  0 OR BELOW:   0    1.00 INCH OR MORE:   0

[HDD (BASE 65) ]
TOTAL THIS MO.   441    CLEAR  (SCALE 0-3)   8
DPTR FM NORMAL   -60    PTCLDY (SCALE 4-7)  11
TOTAL FM JUL 1  5797    CLOUDY (SCALE 8-10)  3
DPTR FM NORMAL  -396

[CDD (BASE 65) ]
TOTAL THIS MO.     0
DPTR FM NORMAL     0    [PRESSURE DATA]
TOTAL FM JAN 1     0    HIGHEST SLP M ON M
DPTR FM NORMAL     0    LOWEST  SLP 29.41 ON  7

[REMARKS]
