000
CXUS54 KSJT 191210
CF6ABI
PRELIMINARY LOCAL CLIMATOLOGICAL DATA (WS FORM: F-6)

                                          STATION:   ABILENE
                                          MONTH:     FEBRUARY
                                          YEAR:      2017
                                          LATITUDE:   32 25 N
                                          LONGITUDE:  99 41 W

  TEMPERATURE IN F:       :PCPN:    SNOW:  WIND      :SUNSHINE: SKY     :PK WND
================================================================================
1   2   3   4   5  6A  6B    7    8   9   10  11  12  13   14  15   16   17  18
                                     12Z  AVG MX 2MIN
DY MAX MIN AVG DEP HDD CDD  WTR  SNW DPTH SPD SPD DIR MIN PSBL S-S WX    SPD DR
================================================================================

 1  61  39  50   4  15   0 0.00  0.0    0 10.6 18 330   M    M   0        22 320
 2  46  29  38  -8  27   0 0.00  0.0    0 11.3 21 360   M    M   0        26 350
 3  43  24  34 -12  31   0 0.00  0.0    0  6.9 14  40   M    M   7 13     18  30
 4  56  42  49   3  16   0 0.00  0.0    0 10.0 20 210   M    M  10        24 190
 5  72  50  61  14   4   0 0.00  0.0    0 12.4 21 210   M    M   3 18     27 200
 6  78  57  68  21   0   3 0.00  0.0    0 16.7 28 210   M    M   0        34 210
 7  78  53  66  19   0   1 0.00  0.0    0 13.7 25 280   M    M   0        34 280
 8  72  40  56   9   9   0 0.00  0.0    0 12.7 25  10   M    M   0 8      32 360
 9  67  29  48   1  17   0 0.00  0.0    0  8.3 23 160   M    M   0        29 150
10  80  51  66  18   0   1 0.00  0.0    0 17.8 26 200   M    M   0        38 230
11  89  59  74  26   0   9 0.00  0.0    0 13.2 28 210   M    M   0        37 210
12  71  50  61  13   4   0 0.00  0.0    0 16.2 26  10   M    M   1        35  20
13  50  38  44  -4  21   0 0.55  0.0    0 11.1 22 300   M    M  10 138    28 310
14  42  38  40  -8  25   0 0.55  0.0    0 15.0 23 350   M    M  10 1      29 340
15  54  33  44  -4  21   0 0.00  0.0    0  8.3 17 340   M    M   1        22 360
16  65  33  49   0  16   0 0.00  0.0    0  9.7 18 220   M    M   0        23 220
17  72  48  60  11   5   0 0.00  0.0    0 12.5 23 220   M    M   2        29 210
18  74  41  58   9   7   0 0.00  0.0    0  5.7 14 210   M    M   0        18 210
================================================================================
SM 1170  754       218  14  1.10     0.0 212.1          M       44
================================================================================
AV 65.0 41.9                              11.8 FASTST   M    M   2    MAX(MPH)
                                 MISC ---->  # 28 210               # 38  230
================================================================================
NOTES:
# LAST OF SEVERAL OCCURRENCES

COLUMN 17 PEAK WIND IN M.P.H.

PRELIMINARY LOCAL CLIMATOLOGICAL DATA (WS FORM: F-6) , PAGE 2

                                          STATION:  ABILENE
                                          MONTH:    FEBRUARY
                                          YEAR:     2017
                                          LATITUDE:   32 25 N
                                          LONGITUDE:  99 41 W

[TEMPERATURE DATA]      [PRECIPITATION DATA]       SYMBOLS USED IN COLUMN 16

AVERAGE MONTHLY: 53.4   TOTAL FOR MONTH:   1.10    1 = FOG OR MIST
DPTR FM NORMAL:   6.0   DPTR FM NORMAL:    0.25    2 = FOG REDUCING VISIBILITY
HIGHEST:    89 ON 11    GRTST 24HR  1.10 ON 13-14      TO 1/4 MILE OR LESS
LOWEST:     24 ON  3                               3 = THUNDER
                        SNOW, ICE PELLETS, HAIL    4 = ICE PELLETS
                        TOTAL MONTH:   0.0 INCH    5 = HAIL
                        GRTST 24HR     0.0         6 = FREEZING RAIN OR DRIZZLE
                        GRTST DEPTH:   0           7 = DUSTSTORM OR SANDSTORM:
                                                       VSBY 1/2 MILE OR LESS
                                                   8 = SMOKE OR HAZE
[NO. OF DAYS WITH]      [WEATHER - DAYS WITH]      9 = BLOWING SNOW
                                                   X = TORNADO
MAX 32 OR BELOW:   0    0.01 INCH OR MORE:   2
MAX 90 OR ABOVE:   0    0.10 INCH OR MORE:   2
MIN 32 OR BELOW:   3    0.50 INCH OR MORE:   2
MIN  0 OR BELOW:   0    1.00 INCH OR MORE:   0

[HDD (BASE 65) ]
TOTAL THIS MO.   218    CLEAR  (SCALE 0-3)  14
DPTR FM NORMAL   -99    PTCLDY (SCALE 4-7)   1
TOTAL FM JUL 1  1523    CLOUDY (SCALE 8-10)  3
DPTR FM NORMAL  -463

[CDD (BASE 65) ]
TOTAL THIS MO.    14
DPTR FM NORMAL    14    [PRESSURE DATA]
TOTAL FM JAN 1    17    HIGHEST SLP M ON M
DPTR FM NORMAL    16    LOWEST  SLP 29.61 ON 17

[REMARKS]
