000
CXUS55 KABR 301400
CF6ABR
PRELIMINARY LOCAL CLIMATOLOGICAL DATA (WS FORM: F-6)

                                          STATION:   ABERDEEN SD
                                          MONTH:     JUNE
                                          YEAR:      2015
                                          LATITUDE:   45 27 N
                                          LONGITUDE:  98 26 W

  TEMPERATURE IN F:       :PCPN:    SNOW:  WIND      :SUNSHINE: SKY     :PK WND
================================================================================
1   2   3   4   5  6A  6B    7    8   9   10  11  12  13   14  15   16   17  18
                                     12Z  AVG MX 2MIN
DY MAX MIN AVG DEP HDD CDD  WTR  SNW DPTH SPD SPD DIR MIN PSBL S-S WX    SPD DR
================================================================================

 1  82  55  69   8   0   4 0.00  0.0    0 17.2 28 160   M    M   4        35 190
 2  88  60  74  12   0   9 0.17  0.0    0 17.4 28 180   M    M   1 13     37 170
 3  73  56  65   3   0   0 0.00  0.0    0 10.6 20 350   M    M   6        23 330
 4  73  55  64   2   1   0 0.03  0.0    0  8.7 17  40   M    M   7        22  20
 5  79  57  68   6   0   3 0.00  0.0    0  8.7 20 110   M    M   5        25 110
 6  86  60  73  10   0   8    T  0.0    0 11.9 20 240   M    M   3        27 180
 7  86  53  70   7   0   5    T  0.0    0  9.2 33 290   M    M   1 3      46 290
 8  89  57  73  10   0   8 0.00  0.0    0  8.6 21 310   M    M   1        28 310
 9  98  56  77  13   0  12 0.00  0.0    0 10.7 26 340   M    M   1 8      33 350
10  77  56  67   3   0   2 0.05  0.0    0  7.6 16  50   M    M   4 18     22  50
11  78  54  66   2   0   1    T  0.0    0  7.9 17  70   M    M   5 18     24  70
12  82  48  65   0   0   0 0.00  0.0    0  7.4 20 140   M    M   0 1      27 110
13  88  57  73   8   0   8 0.00  0.0    0  9.1 16 160   M    M   1 1      22 180
14  76  58  67   2   0   2 0.32  0.0    0 12.1 32  40   M    M   3 13     42  40
15  76  50  63  -3   2   0 0.00  0.0    0  9.1 20 330   M    M   1 12     27 330
16  63  56  60  -6   5   0 0.18  0.0    0  9.5 20 100   M    M  10 1      25 140
17  70  52  61  -5   4   0 0.00  0.0    0  5.8 12 350   M    M   7 8      15 340
18  75  50  63  -3   2   0 0.00  0.0    0  5.7 15  40   M    M   3 12     19  30
19  81  52  67   0   0   2    T  0.0    0 11.3 29 170   M    M   6        38 170
20  83  65  74   7   0   9 0.24  0.0    0  8.9 25 120   M    M   2 13     33 120
21  87  53  70   3   0   5 0.02  0.0    0  7.7 33 320   M    M   1 13     64 270
22  77  55  66  -2   0   1 0.93  0.0    0 15.5 35 330   M    M   2 13     40 330
23  82  52  67  -1   0   2 0.00  0.0    0  6.6 17 230   M    M   0        22 230
24  83  59  71   3   0   6 0.00  0.0    0  6.1 13 180   M    M   1        17 190
25  84  62  73   5   0   8 0.00  0.0    0  6.0 13  60   M    M   3 18     16  30
26  86  62  74   5   0   9 0.00  0.0    0  4.9 21  20   M    M   1 3      27  30
27  92  54  73   4   0   8 0.15  0.0    0  8.1 28 320   M    M   1 13     36 320
28  86  64  75   6   0  10 0.00  0.0    0 11.6 21 330   M    M   2        25 330
29  90  61  76   7   0  11 0.00  0.0    0  7.7 20 350   M    M   2 18     24 360
================================================================================
SM 2370 1629        14 133  2.09     0.0 271.6          M       84
================================================================================
AV 81.7 56.2                               9.4 FASTST   M    M   3    MAX(MPH)
                                 MISC ---->  # 35 330               # 64  270
================================================================================
NOTES:
# LAST OF SEVERAL OCCURRENCES

COLUMN 17 PEAK WIND IN M.P.H.

PRELIMINARY LOCAL CLIMATOLOGICAL DATA (WS FORM: F-6) , PAGE 2

                                          STATION:  ABERDEEN SD
                                          MONTH:    JUNE
                                          YEAR:     2015
                                          LATITUDE:   45 27 N
                                          LONGITUDE:  98 26 W

[TEMPERATURE DATA]      [PRECIPITATION DATA]       SYMBOLS USED IN COLUMN 16

AVERAGE MONTHLY: 68.9   TOTAL FOR MONTH:   2.09    1 = FOG OR MIST
DPTR FM NORMAL:   3.5   DPTR FM NORMAL:   -1.50    2 = FOG REDUCING VISIBILITY
HIGHEST:    98 ON  9    GRTST 24HR  0.93 ON 22-22      TO 1/4 MILE OR LESS
LOWEST:     48 ON 12                               3 = THUNDER
                        SNOW, ICE PELLETS, HAIL    4 = ICE PELLETS
                        TOTAL MONTH:   0.0 INCH    5 = HAIL
                        GRTST 24HR     0.0         6 = FREEZING RAIN OR DRIZZLE
                        GRTST DEPTH:   0           7 = DUSTSTORM OR SANDSTORM:
                                                       VSBY 1/2 MILE OR LESS
                                                   8 = SMOKE OR HAZE
[NO. OF DAYS WITH]      [WEATHER - DAYS WITH]      9 = BLOWING SNOW
                                                   X = TORNADO
MAX 32 OR BELOW:   0    0.01 INCH OR MORE:   9
MAX 90 OR ABOVE:   3    0.10 INCH OR MORE:   6
MIN 32 OR BELOW:   0    0.50 INCH OR MORE:   1
MIN  0 OR BELOW:   0    1.00 INCH OR MORE:   0

[HDD (BASE 65) ]
TOTAL THIS MO.    14    CLEAR  (SCALE 0-3)  20
DPTR FM NORMAL   -61    PTCLDY (SCALE 4-7)   8
TOTAL FM JUL 1  8004    CLOUDY (SCALE 8-10)  1
DPTR FM NORMAL  -529

[CDD (BASE 65) ]
TOTAL THIS MO.   133
DPTR FM NORMAL    46    [PRESSURE DATA]
TOTAL FM JAN 1   147    HIGHEST SLP M ON M
DPTR FM NORMAL    37    LOWEST  SLP 29.49 ON 20

[REMARKS]
