000
CXAK56 PAFC 241320
CF6ADQ
PRELIMINARY LOCAL CLIMATOLOGICAL DATA (WS FORM: F-6)

                                          STATION:   KODIAK
                                          MONTH:     MAY
                                          YEAR:      2017
                                          LATITUDE:   57 45 N
                                          LONGITUDE: 152 31 W

  TEMPERATURE IN F:       :PCPN:    SNOW:  WIND      :SUNSHINE: SKY     :PK WND
================================================================================
1   2   3   4   5  6A  6B    7    8   9   10  11  12  13   14  15   16   17  18
                                     12Z  AVG MX 2MIN
DY MAX MIN AVG DEP HDD CDD  WTR  SNW DPTH SPD SPD DIR MIN PSBL S-S WX    SPD DR
================================================================================

 1  44  37  41   0  24   0 0.10  0.0    0  7.3 18  80   M    M   7 1      22 100
 2  42  38  40  -2  25   0 1.39  0.0    0 16.8 35  20   M    M   9 1      48  30
 3  53  40  47   5  18   0 0.21  0.0    0 14.0 25 280   M    M   9 1      37 310
 4  45  39  42   0  23   0 0.34  0.0    0 10.5 24 310   M    M   8 18     35 300
 5  45  37  41  -1  24   0 0.07  0.0    0 11.3 21 100   M    M   9 1      24 100
 6  44  42  43   1  22   0 1.92  0.0    0 19.8 30  60   M    M  10 1      37  60
 7  48  43  46   3  19   0 0.44  0.0    0 16.1 28  50   M    M  10 1      35  50
 8  45  41  43   0  22   0 0.27  0.0    0 11.3 18  40   M    M  10 1      21  50
 9  50  39  45   2  20   0 0.12  0.0    0  8.8 20  40   M    M   7 1      27  40
10  56  38  47   4  18   0    T    M    0  4.1  9 270   M    M   6        12  70
11  66  42  54  10  11   0 0.00  0.0    0 10.0 17 270   M    M   1        22 270
12  54  42  48   4  17   0    T  0.0    0  6.4 16 300   M    M   7        20 300
13  53  36  45   1  20   0 0.02  0.0    0  7.6 21 280   M    M   8        28 300
14  62  41  52   8  13   0 0.00  0.0    0 10.8 26 280   M    M   3 8      37 280
15  64  36  50   6  15   0 0.00  0.0    0  8.9 17 140   M    M   0         M  M
16  45  41  43  -1  22   0 0.57  0.0    0 17.7 27  90   M    M   9 1      32  90
17  49  37  43  -2  22   0 0.05  0.0    0  7.2 14 140   M    M   9 1       M  M
18  45  42  44  -1  21   0 0.27  0.0    0 11.0 20  70   M    M  10 1      23  60
19  46  41  44  -1  21   0 0.54  0.0    0 11.1 21  50   M    M   8 1      31  40
20  48  41  45   0  20   0 0.05  0.0    0  6.5 15  40   M    M  10 1       M  M
21  62  42  52   7  13   0 0.00  0.0    0 11.7 17 290   M    M   4        25 270
22  53  42  48   3  17   0    T    M    0  8.3 13 210   M    M   7        18 120
23  56  38  47   1  18   0    T  0.0    0  8.7 16 190   M    M   7        22 200
================================================================================
SM 1175  915       445   0  6.36     0.0 245.9          M      168
================================================================================
AV 51.1 39.8                              10.7 FASTST   M    M   7    MAX(MPH)
                                 MISC ---->  # 35  20               # 48   30
================================================================================
NOTES:
# LAST OF SEVERAL OCCURRENCES

COLUMN 17 PEAK WIND IN M.P.H.

PRELIMINARY LOCAL CLIMATOLOGICAL DATA (WS FORM: F-6) , PAGE 2

                                          STATION:  KODIAK
                                          MONTH:    MAY
                                          YEAR:     2017
                                          LATITUDE:   57 45 N
                                          LONGITUDE: 152 31 W

[TEMPERATURE DATA]      [PRECIPITATION DATA]       SYMBOLS USED IN COLUMN 16

AVERAGE MONTHLY: 45.4   TOTAL FOR MONTH:   6.36    1 = FOG OR MIST
DPTR FM NORMAL:   1.8   DPTR FM NORMAL:    2.32    2 = FOG REDUCING VISIBILITY
HIGHEST:    66 ON 11    GRTST 24HR  1.92 ON  6- 6      TO 1/4 MILE OR LESS
LOWEST:     36 ON 15,13                            3 = THUNDER
                        SNOW, ICE PELLETS, HAIL    4 = ICE PELLETS
                        TOTAL MONTH:   0.0 INCH    5 = HAIL
                        GRTST 24HR     0.0         6 = FREEZING RAIN OR DRIZZLE
                        GRTST DEPTH:   0           7 = DUSTSTORM OR SANDSTORM:
                                                       VSBY 1/2 MILE OR LESS
                                                   8 = SMOKE OR HAZE
[NO. OF DAYS WITH]      [WEATHER - DAYS WITH]      9 = BLOWING SNOW
                                                   X = TORNADO
MAX 32 OR BELOW:   0    0.01 INCH OR MORE:  15
MAX 90 OR ABOVE:   0    0.10 INCH OR MORE:  11
MIN 32 OR BELOW:   0    0.50 INCH OR MORE:   4
MIN  0 OR BELOW:   0    1.00 INCH OR MORE:   2

[HDD (BASE 65) ]
TOTAL THIS MO.   445    CLEAR  (SCALE 0-3)   3
DPTR FM NORMAL   -48    PTCLDY (SCALE 4-7)   9
TOTAL FM JUL 1  7646    CLOUDY (SCALE 8-10) 11
DPTR FM NORMAL  -539

[CDD (BASE 65) ]
TOTAL THIS MO.     0
DPTR FM NORMAL     0    [PRESSURE DATA]
TOTAL FM JAN 1     0    HIGHEST SLP M ON M
DPTR FM NORMAL     0    LOWEST  SLP 29.04 ON  3

[REMARKS]
