000
CXUS54 KFWD 010730
CF6AFW
PRELIMINARY LOCAL CLIMATOLOGICAL DATA (WS FORM: F-6)

                                          STATION:   FORT WORTH ALLIANCE
                                          MONTH:     JUNE
                                          YEAR:      2015
                                          LATITUDE:   32 58 N
                                          LONGITUDE:  97 19 W

  TEMPERATURE IN F:       :PCPN:    SNOW:  WIND      :SUNSHINE: SKY     :PK WND
================================================================================
1   2   3   4   5  6A  6B    7    8   9   10  11  12  13   14  15   16   17  18
                                     12Z  AVG MX 2MIN
DY MAX MIN AVG DEP HDD CDD  WTR  SNW DPTH SPD SPD DIR MIN PSBL S-S WX    SPD DR
================================================================================

 1  85  56  71  -7   0   6 0.00  0.0    0  3.5 10  80   M    M   4 1      13  50
 2  89  66  78   0   0  13 0.00  0.0    0  7.3 16 160   M    M   4        21 160
 3  91  68  80   2   0  15 0.00  0.0    0  8.7 17 160   M    M   2        23 160
 4  91  69  80   2   0  15 0.00  0.0    0  7.9 16 130   M    M   2        21 150
 5  92  67  80   1   0  15 0.00  0.0    0  4.8 13 140   M    M   5 8      18 120
 6  93  68  81   2   0  16 0.00  0.0    0  5.0 13 160   M    M   4 18     15 160
 7  94  69  82   3   0  17 0.00  0.0    0  6.1 16 170   M    M   3 8      22 170
 8  96  71  84   5   0  19 0.00  0.0    0  6.4 14 220   M    M   4 8      20 240
 9  96  70  83   3   0  18 0.00  0.0    0  2.0 13 360   M    M   5        14 360
10  98  72  85   5   0  20 0.00  0.0    0  4.8 14 160   M    M   4        19 160
11  94  74  84   4   0  19 0.00  0.0    0 10.6 21 180   M    M   2        27 150
12  95  76  86   6   0  21 0.00  0.0    0 12.8 22 140   M    M   4 8      27 140
13  93  70  82   2   0  17 0.01  0.0    0 10.1 26 130   M    M   5 1      32 130
14  92  76  84   3   0  19    T  0.0    0 12.6 18 150   M    M   8 3      25 170
15  92  75  84   3   0  19    T  0.0    0  9.4 23 140   M    M   7 18     29 130
16  85  75  80  -1   0  15 0.08  0.0    0  6.5 16 110   M    M  10 1      20 120
17  80  72  76  -5   0  11 2.69  0.0    0 16.7 31 280   M    M  10 1      44 290
18  93  73  83   2   0  18    T  0.0    0  8.1 17 230   M    M   4        23 230
19  94  72  83   1   0  18 0.00  0.0    0  5.5 14 220   M    M   5        19 190
20  88  74  81  -1   0  16 0.00  0.0    0  9.1 17 180   M    M   7        25 170
21  90  74  82   0   0  17 0.07  0.0    0  8.2 21 220   M    M   9 13     32 210
22  94  73  84   2   0  19 0.00  0.0    0  9.6 17 170   M    M   3        26 220
23  93  70  82   0   0  17 0.00  0.0    0  5.4 13 160   M    M   2        17 220
24  94  73  84   2   0  19 0.00  0.0    0  6.2 16 150   M    M   1        21 130
25  95  74  85   3   0  20 0.00  0.0    0  8.7 15 150   M    M   1 18     18 190
26  94  75  85   2   0  20 0.07  0.0    0  6.9 24 320   M    M   5 13     31 310
27  90  70  80  -3   0  15 0.16  0.0    0  7.0 16  10   M    M   7 13     22 360
28  92  65  79  -4   0  14 0.00  0.0    0  1.2  8 300   M    M   4        12 210
29  95  71  83   0   0  18 0.00  0.0    0  4.2 14 190   M    M   5 18     18 190
30  94  71  83   0   0  18 0.33  0.0    0  7.1 22 140   M    M   6 38     27  80
================================================================================
SM 2762 2129         0 504  3.41     0.0 222.4          M      142
================================================================================
AV 92.1 71.0                               7.4 FASTST   M    M   5    MAX(MPH)
                                 MISC ---->  # 31 280               # 44  290
================================================================================
NOTES:
# LAST OF SEVERAL OCCURRENCES

COLUMN 17 PEAK WIND IN M.P.H.

PRELIMINARY LOCAL CLIMATOLOGICAL DATA (WS FORM: F-6) , PAGE 2

                                          STATION:  FORT WORTH ALLIANCE
                                          MONTH:    JUNE
                                          YEAR:     2015
                                          LATITUDE:   32 58 N
                                          LONGITUDE:  97 19 W

[TEMPERATURE DATA]      [PRECIPITATION DATA]       SYMBOLS USED IN COLUMN 16

AVERAGE MONTHLY: 81.5   TOTAL FOR MONTH:   3.41    1 = FOG OR MIST
DPTR FM NORMAL:   0.8   DPTR FM NORMAL:   -0.84    2 = FOG REDUCING VISIBILITY
HIGHEST:    98 ON 10    GRTST 24HR  2.69 ON 17-17      TO 1/4 MILE OR LESS
LOWEST:     56 ON  1                               3 = THUNDER
                        SNOW, ICE PELLETS, HAIL    4 = ICE PELLETS
                        TOTAL MONTH:   0.0 INCH    5 = HAIL
                        GRTST 24HR     0.0         6 = FREEZING RAIN OR DRIZZLE
                        GRTST DEPTH:   0           7 = DUSTSTORM OR SANDSTORM:
                                                       VSBY 1/2 MILE OR LESS
                                                   8 = SMOKE OR HAZE
[NO. OF DAYS WITH]      [WEATHER - DAYS WITH]      9 = BLOWING SNOW
                                                   X = TORNADO
MAX 32 OR BELOW:   0    0.01 INCH OR MORE:   7
MAX 90 OR ABOVE:  25    0.10 INCH OR MORE:   3
MIN 32 OR BELOW:   0    0.50 INCH OR MORE:   1
MIN  0 OR BELOW:   0    1.00 INCH OR MORE:   1

[HDD (BASE 65) ]
TOTAL THIS MO.     0    CLEAR  (SCALE 0-3)   7
DPTR FM NORMAL     0    PTCLDY (SCALE 4-7)  20
TOTAL FM JUL 1  2633    CLOUDY (SCALE 8-10)  3
DPTR FM NORMAL   167

[CDD (BASE 65) ]
TOTAL THIS MO.   504
DPTR FM NORMAL    33    [PRESSURE DATA]
TOTAL FM JAN 1   822    HIGHEST SLP M ON M
DPTR FM NORMAL   -22    LOWEST  SLP 29.59 ON 17

[REMARKS]
#FINAL-06-15#
