510
CXUS55 KCYS 231000
CF6AIA
PRELIMINARY LOCAL CLIMATOLOGICAL DATA (WS FORM: F-6)

                                          STATION:   ALLIANCE NEBRASKA AIRPORT
                                          MONTH:     OCTOBER
                                          YEAR:      2017
                                          LATITUDE:   42  2 N
                                          LONGITUDE: 102 48 W

  TEMPERATURE IN F:       :PCPN:    SNOW:  WIND      :SUNSHINE: SKY     :PK WND
================================================================================
1   2   3   4   5  6A  6B    7    8   9   10  11  12  13   14  15   16   17  18
                                     12Z  AVG MX 2MIN
DY MAX MIN AVG DEP HDD CDD  WTR  SNW DPTH SPD SPD DIR MIN PSBL S-S WX    SPD DR
================================================================================

 1  70  41  56   4   9   0 0.28    M    M 10.5 29 280   M    M   1 1      36 290
 2  48  41  45  -7  20   0 0.57    M    M  8.1 21 320   M    M   8 1      26 320
 3  60  32  46  -5  19   0 0.00    M    M  6.5 14 290   M    M   3 1      17 300
 4  59  34  47  -4  18   0    T    M    M 12.4 24 150   M    M   8 1      30 170
 5  66  50  58   8   7   0 0.07    M    M  9.3 20  90   M    M   8 123    25  30
 6  61  37  49  -1  16   0 0.12    M    M  7.3 18 340   M    M   7 123    22 340
 7  76  34  55   6  10   0 0.00    M    M 12.7 23 360   M    M   0        33 270
 8  59  33  46  -3  19   0 0.06    M    M 14.7 29  30   M    M   3 1      36  30
 9  48  21  35 -13  30   0 0.14    M    M  8.8 18 360   M    M   5 1      27  80
10  59  18  39  -9  26   0 0.00    M    M  6.9 14 180   M    M   0        25 100
11  70  28  49   1  16   0 0.00    M    M  9.5 15 160   M    M   0        20 170
12  77  27  52   5  13   0 0.00    M    M  8.9 26 350   M    M   1 18     34 350
13  64  32  48   1  17   0 0.00    M    M  7.4 20 180   M    M   3        24 170
14  50  22  36 -10  29   0    T    M    M 15.4 35 340   M    M   5 1      42 360
15  62  19  41  -5  24   0 0.00    M    M  8.3 22 310   M    M   0 8      26 300
16  75  24  50   4  15   0 0.00    M    M  7.8 21 290   M    M   0        28 100
17  77  25  51   6  14   0 0.00    M    M  7.3 21 260   M    M   0 8      25 280
18  70  31  51   6  14   0 0.00    M    M  8.9 20  30   M    M   0        39  20
19  82  32  57  12   8   0 0.00    M    M  9.6 22 180   M    M   0        45 260
20  76  40  58  14   7   0    T    M    M 12.0 25 320   M    M   0        33 310
21  59  22  41  -3  24   0    T    M    M 16.6 35 300   M    M   2 38     41 310
22  70  21  46   3  19   0 0.00    M    M 15.0 28 260   M    M   0 8      35 280
================================================================================
SM 1438  664       374   0  1.24    M    223.9          M       54
================================================================================
AV 65.4 30.2                              10.2 FASTST   M    M   2    MAX(MPH)
                                 MISC ---->  # 35 340               # 45  260
================================================================================
NOTES:
# LAST OF SEVERAL OCCURRENCES

COLUMN 17 PEAK WIND IN M.P.H.

PRELIMINARY LOCAL CLIMATOLOGICAL DATA (WS FORM: F-6) , PAGE 2

                                          STATION:  ALLIANCE NEBRASKA AIRPORT
                                          MONTH:    OCTOBER
                                          YEAR:     2017
                                          LATITUDE:   42  2 N
                                          LONGITUDE: 102 48 W

[TEMPERATURE DATA]      [PRECIPITATION DATA]       SYMBOLS USED IN COLUMN 16

AVERAGE MONTHLY: 47.8   TOTAL FOR MONTH:   1.24    1 = FOG OR MIST
DPTR FM NORMAL:   0.2   DPTR FM NORMAL:    0.33    2 = FOG REDUCING VISIBILITY
HIGHEST:    82 ON 19    GRTST 24HR  0.57 ON  2- 2      TO 1/4 MILE OR LESS
LOWEST:     18 ON 10                               3 = THUNDER
                        SNOW, ICE PELLETS, HAIL    4 = ICE PELLETS
                        TOTAL MONTH:    M          5 = HAIL
                        GRTST 24HR    M  ON   M    6 = FREEZING RAIN OR DRIZZLE
                        GRTST DEPTH:  M  ON   M    7 = DUSTSTORM OR SANDSTORM:
                                                       VSBY 1/2 MILE OR LESS
                                                   8 = SMOKE OR HAZE
[NO. OF DAYS WITH]      [WEATHER - DAYS WITH]      9 = BLOWING SNOW
                                                   X = TORNADO
MAX 32 OR BELOW:   0    0.01 INCH OR MORE:   6
MAX 90 OR ABOVE:   0    0.10 INCH OR MORE:   4
MIN 32 OR BELOW:  14    0.50 INCH OR MORE:   1
MIN  0 OR BELOW:   0    1.00 INCH OR MORE:   0

[HDD (BASE 65) ]
TOTAL THIS MO.   374    CLEAR  (SCALE 0-3)  15
DPTR FM NORMAL   -12    PTCLDY (SCALE 4-7)   6
TOTAL FM JUL 1   588    CLOUDY (SCALE 8-10)  1
DPTR FM NORMAL   -43

[CDD (BASE 65) ]
TOTAL THIS MO.     0
DPTR FM NORMAL     0    [PRESSURE DATA]
TOTAL FM JAN 1   553    HIGHEST SLP M ON M
DPTR FM NORMAL   -10    LOWEST  SLP 29.36 ON 20

[REMARKS]
