000
CXUS55 KBOU 270826
CF6AKO
PRELIMINARY LOCAL CLIMATOLOGICAL DATA (WS FORM: F-6)

                                          STATION:   AKRON CO
                                          MONTH:     FEBRUARY
                                          YEAR:      2017
                                          LATITUDE:   40 10 N
                                          LONGITUDE: 103 13 W

  TEMPERATURE IN F:       :PCPN:    SNOW:  WIND      :SUNSHINE: SKY     :PK WND
================================================================================
1   2   3   4   5  6A  6B    7    8   9   10  11  12  13   14  15   16   17  18
                                     12Z  AVG MX 2MIN
DY MAX MIN AVG DEP HDD CDD  WTR  SNW DPTH SPD SPD DIR MIN PSBL S-S WX    SPD DR
================================================================================

 1  27  18  23  -6  42   0 0.00    M    M 12.2 18  70   M    M  10 12     23  70
 2  21  10  16 -13  49   0    T    M    M 13.0 21 160   M    M   9 1      26 150
 3  26  14  20  -9  45   0 0.00    M    M 11.5 23 160   M    M   7 12     30 150
 4  59  17  38   9  27   0 0.00    M    M 14.0 28 290   M    M   2 12     37 300
 5  59  33  46  17  19   0 0.00    M    M  9.3 25 170   M    M   0        30 170
 6  58  32  45  15  20   0 0.00    M    M 10.4 18 260   M    M   0        21 260
 7  57  20  39   9  26   0 0.00    M    M 12.6 22 120   M    M   2        26 120
 8  45  17  31   1  34   0 0.00    M    M  6.9 14 350   M    M   3 1       M  M
 9  71  24  48  18  17   0 0.00    M    M 11.5 26 250   M    M   0        33 260
10  78  42  60  30   5   0 0.00    M    M 11.2 25 320   M    M   0        31 310
11  53  27  40  10  25   0 0.00    M    M 12.1 29  20   M    M   5        38  40
12  44  22  33   3  32   0 0.00    M    M 10.1 17 180   M    M   0        23 160
13  50  27  39   8  26   0 0.00    M    M 11.5 18  20   M    M   0        24 360
14  49  19  34   3  31   0 0.00    M    M 11.5 26 360   M    M   1        32 360
15  62  23  43  12  22   0 0.00    M    M 11.0 15 270   M    M   0        21 250
16  73  31  52  21  13   0 0.00    M    M 10.5 18 220   M    M   0        23 220
17  63  36  50  18  15   0 0.00    M    M 13.4 29 340   M    M   0        37 330
18  66  35  51  19  14   0 0.00    M    M 15.2 24 170   M    M   0        29 170
19  67  42  55  23  10   0 0.00    M    M 17.8 35 320   M    M   0        42 300
20  62  35  49  17  16   0 0.00    M    M 16.8 35 340   M    M   1        48 340
21  73  33  53  20  12   0 0.00    M    M 18.6 35 270   M    M   0        44 270
22  60  29  45  12  20   0 0.00    M    M 11.0 24 330   M    M   0        30 320
23  33  19  26  -7  39   0    T    M    M 16.8 29  90   M    M   9 126    36  80
24  25  10  18 -16  47   0    T    M    M  7.8 20  10   M    M   9 18     27  10
25  35  11  23 -11  42   0 0.00    M    M  7.4 14 240   M    M   1        17 230
26  42  12  27  -7  38   0 0.00    M    M  7.4 18 150   M    M   0        23 160
================================================================================
SM 1358  638       686   0    T     M    311.5          M       59
================================================================================
AV 52.2 24.5                              12.0 FASTST   M    M   2    MAX(MPH)
                                 MISC ---->  # 35 320               # 48  340
================================================================================
NOTES:
# LAST OF SEVERAL OCCURRENCES

COLUMN 17 PEAK WIND IN M.P.H.

PRELIMINARY LOCAL CLIMATOLOGICAL DATA (WS FORM: F-6) , PAGE 2

                                          STATION:  AKRON CO
                                          MONTH:    FEBRUARY
                                          YEAR:     2017
                                          LATITUDE:   40 10 N
                                          LONGITUDE: 103 13 W

[TEMPERATURE DATA]      [PRECIPITATION DATA]       SYMBOLS USED IN COLUMN 16

AVERAGE MONTHLY: 38.4   TOTAL FOR MONTH:      T    1 = FOG OR MIST
DPTR FM NORMAL:   7.3   DPTR FM NORMAL:   -0.40    2 = FOG REDUCING VISIBILITY
HIGHEST:    78 ON 10    GRTST 24HR    T  ON 24-24      TO 1/4 MILE OR LESS
LOWEST:     10 ON 24, 2                            3 = THUNDER
                        SNOW, ICE PELLETS, HAIL    4 = ICE PELLETS
                        TOTAL MONTH:    M          5 = HAIL
                        GRTST 24HR    M  ON   M    6 = FREEZING RAIN OR DRIZZLE
                        GRTST DEPTH:  M  ON   M    7 = DUSTSTORM OR SANDSTORM:
                                                       VSBY 1/2 MILE OR LESS
                                                   8 = SMOKE OR HAZE
[NO. OF DAYS WITH]      [WEATHER - DAYS WITH]      9 = BLOWING SNOW
                                                   X = TORNADO
MAX 32 OR BELOW:   4    0.01 INCH OR MORE:   0
MAX 90 OR ABOVE:   0    0.10 INCH OR MORE:   0
MIN 32 OR BELOW:  19    0.50 INCH OR MORE:   0
MIN  0 OR BELOW:   0    1.00 INCH OR MORE:   0

[HDD (BASE 65) ]
TOTAL THIS MO.   686    CLEAR  (SCALE 0-3)  20
DPTR FM NORMAL  -195    PTCLDY (SCALE 4-7)   2
TOTAL FM JUL 1  4007    CLOUDY (SCALE 8-10)  4
DPTR FM NORMAL  -584

[CDD (BASE 65) ]
TOTAL THIS MO.     0
DPTR FM NORMAL     0    [PRESSURE DATA]
TOTAL FM JAN 1     0    HIGHEST SLP M ON M
DPTR FM NORMAL     0    LOWEST  SLP 29.39 ON 19

[REMARKS]
