000
CXUS55 KBOU 290800
CF6AKO
PRELIMINARY LOCAL CLIMATOLOGICAL DATA (WS FORM: F-6)

                                          STATION:   AKRON CO
                                          MONTH:     MARCH
                                          YEAR:      2017
                                          LATITUDE:   40 10 N
                                          LONGITUDE: 103 13 W

  TEMPERATURE IN F:       :PCPN:    SNOW:  WIND      :SUNSHINE: SKY     :PK WND
================================================================================
1   2   3   4   5  6A  6B    7    8   9   10  11  12  13   14  15   16   17  18
                                     12Z  AVG MX 2MIN
DY MAX MIN AVG DEP HDD CDD  WTR  SNW DPTH SPD SPD DIR MIN PSBL S-S WX    SPD DR
================================================================================

 1  44  17  31  -4  34   0 0.00    M    M 13.2 33 330   M    M   0        41 320
 2  48  17  33  -3  32   0 0.00    M    M  8.7 15 180   M    M   0        20 180
 3  60  27  44   8  21   0 0.00    M    M 11.4 18 220   M    M   0        25 200
 4  70  31  51  15  14   0 0.00    M    M  8.8 20 230   M    M   0        23 230
 5  69  35  52  16  13   0 0.00    M    M 12.6 28 210   M    M   0        37 210
 6  52  17  35  -2  30   0 0.00    M    M 27.0 53 300   M    M   1 8      70 300
 7  50  14  32  -5  33   0 0.00    M    M 17.6 47 290   M    M   0        59 310
 8  66  29  48  11  17   0 0.00    M    M 12.0 30 310   M    M   0        36 310
 9  72  25  49  11  16   0 0.00    M    M 15.3 33 340   M    M   0        41 330
10  56  22  39   1  26   0 0.00    M    M 15.2 26 170   M    M   1        33 160
11  52  27  40   2  25   0 0.01    M    M  8.1 20 180   M    M   6 16     25 180
12  56  33  45   7  20   0 0.00    M    M 17.6 41 340   M    M   3        47 340
13  51  19  35  -4  30   0 0.00    M    M  8.3 20 320   M    M   7 12     24 340
14  61  35  48   9  17   0 0.00    M    M 10.8 25  20   M    M   3        30  20
15  76  38  57  18   8   0 0.00    M    M 10.9 21 290   M    M   0        26 290
16  79  41  60  21   5   0 0.00    M    M 14.9 30 280   M    M   0        39 280
17  67  34  51  11  14   0 0.00    M    M  7.1 23 340   M    M   1        30 340
18  80  32  56  16   9   0 0.00    M    M 10.7 21 170   M    M   0        25 160
19  80  49  65  25   0   0 0.00    M    M 12.4 22 300   M    M   0        29 280
20  74  47  61  21   4   0 0.00    M    M 11.2 22 120   M    M   0        29 120
21  63  35  49   9  16   0 0.00    M    M 18.1 30 130   M    M   1        36 130
22  72  33  53  12  12   0 0.00    M    M 19.6 28 160   M    M   0        33 160
23  81  41  61  20   4   0 0.02    M    M 16.9 46 360   M    M   1 13     56 360
24  51  33  42   1  23   0 1.04    M    M 22.1 41 360   M    M   7 13     51 360
25  61  29  45   4  20   0 0.00    M    M  8.4 15 160   M    M   0        19 170
26  53  35  44   2  21   0 0.01    M    M 10.1 18 150   M    M   6        23 160
27  64  33  49   7  16   0 0.00    M    M 12.8 25 140   M    M   2        33 130
28  48  36  42   0  23   0 0.31    M    M 14.5 24 130   M    M  10 1      30 130
================================================================================
SM 1756  864       503   0  1.39    M    376.3          M       49
================================================================================
AV 62.7 30.9                              13.4 FASTST   M    M   2    MAX(MPH)
                                 MISC ---->  # 53 300               # 70  300
================================================================================
NOTES:
# LAST OF SEVERAL OCCURRENCES

COLUMN 17 PEAK WIND IN M.P.H.

PRELIMINARY LOCAL CLIMATOLOGICAL DATA (WS FORM: F-6) , PAGE 2

                                          STATION:  AKRON CO
                                          MONTH:    MARCH
                                          YEAR:     2017
                                          LATITUDE:   40 10 N
                                          LONGITUDE: 103 13 W

[TEMPERATURE DATA]      [PRECIPITATION DATA]       SYMBOLS USED IN COLUMN 16

AVERAGE MONTHLY: 46.8   TOTAL FOR MONTH:   1.39    1 = FOG OR MIST
DPTR FM NORMAL:   7.9   DPTR FM NORMAL:    0.63    2 = FOG REDUCING VISIBILITY
HIGHEST:    81 ON 23    GRTST 24HR  1.04 ON 24-24      TO 1/4 MILE OR LESS
LOWEST:     14 ON  7                               3 = THUNDER
                        SNOW, ICE PELLETS, HAIL    4 = ICE PELLETS
                        TOTAL MONTH:    M          5 = HAIL
                        GRTST 24HR    M  ON   M    6 = FREEZING RAIN OR DRIZZLE
                        GRTST DEPTH:  M  ON   M    7 = DUSTSTORM OR SANDSTORM:
                                                       VSBY 1/2 MILE OR LESS
                                                   8 = SMOKE OR HAZE
[NO. OF DAYS WITH]      [WEATHER - DAYS WITH]      9 = BLOWING SNOW
                                                   X = TORNADO
MAX 32 OR BELOW:   0    0.01 INCH OR MORE:   5
MAX 90 OR ABOVE:   0    0.10 INCH OR MORE:   2
MIN 32 OR BELOW:  13    0.50 INCH OR MORE:   1
MIN  0 OR BELOW:   0    1.00 INCH OR MORE:   1

[HDD (BASE 65) ]
TOTAL THIS MO.   503    CLEAR  (SCALE 0-3)  21
DPTR FM NORMAL  -229    PTCLDY (SCALE 4-7)   6
TOTAL FM JUL 1  4578    CLOUDY (SCALE 8-10)  1
DPTR FM NORMAL  -805

[CDD (BASE 65) ]
TOTAL THIS MO.     0
DPTR FM NORMAL     0    [PRESSURE DATA]
TOTAL FM JAN 1     0    HIGHEST SLP M ON M
DPTR FM NORMAL     0    LOWEST  SLP 29.15 ON  6

[REMARKS]
