000
CXUS55 KALY 290710
CF6ALB
PRELIMINARY LOCAL CLIMATOLOGICAL DATA (WS FORM: F-6)

                                          STATION:   ALBANY NY
                                          MONTH:     MAY
                                          YEAR:      2017
                                          LATITUDE:   42 45 N
                                          LONGITUDE:  73 48 W

  TEMPERATURE IN F:       :PCPN:    SNOW:  WIND      :SUNSHINE: SKY     :PK WND
================================================================================
1   2   3   4   5  6A  6B    7    8   9   10  11  12  13   14  15   16   17  18
                                     12Z  AVG MX 2MIN
DY MAX MIN AVG DEP HDD CDD  WTR  SNW DPTH SPD SPD DIR MIN PSBL S-S WX    SPD DR
================================================================================

 1  74  49  62   8   3   0 0.65  0.0    0 12.2 30 270   M    M   9 13     36 260
 2  64  49  57   3   8   0 0.39  0.0    0  6.4 23 290   M    M   9 1      30 310
 3  55  43  49  -5  16   0 0.01  0.0    0 14.2 31 280   M    M   6        42 280
 4  64  36  50  -5  15   0    T    M    0  5.7 21 190   M    M   7        27 200
 5  54  44  49  -6  16   0 0.75    M    0  4.1 23  70   M    M  10 1      27  60
 6  70  50  60   5   5   0 0.62  0.0    0  9.2 26 160   M    M   9 1      37 160
 7  53  41  47  -9  18   0 0.23  0.0    0  8.9 23 290   M    M   8 1      29 300
 8  49  39  44 -12  21   0    T  0.0    0 11.9 23 280   M    M   8        30 280
 9  50  39  45 -11  20   0    T    T    0  5.2 14 270   M    M   9 4      20 280
10  55  36  46 -10  19   0 0.00  0.0    0  5.4 13 330   M    M   8        17 340
11  66  43  55  -2  10   0 0.00  0.0    0  6.6 15  50   M    M   7        21  20
12  70  41  56  -1   9   0 0.00  0.0    0  4.8 16 170   M    M   5        23 170
13  55  47  51  -6  14   0 0.78  0.0    0  2.7 14 170   M    M  10 1      17 170
14  60  44  52  -6  13   0 0.06    M    0  7.9 20 290   M    M   9 1      25 300
15  67  50  59   1   6   0 0.07  0.0    0 16.5 31 310   M    M   8        41 340
16  77  44  61   3   4   0 0.00  0.0    0  8.6 21 270   M    M   4        26 260
17  92  55  74  15   0   9 0.00  0.0    0  7.0 21 250   M    M   4 8      30 250
18  94  62  78  19   0  13 0.15  0.0    0  9.3 38 280   M    M   6 3      50 290
19  81  53  67   8   0   2 0.00  0.0    0 11.0 30 280   M    M   4        37 280
20  68  50  59   0   6   0 0.00  0.0    0  9.2 20  20   M    M   7        27  10
21  73  42  58  -2   7   0 0.02  0.0    0  7.8 22 190   M    M   7        30 200
22  61  49  55  -5  10   0 0.13  0.0    0 10.1 21 170   M    M  10 1      29 190
23  73  46  60   0   5   0 0.00  0.0    0  2.8 10 190   M    M   8 1      14 310
24  77  52  65   4   0   0 0.00  0.0    0  4.9 13 160   M    M   8        18 200
25  62  54  58  -3   7   0 0.41  0.0    0  5.7 14 100   M    M  10 1      22  90
26  62  53  58  -3   7   0 0.37  0.0    0  6.0 12 330   M    M  10 1      16  30
27  71  52  62   0   3   0    T  0.0    0  3.3 13 360   M    M   8 1      17  40
28  74  60  67   5   0   2 0.00  0.0    0  6.7 17 160   M    M   9        24 170
================================================================================
SM 1871 1323       242  26  4.64    T    214.1          M      217
================================================================================
AV 66.8 47.3                               7.6 FASTST   M    M   8    MAX(MPH)
                                 MISC ---->  # 38 280               # 50  290
================================================================================
NOTES:
# LAST OF SEVERAL OCCURRENCES

COLUMN 17 PEAK WIND IN M.P.H.

PRELIMINARY LOCAL CLIMATOLOGICAL DATA (WS FORM: F-6) , PAGE 2

                                          STATION:  ALBANY NY
                                          MONTH:    MAY
                                          YEAR:     2017
                                          LATITUDE:   42 45 N
                                          LONGITUDE:  73 48 W

[TEMPERATURE DATA]      [PRECIPITATION DATA]       SYMBOLS USED IN COLUMN 16

AVERAGE MONTHLY: 57.0   TOTAL FOR MONTH:   4.64    1 = FOG OR MIST
DPTR FM NORMAL:  -0.8   DPTR FM NORMAL:    1.41    2 = FOG REDUCING VISIBILITY
HIGHEST:    94 ON 18    GRTST 24HR  0.78 ON 13-13      TO 1/4 MILE OR LESS
LOWEST:     36 ON 10, 4                            3 = THUNDER
                        SNOW, ICE PELLETS, HAIL    4 = ICE PELLETS
                        TOTAL MONTH:    T          5 = HAIL
                        GRTST 24HR    T  ON  9- 9  6 = FREEZING RAIN OR DRIZZLE
                        GRTST DEPTH:   0           7 = DUSTSTORM OR SANDSTORM:
                                                       VSBY 1/2 MILE OR LESS
                                                   8 = SMOKE OR HAZE
[NO. OF DAYS WITH]      [WEATHER - DAYS WITH]      9 = BLOWING SNOW
                                                   X = TORNADO
MAX 32 OR BELOW:   0    0.01 INCH OR MORE:  14
MAX 90 OR ABOVE:   2    0.10 INCH OR MORE:  10
MIN 32 OR BELOW:   0    0.50 INCH OR MORE:   4
MIN  0 OR BELOW:   0    1.00 INCH OR MORE:   0

[HDD (BASE 65) ]
TOTAL THIS MO.   242    CLEAR  (SCALE 0-3)   0
DPTR FM NORMAL    20    PTCLDY (SCALE 4-7)  14
TOTAL FM JUL 1  5803    CLOUDY (SCALE 8-10) 14
DPTR FM NORMAL  -812

[CDD (BASE 65) ]
TOTAL THIS MO.    26
DPTR FM NORMAL     8    [PRESSURE DATA]
TOTAL FM JAN 1    48    HIGHEST SLP M ON M
DPTR FM NORMAL    26    LOWEST  SLP 29.32 ON  6

[REMARKS]
