000
CXUS54 KEPZ 251200
CF6ALM
PRELIMINARY LOCAL CLIMATOLOGICAL DATA (WS FORM: F-6)

                                          STATION:   ALAMOGORDO
                                          MONTH:     AUGUST
                                          YEAR:      2016
                                          LATITUDE:   32 49 N
                                          LONGITUDE: 106  0 W

  TEMPERATURE IN F:       :PCPN:    SNOW:  WIND      :SUNSHINE: SKY     :PK WND
================================================================================
1   2   3   4   5  6A  6B    7    8   9   10  11  12  13   14  15   16   17  18
                                     12Z  AVG MX 2MIN
DY MAX MIN AVG DEP HDD CDD  WTR  SNW DPTH SPD SPD DIR MIN PSBL S-S WX    SPD DR
================================================================================

 1  93  68  81   M   0  16 0.00  0.0    0 10.5 17 200   M    M   1 3      25 170
 2  91  66  79   M   0  14 0.00  0.0    0 10.3 33 180   M    M   2        45 180
 3  93  66  80   M   0  15 0.08  0.0    0  9.8 20 150   M    M   2        31 150
 4  95  72  84   M   0  19 0.00  0.0    0 12.2 25 190   M    M   1 3      31 170
 5  99  68  84   M   0  19 0.07  0.0    0  7.2 23 190   M    M   1 3      29 190
 6  97  64  81   M   0  16 0.00  0.0    0  7.7 21 360   M    M   2 3      36 360
 7  95  64  80   M   0  15 0.05  0.0    0  7.4 23 160   M    M   3 3      45  40
 8  99  66  83   M   0  18 0.00  0.0    0  7.0 21 190   M    M   2 3      27 190
 9  91  68  80   M   0  15 0.01  0.0    0  6.2 20 270   M    M   4        25 270
10  88  68  78   M   0  13 0.00  0.0    0  6.7 12 170   M    M   4 3      18 170
11  91  68  80   M   0  15 0.00  0.0    0  5.2 14 190   M    M   2 3      18 290
12  99  68  84   M   0  19 0.00  0.0    0  7.0 17 330   M    M   0 3      27  80
13  88  66  77   M   0  12 0.12  0.0    0  9.0 22 350   M    M   2 3      29 320
14  84  61  73   M   0   8 0.00  0.0    0  5.6 13  50   M    M   3 3      27  50
15  90  57  74   M   0   9 0.00  0.0    0  5.7 14 170   M    M   0 8      18 290
16  93  59  76   M   0  11 0.00  0.0    0  6.3 13 170   M    M   0 8      21 180
17  91  59  75   M   0  10 0.00  0.0    0  5.3 10 290   M    M   1         M  M
18  93  63  78   M   0  13 0.42  0.0    0  5.8 23 230   M    M   1 3      37 230
19  91  63  77   M   0  12 0.00  0.0    0  5.8 16  40   M    M   0        23  60
20  86  64  75   M   0  10 0.00  0.0    0  7.4 21 190   M    M   2        28 190
21  81  63  72   M   0   7 0.03  0.0    0  6.6 15 250   M    M   5 3      20 190
22  86   M   M   M   M   M 0.00  0.0    M  6.7 14 190   M    M   1        21 190
23  88  63  76   M   0  11 0.00  0.0    0  7.8 13 190   M    M   1        20 280
24  90  64  77   M   0  12 0.01  0.0    0  9.3 14  70   M    M   3        22  50
================================================================================
SM 2192 1488         0 309  0.79     0.0 178.5          M       43
================================================================================
AV 91.3 64.7                               7.4 FASTST   M    M   2    MAX(MPH)
                                 MISC ---->    33   M                 45    M
================================================================================
NOTES:
# LAST OF SEVERAL OCCURRENCES

COLUMN 17 PEAK WIND IN M.P.H.

PRELIMINARY LOCAL CLIMATOLOGICAL DATA (WS FORM: F-6) , PAGE 2

                                          STATION:  ALAMOGORDO
                                          MONTH:    AUGUST
                                          YEAR:     2016
                                          LATITUDE:   32 49 N
                                          LONGITUDE: 106  0 W

[TEMPERATURE DATA]      [PRECIPITATION DATA]       SYMBOLS USED IN COLUMN 16

AVERAGE MONTHLY: 78.0   TOTAL FOR MONTH:   0.79    1 = FOG OR MIST
DPTR FM NORMAL:     M   DPTR FM NORMAL:       M    2 = FOG REDUCING VISIBILITY
HIGHEST:    99 ON 12, 8 GRTST 24HR  0.42 ON 18-18      TO 1/4 MILE OR LESS
LOWEST:     57 ON 15                               3 = THUNDER
                        SNOW, ICE PELLETS, HAIL    4 = ICE PELLETS
                        TOTAL MONTH:   0.0 INCH    5 = HAIL
                        GRTST 24HR     0.0         6 = FREEZING RAIN OR DRIZZLE
                        GRTST DEPTH:   0           7 = DUSTSTORM OR SANDSTORM:
                                                       VSBY 1/2 MILE OR LESS
                                                   8 = SMOKE OR HAZE
[NO. OF DAYS WITH]      [WEATHER - DAYS WITH]      9 = BLOWING SNOW
                                                   X = TORNADO
MAX 32 OR BELOW:   0    0.01 INCH OR MORE:   8
MAX 90 OR ABOVE:  17    0.10 INCH OR MORE:   2
MIN 32 OR BELOW:   0    0.50 INCH OR MORE:   0
MIN  0 OR BELOW:   0    1.00 INCH OR MORE:   0

[HDD (BASE 65) ]
TOTAL THIS MO.     0    CLEAR  (SCALE 0-3)  21
DPTR FM NORMAL     M    PTCLDY (SCALE 4-7)   3
TOTAL FM JUL 1     0    CLOUDY (SCALE 8-10)  0
DPTR FM NORMAL     M

[CDD (BASE 65) ]
TOTAL THIS MO.   309
DPTR FM NORMAL     M    [PRESSURE DATA]
TOTAL FM JAN 1  1404    HIGHEST SLP M ON M
DPTR FM NORMAL     M    LOWEST  SLP M ON M

[REMARKS]
