000
CXUS53 KDMX 010920
CF6ALO
PRELIMINARY LOCAL CLIMATOLOGICAL DATA (WS FORM: F-6)

                                          STATION:   WATERLOO IA
                                          MONTH:     APRIL
                                          YEAR:      2016
                                          LATITUDE:   42 32 N
                                          LONGITUDE:  92 24 W

  TEMPERATURE IN F:       :PCPN:    SNOW:  WIND      :SUNSHINE: SKY     :PK WND
================================================================================
1   2   3   4   5  6A  6B    7    8   9   10  11  12  13   14  15   16   17  18
                                     12Z  AVG MX 2MIN
DY MAX MIN AVG DEP HDD CDD  WTR  SNW DPTH SPD SPD DIR MIN PSBL S-S WX    SPD DR
================================================================================

 1  48  30  39  -4  26   0 0.35  0.0    0 12.6 29 310   M    M   7 1      36 310
 2  42  28  35  -8  30   0 0.00  0.0    0 20.6 39 310   M    M   3        53 330
 3  79  27  53   9  12   0 0.00  0.0    0 18.1 36 250   M    M   1        46 220
 4  45  27  36  -8  29   0 0.00  0.0    0 10.3 23 340   M    M   1        27 340
 5  41  28  35  -9  30   0 0.13  0.0    0 14.5 32 110   M    M   6 1      41 120
 6  55  36  46   1  19   0 0.08  0.0    0 14.0 29 310   M    M   8 18     36 310
 7  46  34  40  -5  25   0 0.02  0.0    0 12.5 22 310   M    M   7 1      28 310
 8  43  23  33 -13  32   0    T    T    0 19.2 37 320   M    M   7        47 300
 9  45  16  31 -15  34   0 0.00  0.0    0 11.8 25 150   M    M   1        36 160
10  63  38  51   4  14   0 0.03  0.0    0 13.2 26 140   M    M   5        33 140
11  48  29  39  -8  26   0 0.00  0.0    0 16.6 31 330   M    M   0        37 330
12  56  19  38  -9  27   0 0.00  0.0    0  7.1 18 170   M    M   0        23 190
13  68  39  54   6  11   0 0.00  0.0    0 14.5 22 160   M    M   3        29 150
14  70  41  56   8   9   0 0.00  0.0    0 12.5 21 130   M    M   0        27 140
15  76  45  61  12   4   0 0.00  0.0    0 13.0 25 140   M    M   2        33 140
16  80  50  65  16   0   0 0.00  0.0    0 11.5 25 160   M    M   1        33 170
17  79  49  64  14   1   0 0.00  0.0    0  8.2 20 140   M    M   4        25 160
18  79  51  65  15   0   0 0.02  0.0    0  8.0 25 190   M    M   4        31 190
19  61  47  54   4  11   0 0.29  0.0    0  8.7 16 100   M    M   9 18     20 100
20  63  45  54   3  11   0 0.19  0.0    0  9.0 23 150   M    M   4 18     28 140
21  67  43  55   4  10   0 0.06  0.0    0  6.7 21 130   M    M   5 13     25 130
22  61  42  52   0  13   0 0.00  0.0    0  7.4 20 350   M    M   5 18     24 350
23  69  39  54   2  11   0 0.00  0.0    0 11.3 22 160   M    M   4 128    29 140
24  78  55  67  15   0   2 0.01  0.0    0 15.0 26 160   M    M   3        35 150
25  76  55  66  13   0   1 0.00  0.0    0 13.1 25 240   M    M   2        34 240
26  59  45  52  -1  13   0 0.00  0.0    0 13.5 28  60   M    M   8 18     33  60
27  48  43  46  -8  19   0 0.47  0.0    0 20.4 33  90   M    M   9 13     41  90
28  50  43  47  -7  18   0 0.15  0.0    0 10.2 18  80   M    M  10 1      24  90
29  49  42  46  -8  19   0 0.00  0.0    0  8.5 21  30   M    M  10 1      23  30
30  47  44  46  -9  19   0 0.80  0.0    0 18.2 29  60   M    M   9 1      36  60
================================================================================
SM 1791 1153       473   3  2.60    T    380.2          M      138
================================================================================
AV 59.7 38.4                              12.7 FASTST   M    M   5    MAX(MPH)
                                 MISC ---->  # 39 310               # 53  330
================================================================================
NOTES:
# LAST OF SEVERAL OCCURRENCES

COLUMN 17 PEAK WIND IN M.P.H.

PRELIMINARY LOCAL CLIMATOLOGICAL DATA (WS FORM: F-6) , PAGE 2

                                          STATION:  WATERLOO IA
                                          MONTH:    APRIL
                                          YEAR:     2016
                                          LATITUDE:   42 32 N
                                          LONGITUDE:  92 24 W

[TEMPERATURE DATA]      [PRECIPITATION DATA]       SYMBOLS USED IN COLUMN 16

AVERAGE MONTHLY: 49.1   TOTAL FOR MONTH:   2.60    1 = FOG OR MIST
DPTR FM NORMAL:   0.2   DPTR FM NORMAL:   -1.11    2 = FOG REDUCING VISIBILITY
HIGHEST:    80 ON 16    GRTST 24HR  0.80 ON 30-30      TO 1/4 MILE OR LESS
LOWEST:     16 ON  9                               3 = THUNDER
                        SNOW, ICE PELLETS, HAIL    4 = ICE PELLETS
                        TOTAL MONTH:    T          5 = HAIL
                        GRTST 24HR    T  ON  8- 8  6 = FREEZING RAIN OR DRIZZLE
                        GRTST DEPTH:   0           7 = DUSTSTORM OR SANDSTORM:
                                                       VSBY 1/2 MILE OR LESS
                                                   8 = SMOKE OR HAZE
[NO. OF DAYS WITH]      [WEATHER - DAYS WITH]      9 = BLOWING SNOW
                                                   X = TORNADO
MAX 32 OR BELOW:   0    0.01 INCH OR MORE:  13
MAX 90 OR ABOVE:   0    0.10 INCH OR MORE:   7
MIN 32 OR BELOW:   9    0.50 INCH OR MORE:   1
MIN  0 OR BELOW:   0    1.00 INCH OR MORE:   0

[HDD (BASE 65) ]
TOTAL THIS MO.   473    CLEAR  (SCALE 0-3)  12
DPTR FM NORMAL   -18    PTCLDY (SCALE 4-7)  13
TOTAL FM JUL 1  5918    CLOUDY (SCALE 8-10)  5
DPTR FM NORMAL  -898

[CDD (BASE 65) ]
TOTAL THIS MO.     3
DPTR FM NORMAL    -5    [PRESSURE DATA]
TOTAL FM JAN 1     3    HIGHEST SLP 30.41 ON 12
DPTR FM NORMAL    -5    LOWEST  SLP 29.53 ON  3

[REMARKS]
#FINAL-04-16#
