000
CXUS56 KPDT 251832
CF6ALW
PRELIMINARY LOCAL CLIMATOLOGICAL DATA (WS FORM: F-6)

                                          STATION:   WALLA WALLA WA
                                          MONTH:     FEBRUARY
                                          YEAR:      2017
                                          LATITUDE:   46  5 N
                                          LONGITUDE: 118 17 W

  TEMPERATURE IN F:       :PCPN:    SNOW:  WIND      :SUNSHINE: SKY     :PK WND
================================================================================
1   2   3   4   5  6A  6B    7    8   9   10  11  12  13   14  15   16   17  18
                                     12Z  AVG MX 2MIN
DY MAX MIN AVG DEP HDD CDD  WTR  SNW DPTH SPD SPD DIR MIN PSBL S-S WX    SPD DR
================================================================================

 1  26  17  22 -15  43   0 0.00  0.0    4  2.3  9 230   M    M  10 12     11 210
 2  21  19  20 -18  45   0    T    T    3  1.6  6 250   M    M  10 1       7 240
 3  25  20  23 -15  42   0 0.11    M    3  3.5 16 110   M    M  10 168    19 110
 4  46  23  35  -3  30   0 0.05  0.0    2  2.9 14 150   M    M   9 168    16 150
 5  46  30  38   0  27   0    T  0.0    0  5.4 18 220   M    M  10 126    22 220
 6  48  31  40   2  25   0 0.01  0.0    0 13.7 23 260   M    M   6 126    27 270
 7  35  22  29  -9  36   0 0.10  1.0    M  8.7 15 170   M    M   7 12     17 170
 8  29  23  26 -12  39   0 0.27  2.2    3  4.6 12 220   M    M  10 126    14 210
 9  50  25  38   0  27   0 0.23  0.0    2  5.5 24 220   M    M  10 16     32 210
10  50  37  44   6  21   0 0.01  0.0    0  9.2 18 180   M    M   7        23 180
11  47  30  39   1  26   0 0.00  0.0    0  8.4 18 220   M    M   1        22 220
12  41  27  34  -4  31   0 0.00  0.0    0  4.8 10  90   M    M   0 12     12  90
13  33  27  30  -9  35   0 0.00  0.0    0  4.7  9 220   M    M   9 128    13 200
14  37  24  31  -8  34   0 0.00  0.0    0  4.2 12 240   M    M   5 128    14 250
15  60  26  43   4  22   0 0.20  0.0    0  8.4 33 160   M    M  10 126    43 160
16  62  44  53  14  12   0 0.53  0.0    0 12.7 39 160   M    M  10 1      52 150
17  58  35  47   8  18   0 0.01  0.0    0 10.5 17  20   M    M   4 1      20 360
18  43  35  39   0  26   0 0.14  0.0    0  5.1 13 190   M    M   9 1      15 210
19  52  36  44   4  21   0 0.09  0.0    0  6.4 21 250   M    M   4 1      26 250
20  61  41  51  11  14   0 0.09  0.0    0  9.8 29 270   M    M   8 1      35 270
21  45  33  39  -1  26   0 0.57    T    0  9.7 17 180   M    M  10 12     21 180
22  44  33  39  -1  26   0    T    M    0  9.2 24 170   M    M   7        30 180
23  42  29  36  -4  29   0 0.00  0.0    0  5.6 12 270   M    M   2        14 270
24  43  30  37  -4  28   0 0.00  0.0    0  7.2 13 220   M    M   3        16 170
================================================================================
SM 1044  697       683   0  2.41     3.2 164.1          M      171
================================================================================
AV 43.5 29.0                               6.8 FASTST   M    M   7    MAX(MPH)
                                 MISC ---->  # 39 160               # 52  150
================================================================================
NOTES:
# LAST OF SEVERAL OCCURRENCES

COLUMN 17 PEAK WIND IN M.P.H.

PRELIMINARY LOCAL CLIMATOLOGICAL DATA (WS FORM: F-6) , PAGE 2

                                          STATION:  WALLA WALLA WA
                                          MONTH:    FEBRUARY
                                          YEAR:     2017
                                          LATITUDE:   46  5 N
                                          LONGITUDE: 118 17 W

[TEMPERATURE DATA]      [PRECIPITATION DATA]       SYMBOLS USED IN COLUMN 16

AVERAGE MONTHLY: 36.3   TOTAL FOR MONTH:   2.41    1 = FOG OR MIST
DPTR FM NORMAL:  -2.5   DPTR FM NORMAL:    0.92    2 = FOG REDUCING VISIBILITY
HIGHEST:    62 ON 16    GRTST 24HR  0.57 ON 21-21      TO 1/4 MILE OR LESS
LOWEST:     17 ON  1                               3 = THUNDER
                        SNOW, ICE PELLETS, HAIL    4 = ICE PELLETS
                        TOTAL MONTH:   3.2 INCHES  5 = HAIL
                        GRTST 24HR   2.2 ON   M    6 = FREEZING RAIN OR DRIZZLE
                        GRTST DEPTH:   4 ON  1     7 = DUSTSTORM OR SANDSTORM:
                                                       VSBY 1/2 MILE OR LESS
                                                   8 = SMOKE OR HAZE
[NO. OF DAYS WITH]      [WEATHER - DAYS WITH]      9 = BLOWING SNOW
                                                   X = TORNADO
MAX 32 OR BELOW:   4    0.01 INCH OR MORE:  14
MAX 90 OR ABOVE:   0    0.10 INCH OR MORE:   8
MIN 32 OR BELOW:  16    0.50 INCH OR MORE:   2
MIN  0 OR BELOW:   0    1.00 INCH OR MORE:   0

[HDD (BASE 65) ]
TOTAL THIS MO.   683    CLEAR  (SCALE 0-3)   3
DPTR FM NORMAL    52    PTCLDY (SCALE 4-7)   9
TOTAL FM JUL 1  3929    CLOUDY (SCALE 8-10) 12
DPTR FM NORMAL   246

[CDD (BASE 65) ]
TOTAL THIS MO.     0
DPTR FM NORMAL     0    [PRESSURE DATA]
TOTAL FM JAN 1     0    HIGHEST SLP M ON M
DPTR FM NORMAL     0    LOWEST  SLP 29.22 ON  6

[REMARKS]
