000
CXUS56 KPDT 231832
CF6ALW
PRELIMINARY LOCAL CLIMATOLOGICAL DATA (WS FORM: F-6)

                                          STATION:   WALLA WALLA WA
                                          MONTH:     JANUARY
                                          YEAR:      2017
                                          LATITUDE:   46  5 N
                                          LONGITUDE: 118 17 W

  TEMPERATURE IN F:       :PCPN:    SNOW:  WIND      :SUNSHINE: SKY     :PK WND
================================================================================
1   2   3   4   5  6A  6B    7    8   9   10  11  12  13   14  15   16   17  18
                                     12Z  AVG MX 2MIN
DY MAX MIN AVG DEP HDD CDD  WTR  SNW DPTH SPD SPD DIR MIN PSBL S-S WX    SPD DR
================================================================================

 1  38  23  31  -2  34   0 0.05  1.0    1  7.2 26 230   M    M  10 12     33 220
 2  26  21  24  -9  41   0 0.03  0.5    1  5.0  9 190   M    M  10 12     20  30
 3  22  18  20 -14  45   0    T    T    1  4.4 10 190   M    M   9 18     31 210
 4  19   4  12 -22  53   0    T    T    1  6.9 15 190   M    M   7 18     17 200
 5  14   1   8 -26  57   0 0.00  0.0    1  4.2 10  90   M    M   0        11  90
 6  11   0   6 -28  59   0    T  0.2    2  3.0  9 180   M    M   1 128    10 170
 7  16   1   9 -25  56   0 0.26  2.1    4  4.5 10 180   M    M   6 128    12 160
 8  22  14  18 -16  47   0 0.19  1.0    5  6.3 15 190   M    M   8 168    27 120
 9  39  21  30  -4  35   0 0.24  1.3    6  5.9 16 250   M    M   6 126    18 250
10  32  19  26  -9  39   0 0.19  1.7    8  6.1 16 180   M    M  10 12     20 190
11  19  -1   9 -26  56   0 0.03  1.2    9  7.7 18 200   M    M   7 12     21 190
12  10  -6   2 -33  63   0    T    T    9  2.6  8  90   M    M   1 128     9  90
13   5  -5   0 -35  65   0    T    T    9  2.1  8 140   M    M   4 128     9 280
14  10  -4   3 -32  62   0    T    T    7  3.3 10  80   M    M   9 128    11  80
15  13   4   9 -27  56   0    T    M    M  4.4  9 100   M    M   8 18     10 190
16  14   2   8 -28  57   0    T    M    M  4.0 10 130   M    M   6 18     14 130
17  22   2  12 -24  53   0 0.07    M    0  3.2  9 300   M    M   6 168    11 310
18  51  22  37   1  28   0 0.15    M    M 14.5 33 150   M    M   7 16     48 150
19  51  36  44   8  21   0    T  0.0    0  4.6 25 170   M    M   5        32 160
20  48  26  37   1  28   0    T  0.0    0  5.6 14 320   M    M   9 168    18 100
21  47  29  38   2  27   0 0.01  0.0    0  4.6 20 150   M    M   8 18     25 160
22  48  31  40   4  25   0 0.03  0.0    M  8.5 22 120   M    M   5 1      27 120
================================================================================
SM  577  258      1007   0  1.25     9.0 118.6          M      142
================================================================================
AV 26.2 11.7                               5.4 FASTST   M    M   6    MAX(MPH)
                                 MISC ---->  # 33 150               # 48  150
================================================================================
NOTES:
# LAST OF SEVERAL OCCURRENCES

COLUMN 17 PEAK WIND IN M.P.H.

PRELIMINARY LOCAL CLIMATOLOGICAL DATA (WS FORM: F-6) , PAGE 2

                                          STATION:  WALLA WALLA WA
                                          MONTH:    JANUARY
                                          YEAR:     2017
                                          LATITUDE:   46  5 N
                                          LONGITUDE: 118 17 W

[TEMPERATURE DATA]      [PRECIPITATION DATA]       SYMBOLS USED IN COLUMN 16

AVERAGE MONTHLY: 19.0   TOTAL FOR MONTH:   1.25    1 = FOG OR MIST
DPTR FM NORMAL: -15.9   DPTR FM NORMAL:   -0.63    2 = FOG REDUCING VISIBILITY
HIGHEST:    51 ON 19,18 GRTST 24HR  0.43 ON  8- 9      TO 1/4 MILE OR LESS
LOWEST:     -6 ON 12                               3 = THUNDER
                        SNOW, ICE PELLETS, HAIL    4 = ICE PELLETS
                        TOTAL MONTH:   9.0 INCHES  5 = HAIL
                        GRTST 24HR   2.1 ON   M    6 = FREEZING RAIN OR DRIZZLE
                        GRTST DEPTH:   9 ON 13,12  7 = DUSTSTORM OR SANDSTORM:
                                                       VSBY 1/2 MILE OR LESS
                                                   8 = SMOKE OR HAZE
[NO. OF DAYS WITH]      [WEATHER - DAYS WITH]      9 = BLOWING SNOW
                                                   X = TORNADO
MAX 32 OR BELOW:  15    0.01 INCH OR MORE:  11
MAX 90 OR ABOVE:   0    0.10 INCH OR MORE:   5
MIN 32 OR BELOW:  21    0.50 INCH OR MORE:   0
MIN  0 OR BELOW:   5    1.00 INCH OR MORE:   0

[HDD (BASE 65) ]
TOTAL THIS MO.  1007    CLEAR  (SCALE 0-3)   3
DPTR FM NORMAL   345    PTCLDY (SCALE 4-7)  11
TOTAL FM JUL 1  2977    CLOUDY (SCALE 8-10)  8
DPTR FM NORMAL   177

[CDD (BASE 65) ]
TOTAL THIS MO.     0
DPTR FM NORMAL     0    [PRESSURE DATA]
TOTAL FM JAN 1     0    HIGHEST SLP 29.70 ON M
DPTR FM NORMAL     0    LOWEST  SLP 29.23 ON 20

[REMARKS]
