512
CXUS53 KDMX 240920
CF6AMW
PRELIMINARY LOCAL CLIMATOLOGICAL DATA (WS FORM: F-6)

                                          STATION:   AMES IA
                                          MONTH:     NOVEMBER
                                          YEAR:      2017
                                          LATITUDE:   41 59 N
                                          LONGITUDE:  93 37 W

  TEMPERATURE IN F:       :PCPN:    SNOW:  WIND      :SUNSHINE: SKY     :PK WND
================================================================================
1   2   3   4   5  6A  6B    7    8   9   10  11  12  13   14  15   16   17  18
                                     12Z  AVG MX 2MIN
DY MAX MIN AVG DEP HDD CDD  WTR  SNW DPTH SPD SPD DIR MIN PSBL S-S WX    SPD DR
================================================================================

 1  47  31  39  -5  26   0    T    M    0  9.5 21 160   M    M   9        26 140
 2  50  32  41  -3  24   0 0.00  0.0    0  9.0 23 360   M    M   1 12     28 360
 3  48  30  39  -4  26   0    T    M    0  8.4 16  90   M    M   3 1      21  80
 4  47  41  44   2  21   0 0.00  0.0    0  5.0 14 110   M    M  10 1      19 100
 5  44  26  35  -7  30   0 0.00  0.0    0 12.7 23 340   M    M   6 1      29 350
 6  41  25  33  -9  32   0 0.00  0.0    0  8.2 17  40   M    M   5 8      21  40
 7  44  21  33  -8  32   0 0.00  0.0    0  6.4 14 360   M    M   5        17 360
 8  49  19  34  -6  31   0 0.00  0.0    0  7.2 20 220   M    M   0 18     23 220
 9  41  20  31  -9  34   0 0.00  0.0    0 15.5 25 340   M    M   2        31 350
10  33  17  25 -14  40   0 0.00  0.0    0 12.7 21 140   M    M   5        28 140
11  45  33  39   0  26   0    T    M    0  7.6 16 150   M    M  10        20 160
12  47  24  36  -2  29   0 0.06    M    0  5.6 13 340   M    M   5 18     15 330
13  44  22  33  -5  32   0 0.00  0.0    0  7.1 16 180   M    M   8 12     22 210
14  51  40  46   9  19   0 0.00  0.0    0 10.3 17 160   M    M  10 1      22 170
15  53  26  40   3  25   0 0.01  0.0    0 16.1 29 320   M    M   3 1      37 330
16  33  19  26 -10  39   0 0.00  0.0    0  9.9 18 140   M    M   3 1      25 140
17  48  33  41   5  24   0    T  0.0    0 11.0 20 160   M    M  10 1      25 160
18  44  27  36   1  29   0 0.24  0.0    0 17.5 30 330   M    M   5 18     39 330
19  47  18  33  -1  32   0 0.00  0.0    0  9.7 18 230   M    M   0        24 240
20  61  31  46  12  19   0 0.00  0.0    0 12.2 31 220   M    M   0        40 210
21  45  22  34   1  31   0    T  0.0    0 19.0 32 340   M    M   2        41 330
22  37  11  24  -9  41   0 0.00  0.0    0  8.3 15 220   M    M   2 1      22 220
23  54  26  40   8  25   0 0.00  0.0    0  5.8 13 350   M    M   0        16 350
================================================================================
SM 1053  594       667   0  0.31     0.0 234.7          M      104
================================================================================
AV 45.8 25.8                              10.2 FASTST   M    M   5    MAX(MPH)
                                 MISC ---->  # 32 340               # 41  330
================================================================================
NOTES:
# LAST OF SEVERAL OCCURRENCES

COLUMN 17 PEAK WIND IN M.P.H.

PRELIMINARY LOCAL CLIMATOLOGICAL DATA (WS FORM: F-6) , PAGE 2

                                          STATION:  AMES IA
                                          MONTH:    NOVEMBER
                                          YEAR:     2017
                                          LATITUDE:   41 59 N
                                          LONGITUDE:  93 37 W

[TEMPERATURE DATA]      [PRECIPITATION DATA]       SYMBOLS USED IN COLUMN 16

AVERAGE MONTHLY: 35.8   TOTAL FOR MONTH:   0.31    1 = FOG OR MIST
DPTR FM NORMAL:  -2.4   DPTR FM NORMAL:   -1.45    2 = FOG REDUCING VISIBILITY
HIGHEST:    61 ON 20    GRTST 24HR  0.24 ON 18-18      TO 1/4 MILE OR LESS
LOWEST:     11 ON 22                               3 = THUNDER
                        SNOW, ICE PELLETS, HAIL    4 = ICE PELLETS
                        TOTAL MONTH:   0.0 INCH    5 = HAIL
                        GRTST 24HR     0.0         6 = FREEZING RAIN OR DRIZZLE
                        GRTST DEPTH:   0           7 = DUSTSTORM OR SANDSTORM:
                                                       VSBY 1/2 MILE OR LESS
                                                   8 = SMOKE OR HAZE
[NO. OF DAYS WITH]      [WEATHER - DAYS WITH]      9 = BLOWING SNOW
                                                   X = TORNADO
MAX 32 OR BELOW:   0    0.01 INCH OR MORE:   3
MAX 90 OR ABOVE:   0    0.10 INCH OR MORE:   1
MIN 32 OR BELOW:  19    0.50 INCH OR MORE:   0
MIN  0 OR BELOW:   0    1.00 INCH OR MORE:   0

[HDD (BASE 65) ]
TOTAL THIS MO.   667    CLEAR  (SCALE 0-3)   9
DPTR FM NORMAL    52    PTCLDY (SCALE 4-7)   8
TOTAL FM JUL 1  1096    CLOUDY (SCALE 8-10)  6
DPTR FM NORMAL  -115

[CDD (BASE 65) ]
TOTAL THIS MO.     0
DPTR FM NORMAL     0    [PRESSURE DATA]
TOTAL FM JAN 1   861    HIGHEST SLP M ON M
DPTR FM NORMAL   109    LOWEST  SLP 29.52 ON 18

[REMARKS]
