000
CXAK56 PAFC 231320
CF6ANC
PRELIMINARY LOCAL CLIMATOLOGICAL DATA (WS FORM: F-6)

                                          STATION:   ANCHORAGE AK
                                          MONTH:     MAY
                                          YEAR:      2016
                                          LATITUDE:   61 10 N
                                          LONGITUDE: 150  2 W

  TEMPERATURE IN F:       :PCPN:    SNOW:  WIND      :SUNSHINE: SKY     :PK WND
================================================================================
1   2   3   4   5  6A  6B    7    8   9   10  11  12  13   14  15   16   17  18
                                     12Z  AVG MX 2MIN
DY MAX MIN AVG DEP HDD CDD  WTR  SNW DPTH SPD SPD DIR MIN PSBL S-S WX    SPD DR
================================================================================

 1  49  39  44   1  21   0    T  0.0    0  6.5 14 150   M    M   9        39 160
 2  53  34  44   1  21   0    T  0.0    0  9.1 20 150   M    M   7        35 140
 3  51  42  47   3  18   0 0.00  0.0    0 12.4 18 160   M    M   8        35 160
 4  53  40  47   3  18   0 0.00  0.0    0 10.1 17 160   M    M   8        35 140
 5  48  34  41  -3  24   0    T  0.0    0  4.5  9 190   M    M   8         M  M
 6  58  42  50   5  15   0    T  0.0    0  7.1 15 160   M    M   7        33 170
 7  54  40  47   2  18   0 0.00  0.0    0  7.0 13 160   M    M   4        27 160
 8  50  38  44  -1  21   0 0.08  0.0    0  7.3 17 160   M    M   9        32 170
 9  52  42  47   1  18   0 0.09  0.0    0  7.6 14 170   M    M   9 1      21 170
10  59  38  49   3  16   0    T  0.0    0  8.1 15 150   M    M   8        33 170
11  59  46  53   7  12   0 0.01  0.0    0  7.5 17 160   M    M   8        32 160
12  65  46  56   9   9   0 0.00  0.0    0  4.7  9 250   M    M   5         M  M
13  71  42  57  10   8   0 0.00  0.0    0  5.0  9 170   M    M   3         M  M
14  71  50  61  14   4   0 0.00  0.0    0  6.7 14 160   M    M   6        30 160
15  72  51  62  14   3   0 0.00  0.0    0  8.1 16 150   M    M   5        31 150
16  64  45  55   7  10   0    T  0.0    0 14.0 24 170   M    M   6        41 150
17  58  49  54   6  11   0    T  0.0    0  9.0 17 150   M    M   7        24 160
18  54  48  51   2  14   0    T  0.0    0  4.9 13 150   M    M   9        28 150
19  61  42  52   3  13   0 0.00  0.0    0  7.5 22 160   M    M   9        35 160
20  58  47  53   4  12   0 0.06    M    0 10.0 22 140   M    M  10        38 140
21  51  44  48  -1  17   0 0.04    M    0  5.9 14 240   M    M   9 12     23 160
22  55  43  49  -1  16   0 0.01    M    0  6.7 13 190   M    M   7        31 200
================================================================================
SM 1266  942       319   0  0.29     0.0 169.7          M      161
================================================================================
AV 57.5 42.8                               7.7 FASTST   M    M   7    MAX(MPH)
                                 MISC ---->    24   M                 41    M
================================================================================
NOTES:
# LAST OF SEVERAL OCCURRENCES

COLUMN 17 PEAK WIND IN M.P.H.

PRELIMINARY LOCAL CLIMATOLOGICAL DATA (WS FORM: F-6) , PAGE 2

                                          STATION:  ANCHORAGE AK
                                          MONTH:    MAY
                                          YEAR:     2016
                                          LATITUDE:   61 10 N
                                          LONGITUDE: 150  2 W

[TEMPERATURE DATA]      [PRECIPITATION DATA]       SYMBOLS USED IN COLUMN 16

AVERAGE MONTHLY: 50.2   TOTAL FOR MONTH:   0.29    1 = FOG OR MIST
DPTR FM NORMAL:   3.7   DPTR FM NORMAL:   -0.19    2 = FOG REDUCING VISIBILITY
HIGHEST:    72 ON 15    GRTST 24HR  0.09 ON  9- 9      TO 1/4 MILE OR LESS
LOWEST:     34 ON  5, 2                            3 = THUNDER
                        SNOW, ICE PELLETS, HAIL    4 = ICE PELLETS
                        TOTAL MONTH:   0.0 INCH    5 = HAIL
                        GRTST 24HR     0.0         6 = FREEZING RAIN OR DRIZZLE
                        GRTST DEPTH:   0           7 = DUSTSTORM OR SANDSTORM:
                                                       VSBY 1/2 MILE OR LESS
                                                   8 = SMOKE OR HAZE
[NO. OF DAYS WITH]      [WEATHER - DAYS WITH]      9 = BLOWING SNOW
                                                   X = TORNADO
MAX 32 OR BELOW:   0    0.01 INCH OR MORE:   6
MAX 90 OR ABOVE:   0    0.10 INCH OR MORE:   0
MIN 32 OR BELOW:   0    0.50 INCH OR MORE:   0
MIN  0 OR BELOW:   0    1.00 INCH OR MORE:   0

[HDD (BASE 65) ]
TOTAL THIS MO.   319    CLEAR  (SCALE 0-3)   1
DPTR FM NORMAL   -89    PTCLDY (SCALE 4-7)  14
TOTAL FM JUL 1  8264    CLOUDY (SCALE 8-10)  7
DPTR FM NORMAL -1511

[CDD (BASE 65) ]
TOTAL THIS MO.     0
DPTR FM NORMAL     0    [PRESSURE DATA]
TOTAL FM JAN 1     0    HIGHEST SLP M ON M
DPTR FM NORMAL     0    LOWEST  SLP M ON M

[REMARKS]
